{"id":710,"date":"2019-01-30T10:37:20","date_gmt":"2019-01-30T09:37:20","guid":{"rendered":"http:\/\/www.ifsi-clermont60.fr\/site\/?page_id=710"},"modified":"2025-08-19T14:34:00","modified_gmt":"2025-08-19T12:34:00","slug":"apprendre-ensemble-pour-travailler-ensemble-2","status":"publish","type":"page","link":"https:\/\/www.ifsi-clermont60.fr\/site\/index.php\/apprendre-ensemble-pour-travailler-ensemble-2\/","title":{"rendered":"Apprendre ensemble pour travailler ensemble"},"content":{"rendered":"\n<p class=\"has-medium-font-size\"><strong><span class=\"has-inline-color has-luminous-vivid-orange-color\">Apprendre ensemble pour travailler ensemble<\/span><\/strong><\/p>\n\n\n\n<div class=\"wp-block-columns is-layout-flex wp-container-core-columns-is-layout-9d6595d7 wp-block-columns-is-layout-flex\">\n<div class=\"wp-block-column is-layout-flow wp-block-column-is-layout-flow\">\n<figure class=\"wp-block-image size-full\"><img fetchpriority=\"high\" decoding=\"async\" width=\"748\" height=\"562\" src=\"https:\/\/www.ifsi-clermont60.fr\/site\/wp-content\/uploads\/2022\/01\/Capture.jpg\" alt=\"\" class=\"wp-image-1716\" srcset=\"https:\/\/www.ifsi-clermont60.fr\/site\/wp-content\/uploads\/2022\/01\/Capture.jpg 748w, https:\/\/www.ifsi-clermont60.fr\/site\/wp-content\/uploads\/2022\/01\/Capture-300x225.jpg 300w\" sizes=\"(max-width: 748px) 100vw, 748px\" \/><\/figure>\n<\/div>\n\n\n\n<div class=\"wp-block-column is-layout-flow wp-block-column-is-layout-flow\">\n<blockquote class=\"wp-block-quote has-text-align-center is-style-large is-layout-flow wp-block-quote-is-layout-flow\">\n<p><\/p>\n\n\n\n<p><strong>\u00ab\u00a0Une force pour vos formations professionnelles\u00a0\u00bb<\/strong><\/p>\n<\/blockquote>\n<\/div>\n<\/div>\n\n\n\n<hr class=\"wp-block-separator has-css-opacity\"\/>\n\n\n\n<p class=\"has-vivid-cyan-blue-color has-text-color\"><strong>Le rapprochement de l&rsquo;IFSI et de l\u2019IFAS est effectif et optimal:<\/strong><\/p>\n\n\n\n<ul class=\"wp-block-list\">\n<li>Les organisations sont harmonis\u00e9es entre l&rsquo;IFSI ( ESI ) et l&rsquo;IFAS\u00a0 ( EAS)<\/li>\n\n\n\n<li>Des activit\u00e9s p\u00e9dagogiques sont effectu\u00e9es en pluriprofessionnalit\u00e9 tout au long de la formation\u00a0:\n<ul class=\"wp-block-list\">\n<li>Des cours<\/li>\n\n\n\n<li>Des  Travaux dirig\u00e9s (TD)<\/li>\n\n\n\n<li>Des Travaux Pratiques en simulation (TP)<\/li>\n\n\n\n<li>Des activit\u00e9s\u00a0<\/li>\n<\/ul>\n<\/li>\n<\/ul>\n\n\n\n<p>Et ce, \u00e0 diff\u00e9rent niveau de la formation des ESI pour une m\u00eame promotion d\u2019EAS<\/p>\n\n\n\n<hr class=\"wp-block-separator has-css-opacity\"\/>\n\n\n\n<p><strong><span class=\"has-inline-color has-vivid-cyan-blue-color\">Ce rapprochement est essentiel pour TOUS<\/span><\/strong><\/p>\n\n\n\n<p>Nos objectifs sont de vous faire apprendre ensemble et travailler ensemble pour vous faire d\u00e9couvrir &nbsp;:<\/p>\n\n\n\n<ul class=\"wp-block-list\">\n<li>Le travail en \u00e9quipe IDE et AS en d\u00e9veloppant la solidarit\u00e9,<\/li>\n\n\n\n<li>Que la collaboration est possible et souhaitable,<\/li>\n\n\n\n<li>Les responsabilit\u00e9s de chacun selon les lieux d\u2019exercice professionnel,<\/li>\n\n\n\n<li>La participation essentielle de chacun au raisonnement clinique partag\u00e9<\/li>\n<\/ul>\n\n\n\n<div class=\"wp-block-group\"><div class=\"wp-block-group__inner-container is-layout-flow wp-block-group-is-layout-flow\">\n<div class=\"wp-block-group\"><div class=\"wp-block-group__inner-container is-layout-flow wp-block-group-is-layout-flow\">\n<p class=\"has-text-align-center\"><strong>Autant de comp\u00e9tences \u00e0 d\u00e9velopper au quotidien et encore plus dans le cadre de l&rsquo;urgence (FGSU niveau 2).<\/strong><\/p>\n<\/div><\/div>\n<\/div><\/div>\n\n\n\n<hr class=\"wp-block-separator has-css-opacity\"\/>\n\n\n\n<figure class=\"wp-block-table is-style-stripes\"><table class=\"has-fixed-layout\"><tbody><tr><td><strong>Le travail en \u00e9quipe IDE et AS est source<\/strong>:<br><br><li>De la qualit\u00e9 et de la s\u00e9curit\u00e9 de la prise en charge des personnes soign\u00e9es ou accompagn\u00e9es ce qui r\u00e9duit les incidents graves associ\u00e9s aux soins (IAS)<\/li><br><li>De bien\u00eatre au travail et de l\u2019\u00e9panouissement professionnel pour chacun<\/li><\/td><\/tr><\/tbody><\/table><\/figure>\n\n\n\n<figure class=\"wp-block-pullquote is-style-default\"><blockquote><p><strong><span class=\"has-inline-color has-vivid-cyan-blue-color\"><em>\u00ab Le travail en \u00e9quipe efficace est une barri\u00e8re de s\u00e9curit\u00e9 et un facteur de qualit\u00e9 de la prise en charge<\/em> \u00bb &nbsp;<\/span><\/strong><\/p><cite>Selon la Haute autorit\u00e9 de sant\u00e9 (HAS)<\/cite><\/blockquote><\/figure>\n","protected":false},"excerpt":{"rendered":"<p>Apprendre ensemble pour travailler ensemble \u00ab\u00a0Une force pour vos formations professionnelles\u00a0\u00bb Le rapprochement de l&rsquo;IFSI et de l\u2019IFAS est effectif et optimal: Et ce, \u00e0 diff\u00e9rent niveau de la formation&hellip;<\/p>\n","protected":false},"author":1,"featured_media":0,"parent":0,"menu_order":0,"comment_status":"closed","ping_status":"closed","template":"","meta":{"footnotes":""},"class_list":["post-710","page","type-page","status-publish","hentry"],"jetpack_sharing_enabled":true,"_links":{"self":[{"href":"https:\/\/www.ifsi-clermont60.fr\/site\/index.php\/wp-json\/wp\/v2\/pages\/710","targetHints":{"allow":["GET"]}}],"collection":[{"href":"https:\/\/www.ifsi-clermont60.fr\/site\/index.php\/wp-json\/wp\/v2\/pages"}],"about":[{"href":"https:\/\/www.ifsi-clermont60.fr\/site\/index.php\/wp-json\/wp\/v2\/types\/page"}],"author":[{"embeddable":true,"href":"https:\/\/www.ifsi-clermont60.fr\/site\/index.php\/wp-json\/wp\/v2\/users\/1"}],"replies":[{"embeddable":true,"href":"https:\/\/www.ifsi-clermont60.fr\/site\/index.php\/wp-json\/wp\/v2\/comments?post=710"}],"version-history":[{"count":15,"href":"https:\/\/www.ifsi-clermont60.fr\/site\/index.php\/wp-json\/wp\/v2\/pages\/710\/revisions"}],"predecessor-version":[{"id":5488,"href":"https:\/\/www.ifsi-clermont60.fr\/site\/index.php\/wp-json\/wp\/v2\/pages\/710\/revisions\/5488"}],"wp:attachment":[{"href":"https:\/\/www.ifsi-clermont60.fr\/site\/index.php\/wp-json\/wp\/v2\/media?parent=710"}],"curies":[{"name":"wp","href":"https:\/\/api.w.org\/{rel}","templated":true}]}}

<p class="has-medium-font-size"><strong><span class="has-inline-color has-luminous-vivid-orange-color">Apprendre ensemble pour travailler ensemble</span></strong></p>



<div class="wp-block-columns is-layout-flex wp-container-core-columns-is-layout-9d6595d7 wp-block-columns-is-layout-flex">
<div class="wp-block-column is-layout-flow wp-block-column-is-layout-flow">
<figure class="wp-block-image size-full"><img fetchpriority="high" decoding="async" width="748" height="562" src="https://www.ifsi-clermont60.fr/site/wp-content/uploads/2022/01/Capture.jpg" alt="" class="wp-image-1716" srcset="https://www.ifsi-clermont60.fr/site/wp-content/uploads/2022/01/Capture.jpg 748w, https://www.ifsi-clermont60.fr/site/wp-content/uploads/2022/01/Capture-300x225.jpg 300w" sizes="(max-width: 748px) 100vw, 748px" /></figure>
</div>



<div class="wp-block-column is-layout-flow wp-block-column-is-layout-flow">
<blockquote class="wp-block-quote has-text-align-center is-style-large is-layout-flow wp-block-quote-is-layout-flow">
<p></p>



<p><strong>« Une force pour vos formations professionnelles »</strong></p>
</blockquote>
</div>
</div>



<hr class="wp-block-separator has-css-opacity"/>



<p class="has-vivid-cyan-blue-color has-text-color"><strong>Le rapprochement de l&rsquo;IFSI et de l’IFAS est effectif et optimal:</strong></p>



<ul class="wp-block-list">
<li>Les organisations sont harmonisées entre l&rsquo;IFSI ( ESI ) et l&rsquo;IFAS  ( EAS)</li>



<li>Des activités pédagogiques sont effectuées en pluriprofessionnalité tout au long de la formation :
<ul class="wp-block-list">
<li>Des cours</li>



<li>Des  Travaux dirigés (TD)</li>



<li>Des Travaux Pratiques en simulation (TP)</li>



<li>Des activités </li>
</ul>
</li>
</ul>



<p>Et ce, à différent niveau de la formation des ESI pour une même promotion d’EAS</p>



<hr class="wp-block-separator has-css-opacity"/>



<p><strong><span class="has-inline-color has-vivid-cyan-blue-color">Ce rapprochement est essentiel pour TOUS</span></strong></p>



<p>Nos objectifs sont de vous faire apprendre ensemble et travailler ensemble pour vous faire découvrir &nbsp;:</p>



<ul class="wp-block-list">
<li>Le travail en équipe IDE et AS en développant la solidarité,</li>



<li>Que la collaboration est possible et souhaitable,</li>



<li>Les responsabilités de chacun selon les lieux d’exercice professionnel,</li>



<li>La participation essentielle de chacun au raisonnement clinique partagé</li>
</ul>



<div class="wp-block-group"><div class="wp-block-group__inner-container is-layout-flow wp-block-group-is-layout-flow">
<div class="wp-block-group"><div class="wp-block-group__inner-container is-layout-flow wp-block-group-is-layout-flow">
<p class="has-text-align-center"><strong>Autant de compétences à développer au quotidien et encore plus dans le cadre de l&rsquo;urgence (FGSU niveau 2).</strong></p>
</div></div>
</div></div>



<hr class="wp-block-separator has-css-opacity"/>



<figure class="wp-block-table is-style-stripes"><table class="has-fixed-layout"><tbody><tr><td><strong>Le travail en équipe IDE et AS est source</strong>:<br><br><li>De la qualité et de la sécurité de la prise en charge des personnes soignées ou accompagnées ce qui réduit les incidents graves associés aux soins (IAS)</li><br><li>De bienêtre au travail et de l’épanouissement professionnel pour chacun</li></td></tr></tbody></table></figure>



<figure class="wp-block-pullquote is-style-default"><blockquote><p><strong><span class="has-inline-color has-vivid-cyan-blue-color"><em>« Le travail en équipe efficace est une barrière de sécurité et un facteur de qualité de la prise en charge</em> » &nbsp;</span></strong></p><cite>Selon la Haute autorité de santé (HAS)</cite></blockquote></figure>

<p>Apprendre ensemble pour travailler ensemble « Une force pour vos formations professionnelles » Le rapprochement de l&rsquo;IFSI et de l’IFAS est effectif et optimal: Et ce, à différent niveau de la formation&hellip;</p>
