{"id":6450,"date":"2026-02-09T16:14:46","date_gmt":"2026-02-09T15:14:46","guid":{"rendered":"https:\/\/www.ifsi-clermont60.fr\/site\/?page_id=6450"},"modified":"2026-02-09T16:22:01","modified_gmt":"2026-02-09T15:22:01","slug":"actualisation-des-competences-des-aides-soignants-diplomes-avant-la-reingenierie-du-diplome-detat-de-2021","status":"publish","type":"page","link":"https:\/\/www.ifsi-clermont60.fr\/site\/index.php\/actualisation-des-competences-des-aides-soignants-diplomes-avant-la-reingenierie-du-diplome-detat-de-2021\/","title":{"rendered":"Actualisation des comp\u00e9tences des aides \u2013soignants dipl\u00f4m\u00e9s avant la r\u00e9ing\u00e9nierie du dipl\u00f4me d\u2019\u00e9tat de 2021"},"content":{"rendered":"\n<p>Nous proposons une formation* d\u00e9di\u00e9e aux aides-soignants dipl\u00f4m\u00e9s avant la r\u00e9forme du Dipl\u00f4me d\u2019\u00c9tat de 2021. Elle permet de mettre \u00e0 jour les comp\u00e9tences professionnelles, d\u2019int\u00e9grer les \u00e9volutions du m\u00e9tier et de renforcer les pratiques en coh\u00e9rence avec les r\u00e9f\u00e9rentiels actuels.<\/p>\n\n\n\n<div class=\"wp-block-buttons is-content-justification-center is-layout-flex wp-container-core-buttons-is-layout-16018d1d wp-block-buttons-is-layout-flex\">\n<div class=\"wp-block-button\"><a class=\"wp-block-button__link wp-element-button\" href=\"https:\/\/www.ifsi-clermont60.fr\/site\/wp-content\/uploads\/2026\/02\/depliant-de-la-formation-actualisation-AS.pdf\" style=\"border-top-left-radius:0px;border-top-right-radius:0px;border-bottom-left-radius:0px;border-bottom-right-radius:0px\" target=\"_blank\" rel=\"noreferrer noopener\">Brochure de la formation<\/a><\/div>\n\n\n\n<div class=\"wp-block-button\"><a class=\"wp-block-button__link wp-element-button\" href=\"https:\/\/www.legifrance.gouv.fr\/jorf\/id\/JORFTEXT000051270857\" style=\"border-top-left-radius:0px;border-top-right-radius:0px;border-bottom-left-radius:0px;border-bottom-right-radius:0px\" target=\"_blank\" rel=\"noreferrer noopener\">Arr\u00eat\u00e9 du 26 f\u00e9vrier 2025<\/a><\/div>\n<\/div>\n\n\n\n<p>*Formation certifiante \u00a0avec attestation de formation permettant de valider les comp\u00e9tences aide-soignant selon l\u2019arr\u00eat\u00e9 du juin 2021<\/p>\n","protected":false},"excerpt":{"rendered":"<p>Nous proposons une formation* d\u00e9di\u00e9e aux aides-soignants dipl\u00f4m\u00e9s avant la r\u00e9forme du Dipl\u00f4me d\u2019\u00c9tat de 2021. Elle permet de mettre \u00e0 jour les comp\u00e9tences professionnelles, d\u2019int\u00e9grer les \u00e9volutions du m\u00e9tier&hellip;<\/p>\n","protected":false},"author":2,"featured_media":0,"parent":0,"menu_order":0,"comment_status":"closed","ping_status":"closed","template":"","meta":{"footnotes":""},"class_list":["post-6450","page","type-page","status-publish","hentry"],"jetpack_sharing_enabled":true,"_links":{"self":[{"href":"https:\/\/www.ifsi-clermont60.fr\/site\/index.php\/wp-json\/wp\/v2\/pages\/6450","targetHints":{"allow":["GET"]}}],"collection":[{"href":"https:\/\/www.ifsi-clermont60.fr\/site\/index.php\/wp-json\/wp\/v2\/pages"}],"about":[{"href":"https:\/\/www.ifsi-clermont60.fr\/site\/index.php\/wp-json\/wp\/v2\/types\/page"}],"author":[{"embeddable":true,"href":"https:\/\/www.ifsi-clermont60.fr\/site\/index.php\/wp-json\/wp\/v2\/users\/2"}],"replies":[{"embeddable":true,"href":"https:\/\/www.ifsi-clermont60.fr\/site\/index.php\/wp-json\/wp\/v2\/comments?post=6450"}],"version-history":[{"count":3,"href":"https:\/\/www.ifsi-clermont60.fr\/site\/index.php\/wp-json\/wp\/v2\/pages\/6450\/revisions"}],"predecessor-version":[{"id":6459,"href":"https:\/\/www.ifsi-clermont60.fr\/site\/index.php\/wp-json\/wp\/v2\/pages\/6450\/revisions\/6459"}],"wp:attachment":[{"href":"https:\/\/www.ifsi-clermont60.fr\/site\/index.php\/wp-json\/wp\/v2\/media?parent=6450"}],"curies":[{"name":"wp","href":"https:\/\/api.w.org\/{rel}","templated":true}]}}