{"id":6396,"date":"2026-02-04T13:47:30","date_gmt":"2026-02-04T12:47:30","guid":{"rendered":"https:\/\/www.ifsi-clermont60.fr\/site\/?page_id=6396"},"modified":"2026-02-09T16:16:33","modified_gmt":"2026-02-09T15:16:33","slug":"via-la-passerelle-aide-soignant-2eme-annee","status":"publish","type":"page","link":"https:\/\/www.ifsi-clermont60.fr\/site\/index.php\/via-la-passerelle-aide-soignant-2eme-annee\/","title":{"rendered":"Via Formation: Parcours sp\u00e9cifique pour Aides-soignants exp\u00e9riment\u00e9s souhaitant int\u00e9grer la L2 de la formation en soins infirmiers"},"content":{"rendered":"\n<p class=\"has-drop-cap\">Un parcours passerelle est accessible et destin\u00e9 aux aides-soignants ayant 3 ans d\u2019exp\u00e9rience et souhaitant devenir infirmiers. Objectif : permettre la reconnaissance de l&rsquo;exp\u00e9rience aide-soignante et sa compl\u00e9mentarit\u00e9 avec les comp\u00e9tences infirmi\u00e8res.<\/p>\n\n\n\n<p><\/p>\n\n\n\n<p><strong>PR\u00c9-REQUIS obligatoire avant l&rsquo;entr\u00e9e en 2\u00e8me ann\u00e9e de formation infirmi\u00e8re :<\/strong><br>\u25baSe porter volontaire et \u00eatre retenu(e) par son employeur<br>\u25baDisposer d\u2019une exp\u00e9rience professionnelle en qualit\u00e9 d\u2019aide-soignant d\u2019au moins 3 ans \u00e0 temps plein sur la p\u00e9riode des 5 derni\u00e8res ann\u00e9es \u00e0 la date de la s\u00e9lection<br>\u25ba \u00catre admis en IFSI apr\u00e8s passage des \u00e9preuves de s\u00e9lection r\u00e9serv\u00e9es aux candidats relevant de la formation professionnelle continue (<a href=\"https:\/\/www.ifsi-clermont60.fr\/site\/index.php\/selection-formation-professionnelle-continue-fpc\/\">voir modalit\u00e9s<\/a>)<br>\u25baR\u00e9aliser et valider un parcours sp\u00e9cifique de 3 mois (420h) compos\u00e9 de 245 heures de formation th\u00e9orique et de 175 heures de stage<br>\u25baDisposer d\u2019une Attestation de Formation aux Gestes d\u2019Urgence de niveau 2  (AFGSU) en cours de validit\u00e9<\/p>\n\n\n\n<p><strong>Objectifs g\u00e9n\u00e9raux de la formation:<\/strong><br>En r\u00e9f\u00e9rence avec l\u2019<a href=\"https:\/\/www.ifsi-clermont60.fr\/site\/wp-content\/uploads\/2026\/02\/Arrete-du-3-juillet-2023-integration-des-AS-en-2eme-annee.pdf\" target=\"_blank\" rel=\"noreferrer noopener\">arr\u00eat\u00e9 du 3 juillet 2023<\/a> modifiant l\u2019arr\u00eat\u00e9 du 31 juillet 2009 relatif au dipl\u00f4me d\u2019\u00c9tat d\u2019infirmier et l&rsquo;<a href=\"https:\/\/www.ifsi-clermont60.fr\/site\/wp-content\/uploads\/2026\/02\/ANNEXE-VIII-arrete-du-3-juillet-2023.pdf\" target=\"_blank\" rel=\"noreferrer noopener\">annexe VIII<\/a>.<br>\u25baAssimiler les enseignements incontournables de la 1\u00e8re ann\u00e9e de formation en soins infirmiers<br>\u25baConsolider les connaissances et les comp\u00e9tences li\u00e9es aux sciences infirmi\u00e8res et techniques infirmi\u00e8res acquises lors du parcours professionnel et personnel afin d\u2019int\u00e9grer avec succ\u00e8s la 2\u00e8me ann\u00e9e de formation en soins infirmiers<br>\u25baD\u00e9velopper une m\u00e9thode de travail sp\u00e9cifique au rythme d\u2019une formation universitaris\u00e9e de niveau licence<br>\u25baAborder sereinement le dispositif gr\u00e2ce \u00e0 un accompagnement et un suivi r\u00e9gulier<\/p>\n\n\n\n<p>Pour tout compl\u00e9ment d&rsquo;information concernant le contenu du parcours sp\u00e9cifiques, les modalit\u00e9s d&rsquo;inscription et toutes autres demandes, vous pouvez consulter la \u00ab\u00a0brochure \/ contact\u00a0\u00bb ci dessous ainsi que \u00ab\u00a0l&rsquo;affiche Passerelle\u00a0\u00bb.<\/p>\n\n\n\n<div class=\"wp-block-buttons is-content-justification-center is-layout-flex wp-container-core-buttons-is-layout-16018d1d wp-block-buttons-is-layout-flex\">\n<div class=\"wp-block-button has-custom-width wp-block-button__width-50\"><a class=\"wp-block-button__link wp-element-button\" href=\"https:\/\/www.ifsi-clermont60.fr\/site\/wp-content\/uploads\/2026\/02\/Affiche-Formation-Passerelle-ASL2.pdf\" style=\"border-top-left-radius:0px;border-top-right-radius:0px;border-bottom-left-radius:0px;border-bottom-right-radius:0px\" target=\"_blank\" rel=\"noreferrer noopener\">Affiche Passerelle<\/a><\/div>\n\n\n\n<div class=\"wp-block-button has-custom-width wp-block-button__width-50\"><a class=\"wp-block-button__link wp-element-button\" href=\"https:\/\/www.ifsi-clermont60.fr\/site\/wp-content\/uploads\/2026\/02\/Flyer-Formation-Passerelle-AS-L2_100dpi_75.pdf\" style=\"border-top-left-radius:0px;border-top-right-radius:0px;border-bottom-left-radius:0px;border-bottom-right-radius:0px\" target=\"_blank\" rel=\"noreferrer noopener\">Brochure \/ Contact<\/a><\/div>\n<\/div>\n","protected":false},"excerpt":{"rendered":"<p>Un parcours passerelle est accessible et destin\u00e9 aux aides-soignants ayant 3 ans d\u2019exp\u00e9rience et souhaitant devenir infirmiers. Objectif : permettre la reconnaissance de l&rsquo;exp\u00e9rience aide-soignante et sa compl\u00e9mentarit\u00e9 avec les&hellip;<\/p>\n","protected":false},"author":2,"featured_media":0,"parent":0,"menu_order":0,"comment_status":"closed","ping_status":"closed","template":"","meta":{"footnotes":""},"class_list":["post-6396","page","type-page","status-publish","hentry"],"jetpack_sharing_enabled":true,"_links":{"self":[{"href":"https:\/\/www.ifsi-clermont60.fr\/site\/index.php\/wp-json\/wp\/v2\/pages\/6396","targetHints":{"allow":["GET"]}}],"collection":[{"href":"https:\/\/www.ifsi-clermont60.fr\/site\/index.php\/wp-json\/wp\/v2\/pages"}],"about":[{"href":"https:\/\/www.ifsi-clermont60.fr\/site\/index.php\/wp-json\/wp\/v2\/types\/page"}],"author":[{"embeddable":true,"href":"https:\/\/www.ifsi-clermont60.fr\/site\/index.php\/wp-json\/wp\/v2\/users\/2"}],"replies":[{"embeddable":true,"href":"https:\/\/www.ifsi-clermont60.fr\/site\/index.php\/wp-json\/wp\/v2\/comments?post=6396"}],"version-history":[{"count":5,"href":"https:\/\/www.ifsi-clermont60.fr\/site\/index.php\/wp-json\/wp\/v2\/pages\/6396\/revisions"}],"predecessor-version":[{"id":6455,"href":"https:\/\/www.ifsi-clermont60.fr\/site\/index.php\/wp-json\/wp\/v2\/pages\/6396\/revisions\/6455"}],"wp:attachment":[{"href":"https:\/\/www.ifsi-clermont60.fr\/site\/index.php\/wp-json\/wp\/v2\/media?parent=6396"}],"curies":[{"name":"wp","href":"https:\/\/api.w.org\/{rel}","templated":true}]}}