{"id":6200,"date":"2025-11-04T15:23:50","date_gmt":"2025-11-04T14:23:50","guid":{"rendered":"https:\/\/www.ifsi-clermont60.fr\/site\/?page_id=6200"},"modified":"2025-11-04T15:23:51","modified_gmt":"2025-11-04T14:23:51","slug":"plan-du-site","status":"publish","type":"page","link":"https:\/\/www.ifsi-clermont60.fr\/site\/index.php\/plan-du-site\/","title":{"rendered":"Plan du site"},"content":{"rendered":"<ul class=\"wp-block-page-list\"><li class=\"wp-block-pages-list__item\"><a class=\"wp-block-pages-list__item__link\" href=\"https:\/\/www.ifsi-clermont60.fr\/site\/index.php\/accessibilite-etudiants-eleves-en-situation-de-handicap\/\">Accessibilit\u00e9 &amp; Accompagnement<\/a><\/li><li class=\"wp-block-pages-list__item menu-item-home\"><a class=\"wp-block-pages-list__item__link\" href=\"https:\/\/www.ifsi-clermont60.fr\/site\/\">Accueil<\/a><\/li><li class=\"wp-block-pages-list__item\"><a class=\"wp-block-pages-list__item__link\" href=\"https:\/\/www.ifsi-clermont60.fr\/site\/index.php\/action-bientraitance\/\">Action &#8211; Bientraitance &#8211; 2017<\/a><\/li><li class=\"wp-block-pages-list__item\"><a class=\"wp-block-pages-list__item__link\" href=\"https:\/\/www.ifsi-clermont60.fr\/site\/index.php\/action-journee-mondiale-du-diabete\/\">Action &#8211; Journ\u00e9e mondiale du diab\u00e8te &#8211; 2017<\/a><\/li><li class=\"wp-block-pages-list__item\"><a class=\"wp-block-pages-list__item__link\" href=\"https:\/\/www.ifsi-clermont60.fr\/site\/index.php\/action-journee-nutrition\/\">Action &#8211; Journ\u00e9e nutrition &#8211; 2017<\/a><\/li><li class=\"wp-block-pages-list__item\"><a class=\"wp-block-pages-list__item__link\" href=\"https:\/\/www.ifsi-clermont60.fr\/site\/index.php\/octobre-rose\/\">Action &#8211; Octobre rose &#8211; 2017<\/a><\/li><li class=\"wp-block-pages-list__item\"><a class=\"wp-block-pages-list__item__link\" href=\"https:\/\/www.ifsi-clermont60.fr\/site\/index.php\/actualisation-des-competences-des-aides-soignants-diplomes-avant-la-reingenierie-du-diplome-detat-de-2021\/\">Actualisation des comp\u00e9tences des aides \u2013soignants dipl\u00f4m\u00e9s avant la r\u00e9ing\u00e9nierie du dipl\u00f4me d\u2019\u00e9tat de 2021<\/a><\/li><li class=\"wp-block-pages-list__item\"><a class=\"wp-block-pages-list__item__link\" href=\"https:\/\/www.ifsi-clermont60.fr\/site\/index.php\/blog\/\">Actualit\u00e9s<\/a><\/li><li class=\"wp-block-pages-list__item\"><a class=\"wp-block-pages-list__item__link\" href=\"https:\/\/www.ifsi-clermont60.fr\/site\/index.php\/aide-a-la-reussite\/\">Aide \u00e0 la r\u00e9ussite<\/a><\/li><li class=\"wp-block-pages-list__item\"><a class=\"wp-block-pages-list__item__link\" href=\"https:\/\/www.ifsi-clermont60.fr\/site\/index.php\/aides-lutte-contre-la-precarite\/\">Aides \/ Lutte contre la pr\u00e9carit\u00e9<\/a><\/li><li class=\"wp-block-pages-list__item\"><a class=\"wp-block-pages-list__item__link\" href=\"https:\/\/www.ifsi-clermont60.fr\/site\/index.php\/aides-financieres-et-soutien\/\">Aides \/ Soutien<\/a><\/li><li class=\"wp-block-pages-list__item\"><a class=\"wp-block-pages-list__item__link\" href=\"https:\/\/www.ifsi-clermont60.fr\/site\/index.php\/aides-financieres\/\">Aides financi\u00e8res<\/a><\/li><li class=\"wp-block-pages-list__item\"><a class=\"wp-block-pages-list__item__link\" href=\"https:\/\/www.ifsi-clermont60.fr\/site\/index.php\/formation-ide-aides-financieres\/\">Aides financi\u00e8res<\/a><\/li><li class=\"wp-block-pages-list__item\"><a class=\"wp-block-pages-list__item__link\" href=\"https:\/\/www.ifsi-clermont60.fr\/site\/index.php\/ameliorer-lencadrement-des-etudiants-en-soinsinfirmiers-et-des-eleves-aides-soignants\/\">Am\u00e9liorer l\u2019encadrement des \u00e9tudiants en soins infirmiers et des \u00e9l\u00e8ves aides-soignants<\/a><\/li><li class=\"wp-block-pages-list__item\"><a class=\"wp-block-pages-list__item__link\" href=\"https:\/\/www.ifsi-clermont60.fr\/site\/index.php\/apprendre-ensemble-pour-travailler-ensemble-2\/\">Apprendre ensemble pour travailler ensemble<\/a><\/li><li class=\"wp-block-pages-list__item\"><a class=\"wp-block-pages-list__item__link\" href=\"https:\/\/www.ifsi-clermont60.fr\/site\/index.php\/bilan-etudiants-eleves-en-situation-de-handicap\/\">Bilan \u00c9tudiants\/\u00e9l\u00e8ves en situation de handicap<\/a><\/li><li class=\"wp-block-pages-list__item\"><a class=\"wp-block-pages-list__item__link\" href=\"https:\/\/www.ifsi-clermont60.fr\/site\/index.php\/catalogue\/\">Catalogue<\/a><\/li><li class=\"wp-block-pages-list__item\"><a class=\"wp-block-pages-list__item__link\" href=\"https:\/\/www.ifsi-clermont60.fr\/site\/index.php\/ce-que-disent-les-etudiants-et-eleves\/\">Ce que disent les \u00e9tudiants et \u00e9l\u00e8ves<\/a><\/li><li class=\"wp-block-pages-list__item\"><a class=\"wp-block-pages-list__item__link\" href=\"https:\/\/www.ifsi-clermont60.fr\/site\/index.php\/centre-de-ressources-pedagogiques\/\">Centre de Documentation<\/a><\/li><li class=\"wp-block-pages-list__item\"><a class=\"wp-block-pages-list__item__link\" href=\"https:\/\/www.ifsi-clermont60.fr\/site\/index.php\/centre-de-ressources-pedagogiques-2\/\">Centre de Ressources P\u00e9dagogiques<\/a><\/li><li class=\"wp-block-pages-list__item\"><a class=\"wp-block-pages-list__item__link\" href=\"https:\/\/www.ifsi-clermont60.fr\/site\/index.php\/certification-professionnelle-et-obtention-du-diplome\/\">Certification<\/a><\/li><li class=\"wp-block-pages-list__item\"><a class=\"wp-block-pages-list__item__link\" href=\"https:\/\/www.ifsi-clermont60.fr\/site\/index.php\/comment-verser-la-taxe-dapprentissage-a-linstitut\/\">Comment verser la taxe d&rsquo;apprentissage \u00e0 l&rsquo;institut<\/a><\/li><li class=\"wp-block-pages-list__item\"><a class=\"wp-block-pages-list__item__link\" href=\"https:\/\/www.ifsi-clermont60.fr\/site\/index.php\/conditions-generales-de-vente\/\">Conditions g\u00e9n\u00e9rales de vente<\/a><\/li><li class=\"wp-block-pages-list__item\"><a class=\"wp-block-pages-list__item__link\" href=\"https:\/\/www.ifsi-clermont60.fr\/site\/index.php\/contact-cfa-inscription\/\">Contact CFA &amp; Pr\u00e9-inscription<\/a><\/li><li class=\"wp-block-pages-list__item\"><a class=\"wp-block-pages-list__item__link\" href=\"https:\/\/www.ifsi-clermont60.fr\/site\/index.php\/contacts-et-informations-pratiques-handicap\/\">Contact r\u00e9f\u00e9rent handicap et informations pratiques<\/a><\/li><li class=\"wp-block-pages-list__item\"><a class=\"wp-block-pages-list__item__link\" href=\"https:\/\/www.ifsi-clermont60.fr\/site\/index.php\/contacts-et-plans-dacces\/\">Contacts et plans d&rsquo;acc\u00e8s<\/a><\/li><li class=\"wp-block-pages-list__item\"><a class=\"wp-block-pages-list__item__link\" href=\"https:\/\/www.ifsi-clermont60.fr\/site\/index.php\/cordee-de-la-reussite\/\">Cord\u00e9e de la R\u00e9ussite<\/a><\/li><li class=\"wp-block-pages-list__item\"><a class=\"wp-block-pages-list__item__link\" href=\"https:\/\/www.ifsi-clermont60.fr\/site\/index.php\/demarche-qualite-certification\/\">D\u00e9marche qualit\u00e9 &amp; Certification Qualiopi<\/a><\/li><li class=\"wp-block-pages-list__item\"><a class=\"wp-block-pages-list__item__link\" href=\"https:\/\/www.ifsi-clermont60.fr\/site\/index.php\/recherche-innovation-et-developpement-du-numerique-pedagogique\/\">D\u00e9veloppement du num\u00e9rique p\u00e9dagogique \u00ab\u00a0TICE\u00a0\u00bb<\/a><\/li><li class=\"wp-block-pages-list__item\"><a class=\"wp-block-pages-list__item__link\" href=\"https:\/\/www.ifsi-clermont60.fr\/site\/index.php\/devenir-aide-soignant\/\">Devenir Aide-soignant(e)<\/a><\/li><li class=\"wp-block-pages-list__item\"><a class=\"wp-block-pages-list__item__link\" href=\"https:\/\/www.ifsi-clermont60.fr\/site\/index.php\/devenir-apprentie\/\">Devenir Apprenti(e)<\/a><\/li><li class=\"wp-block-pages-list__item\"><a class=\"wp-block-pages-list__item__link\" href=\"https:\/\/www.ifsi-clermont60.fr\/site\/index.php\/devenir-apprenti-infirmiere\/\">DEVENIR APPRENTI(E) &#8211;  INFIRMIER(E)<\/a><\/li><li class=\"wp-block-pages-list__item\"><a class=\"wp-block-pages-list__item__link\" href=\"https:\/\/www.ifsi-clermont60.fr\/site\/index.php\/apprentissage\/\">DEVENIR APPRENTI(E) &#8211; AIDE-SOIGNANT(E)<\/a><\/li><li class=\"wp-block-pages-list__item\"><a class=\"wp-block-pages-list__item__link\" href=\"https:\/\/www.ifsi-clermont60.fr\/site\/index.php\/devenir-infirmier\/\">Devenir Infirmier(e)<\/a><\/li><li class=\"wp-block-pages-list__item\"><a class=\"wp-block-pages-list__item__link\" href=\"https:\/\/www.ifsi-clermont60.fr\/site\/index.php\/documents-institutionnels\/\">Documents institutionnels<\/a><\/li><li class=\"wp-block-pages-list__item\"><a class=\"wp-block-pages-list__item__link\" href=\"https:\/\/www.ifsi-clermont60.fr\/site\/index.php\/informations-pratiques-handicap\/\">Dys&rsquo;positifs &amp; Situation de handicap<\/a><\/li><li class=\"wp-block-pages-list__item\"><a class=\"wp-block-pages-list__item__link\" href=\"https:\/\/www.ifsi-clermont60.fr\/site\/index.php\/salle-informatique\/\">Espace informatique<\/a><\/li><li class=\"wp-block-pages-list__item\"><a class=\"wp-block-pages-list__item__link\" href=\"https:\/\/www.ifsi-clermont60.fr\/site\/index.php\/financement\/\">Financement\/Aides financi\u00e8res<\/a><\/li><li class=\"wp-block-pages-list__item\"><a class=\"wp-block-pages-list__item__link\" href=\"https:\/\/www.ifsi-clermont60.fr\/site\/index.php\/la-formation\/\">Formation &#8211; DE Infirmier<\/a><\/li><li class=\"wp-block-pages-list__item\"><a class=\"wp-block-pages-list__item__link\" href=\"https:\/\/www.ifsi-clermont60.fr\/site\/index.php\/la-formation-aide-soignante\/\">Formation Aide-Soignant(e) RNCP40692<\/a><\/li><li class=\"wp-block-pages-list__item\"><a class=\"wp-block-pages-list__item__link\" href=\"https:\/\/www.ifsi-clermont60.fr\/site\/index.php\/formation-continue-2\/\">Formation continue<\/a><\/li><li class=\"wp-block-pages-list__item\"><a class=\"wp-block-pages-list__item__link\" href=\"https:\/\/www.ifsi-clermont60.fr\/site\/index.php\/formation-as\/\">Formation DE &#8211; Aide-Soignant<\/a><\/li><li class=\"wp-block-pages-list__item\"><a class=\"wp-block-pages-list__item__link\" href=\"https:\/\/www.ifsi-clermont60.fr\/site\/index.php\/formation-alternance\/\">Formation en alternance<\/a><\/li><li class=\"wp-block-pages-list__item\"><a class=\"wp-block-pages-list__item__link\" href=\"https:\/\/www.ifsi-clermont60.fr\/site\/index.php\/la-formation-infirmiere\/\">Formation Infirmier(e) RNCP39923<\/a><\/li><li class=\"wp-block-pages-list__item\"><a class=\"wp-block-pages-list__item__link\" href=\"https:\/\/www.ifsi-clermont60.fr\/site\/index.php\/formation-pssm\/\">Formation PSSM<\/a><\/li><li class=\"wp-block-pages-list__item\"><a class=\"wp-block-pages-list__item__link\" href=\"https:\/\/www.ifsi-clermont60.fr\/site\/index.php\/gouvernance-et-instances\/\">Gouvernance et instances<\/a><\/li><li class=\"wp-block-pages-list__item\"><a class=\"wp-block-pages-list__item__link\" href=\"https:\/\/www.ifsi-clermont60.fr\/site\/index.php\/grace-a-vos-dons\/\">Gr\u00e2ce \u00e0 vos dons !<\/a><\/li><li class=\"wp-block-pages-list__item\"><a class=\"wp-block-pages-list__item__link\" href=\"https:\/\/www.ifsi-clermont60.fr\/site\/index.php\/guide-pratique-et-reglement-interieur-de-linstitut\/\">Guide pratique et R\u00e8glement Int\u00e9rieur<\/a><\/li><li class=\"wp-block-pages-list__item\"><a class=\"wp-block-pages-list__item__link\" href=\"https:\/\/www.ifsi-clermont60.fr\/site\/index.php\/inclusion-pour-tous\/\">Inclusion pour tous \/ DYS&rsquo;positifs<\/a><\/li><li class=\"wp-block-pages-list__item\"><a class=\"wp-block-pages-list__item__link\" href=\"https:\/\/www.ifsi-clermont60.fr\/site\/index.php\/indicateurs-de-performance\/\">Indicateurs de r\u00e9sultats<\/a><\/li><li class=\"wp-block-pages-list__item\"><a class=\"wp-block-pages-list__item__link\" href=\"https:\/\/www.ifsi-clermont60.fr\/site\/index.php\/informations-pratiques\/\">Informations pratiques<\/a><\/li><li class=\"wp-block-pages-list__item\"><a class=\"wp-block-pages-list__item__link\" href=\"https:\/\/www.ifsi-clermont60.fr\/site\/index.php\/inscription-et-modalites-de-selection\/\">Inscription et modalit\u00e9s de s\u00e9lection<\/a><\/li><li class=\"wp-block-pages-list__item\"><a class=\"wp-block-pages-list__item__link\" href=\"https:\/\/www.ifsi-clermont60.fr\/site\/index.php\/inscriptions-et-modalites-de-selection-pour-admission\/\">Inscriptions et s\u00e9lection IFSI<\/a><\/li><li class=\"wp-block-pages-list__item\"><a class=\"wp-block-pages-list__item__link\" href=\"https:\/\/www.ifsi-clermont60.fr\/site\/index.php\/laide-a-la-reussite\/\">L&rsquo;Aide \u00e0 la r\u00e9ussite<\/a><\/li><li class=\"wp-block-pages-list__item\"><a class=\"wp-block-pages-list__item__link\" href=\"https:\/\/www.ifsi-clermont60.fr\/site\/index.php\/lapprentissage-au-quotidien\/\">L&rsquo;apprentissage au quotidien<\/a><\/li><li class=\"wp-block-pages-list__item\"><a class=\"wp-block-pages-list__item__link\" href=\"https:\/\/www.ifsi-clermont60.fr\/site\/index.php\/leducation-therapeutique-au-coeur-de-notre-projet\/\">L&rsquo;\u00c9ducation Th\u00e9rapeutique (ETP)<\/a><\/li><li class=\"wp-block-pages-list__item\"><a class=\"wp-block-pages-list__item__link\" href=\"https:\/\/www.ifsi-clermont60.fr\/site\/index.php\/formation-continue\/\">La Formation Continue (FC)<\/a><\/li><li class=\"wp-block-pages-list__item\"><a class=\"wp-block-pages-list__item__link\" href=\"https:\/\/www.ifsi-clermont60.fr\/site\/index.php\/la-remuneration-de-lapprenti-e\/\">La r\u00e9mun\u00e9ration de l&rsquo;apprenti.e<\/a><\/li><li class=\"wp-block-pages-list__item\"><a class=\"wp-block-pages-list__item__link\" href=\"https:\/\/www.ifsi-clermont60.fr\/site\/index.php\/le-metier-aide-soignante\/\">Le m\u00e9tier Aide-Soignant(e)<\/a><\/li><li class=\"wp-block-pages-list__item\"><a class=\"wp-block-pages-list__item__link\" href=\"https:\/\/www.ifsi-clermont60.fr\/site\/index.php\/la-profession-ide\/\">Le m\u00e9tier d&rsquo;infirmier(e)<\/a><\/li><li class=\"wp-block-pages-list__item\"><a class=\"wp-block-pages-list__item__link\" href=\"https:\/\/www.ifsi-clermont60.fr\/site\/index.php\/liens-utiles\/\">Liens utiles<\/a><\/li><li class=\"wp-block-pages-list__item\"><a class=\"wp-block-pages-list__item__link\" href=\"https:\/\/www.ifsi-clermont60.fr\/site\/index.php\/ligne-de-bus\/\">Ligne de BUS<\/a><\/li><li class=\"wp-block-pages-list__item\"><a class=\"wp-block-pages-list__item__link\" href=\"https:\/\/www.ifsi-clermont60.fr\/site\/index.php\/logements\/\">Logements<\/a><\/li><li class=\"wp-block-pages-list__item\"><a class=\"wp-block-pages-list__item__link\" href=\"https:\/\/www.ifsi-clermont60.fr\/site\/index.php\/mentions-legales\/\">Mentions l\u00e9gales<\/a><\/li><li class=\"wp-block-pages-list__item\"><a class=\"wp-block-pages-list__item__link\" href=\"https:\/\/www.ifsi-clermont60.fr\/site\/index.php\/mieux-nous-connaitre\/\">Mieux nous connaitre<\/a><\/li><li class=\"wp-block-pages-list__item\"><a class=\"wp-block-pages-list__item__link\" href=\"https:\/\/www.ifsi-clermont60.fr\/site\/index.php\/integration-mutation\/\">Mutation\/int\u00e9gration<\/a><\/li><li class=\"wp-block-pages-list__item\"><a class=\"wp-block-pages-list__item__link\" href=\"https:\/\/www.ifsi-clermont60.fr\/site\/index.php\/notre-institut\/\">Notre institut<\/a><\/li><li class=\"wp-block-pages-list__item\"><a class=\"wp-block-pages-list__item__link\" href=\"https:\/\/www.ifsi-clermont60.fr\/site\/index.php\/contacts\/\">Nous contacter<\/a><\/li><li class=\"wp-block-pages-list__item\"><a class=\"wp-block-pages-list__item__link\" href=\"https:\/\/www.ifsi-clermont60.fr\/site\/index.php\/optimiser-la-prise-en-soins-des-patients-et-ou-residents\/\">Optimiser la prise en soins des patients et\/ou r\u00e9sidents<\/a><\/li><li class=\"wp-block-pages-list__item\"><a class=\"wp-block-pages-list__item__link\" href=\"https:\/\/www.ifsi-clermont60.fr\/site\/index.php\/sous-traitance\/\">Partenaires<\/a><\/li><li class=\"wp-block-pages-list__item\"><a class=\"wp-block-pages-list__item__link\" href=\"https:\/\/www.ifsi-clermont60.fr\/site\/index.php\/partenaires-des-ifsi\/\">Partenaires des Instituts<\/a><\/li><li class=\"wp-block-pages-list__item\"><a class=\"wp-block-pages-list__item__link\" href=\"https:\/\/www.ifsi-clermont60.fr\/site\/index.php\/contact-et-plan-dacces\/\">Plan d&rsquo;acc\u00e8s<\/a><\/li><li class=\"wp-block-pages-list__item\"><a class=\"wp-block-pages-list__item__link\" href=\"https:\/\/www.ifsi-clermont60.fr\/site\/index.php\/plan-du-site\/\">Plan du site<\/a><\/li><li class=\"wp-block-pages-list__item\"><a class=\"wp-block-pages-list__item__link\" href=\"https:\/\/www.ifsi-clermont60.fr\/site\/index.php\/politique-de-confidentialite\/\">Politique de confidentialit\u00e9<\/a><\/li><li class=\"wp-block-pages-list__item\"><a class=\"wp-block-pages-list__item__link\" href=\"https:\/\/www.ifsi-clermont60.fr\/site\/index.php\/bien-preparer-son-entree-en-formation-as\/\">Pr\u00e9parer son entr\u00e9e en formation IFAS<\/a><\/li><li class=\"wp-block-pages-list__item\"><a class=\"wp-block-pages-list__item__link\" href=\"https:\/\/www.ifsi-clermont60.fr\/site\/index.php\/bien-preparer-son-entree-en-formation\/\">Pr\u00e9parer son entr\u00e9e en formation IFSI<\/a><\/li><li class=\"wp-block-pages-list__item\"><a class=\"wp-block-pages-list__item__link\" href=\"https:\/\/www.ifsi-clermont60.fr\/site\/index.php\/a-propos-de\/\">Pr\u00e9sentation<\/a><\/li><li class=\"wp-block-pages-list__item\"><a class=\"wp-block-pages-list__item__link\" href=\"https:\/\/www.ifsi-clermont60.fr\/site\/index.php\/prise-en-charge-de-la-formation\/\">Prise en charge de la formation<\/a><\/li><li class=\"wp-block-pages-list__item\"><a class=\"wp-block-pages-list__item__link\" href=\"https:\/\/www.ifsi-clermont60.fr\/site\/index.php\/qualite\/\">Qualit\u00e9<\/a><\/li><li class=\"wp-block-pages-list__item\"><a class=\"wp-block-pages-list__item__link\" href=\"https:\/\/www.ifsi-clermont60.fr\/site\/index.php\/restauration\/\">Restauration<\/a><\/li><li class=\"wp-block-pages-list__item\"><a class=\"wp-block-pages-list__item__link\" href=\"https:\/\/www.ifsi-clermont60.fr\/site\/index.php\/rupture-du-contrat-dapprentissage\/\">Rupture du contrat d&rsquo;apprentissage<\/a><\/li><li class=\"wp-block-pages-list__item\"><a class=\"wp-block-pages-list__item__link\" href=\"https:\/\/www.ifsi-clermont60.fr\/site\/index.php\/la-section-de-vie-etudiante-et-eleve\/\">Section de Vie \u00c9tudiante et \u00e9l\u00e8ve\u00a0<\/a><\/li><li class=\"wp-block-pages-list__item\"><a class=\"wp-block-pages-list__item__link\" href=\"https:\/\/www.ifsi-clermont60.fr\/site\/index.php\/selection-ifas-janvier\/\">S\u00e9lection IFAS JANVIER<\/a><\/li><li class=\"wp-block-pages-list__item\"><a class=\"wp-block-pages-list__item__link\" href=\"https:\/\/www.ifsi-clermont60.fr\/site\/index.php\/inscriptions-et-modalites-de-selection-pour-admission-as\/\">S\u00e9lection IFAS SEPTEMBRE<\/a><\/li><li class=\"wp-block-pages-list__item\"><a class=\"wp-block-pages-list__item__link\" href=\"https:\/\/www.ifsi-clermont60.fr\/site\/index.php\/service-sanitaire\/\">Service Sanitaire<\/a><\/li><li class=\"wp-block-pages-list__item\"><a class=\"wp-block-pages-list__item__link\" href=\"https:\/\/www.ifsi-clermont60.fr\/site\/index.php\/simulation-en-sante\/\">Simulation en sant\u00e9<\/a><\/li><li class=\"wp-block-pages-list__item\"><a class=\"wp-block-pages-list__item__link\" href=\"https:\/\/www.ifsi-clermont60.fr\/site\/index.php\/soutien-psychologique\/\">Soutien Psychologique et sociale \/ Coaching<\/a><\/li><li class=\"wp-block-pages-list__item\"><a class=\"wp-block-pages-list__item__link\" href=\"https:\/\/www.ifsi-clermont60.fr\/site\/index.php\/test\/\">Stages<\/a><\/li><li class=\"wp-block-pages-list__item\"><a class=\"wp-block-pages-list__item__link\" href=\"https:\/\/www.ifsi-clermont60.fr\/site\/index.php\/stages-et-enseignement-clinique-as\/\">Stages et enseignement clinique IFAS<\/a><\/li><li class=\"wp-block-pages-list__item\"><a class=\"wp-block-pages-list__item__link\" href=\"https:\/\/www.ifsi-clermont60.fr\/site\/index.php\/stages-et-enseignement-clinique\/\">Stages et enseignement clinique IFSI<\/a><\/li><li class=\"wp-block-pages-list__item\"><a class=\"wp-block-pages-list__item__link\" href=\"https:\/\/www.ifsi-clermont60.fr\/site\/index.php\/taxe-dapprentissage-2\/\">Taxe d&rsquo;apprentissage<\/a><\/li><li class=\"wp-block-pages-list__item\"><a class=\"wp-block-pages-list__item__link\" href=\"https:\/\/www.ifsi-clermont60.fr\/site\/index.php\/terrains-de-stage\/\">Terrains de stage<\/a><\/li><li class=\"wp-block-pages-list__item\"><a class=\"wp-block-pages-list__item__link\" href=\"https:\/\/www.ifsi-clermont60.fr\/site\/index.php\/tout-savoir-sur-la-taxe-dapprentissage\/\">Tout savoir sur la taxe d&rsquo;apprentissage<\/a><\/li><li class=\"wp-block-pages-list__item\"><a class=\"wp-block-pages-list__item__link\" href=\"https:\/\/www.ifsi-clermont60.fr\/site\/index.php\/transport\/\">Transports<\/a><\/li><li class=\"wp-block-pages-list__item\"><a class=\"wp-block-pages-list__item__link\" href=\"https:\/\/www.ifsi-clermont60.fr\/site\/index.php\/trouvez-votre-employeur\/\">Trouvez votre employeur<\/a><\/li><li class=\"wp-block-pages-list__item\"><a class=\"wp-block-pages-list__item__link\" href=\"https:\/\/www.ifsi-clermont60.fr\/site\/index.php\/une-section-de-page-daccueil\/\">Une section de page d\u2019accueil<\/a><\/li><li class=\"wp-block-pages-list__item\"><a class=\"wp-block-pages-list__item__link\" href=\"https:\/\/www.ifsi-clermont60.fr\/site\/index.php\/via-la-passerelle-aide-soignant-2eme-annee\/\">Via Formation: Parcours sp\u00e9cifique pour Aides-soignants exp\u00e9riment\u00e9s souhaitant int\u00e9grer la L2 de la formation en soins infirmiers<\/a><\/li><li class=\"wp-block-pages-list__item\"><a class=\"wp-block-pages-list__item__link\" href=\"https:\/\/www.ifsi-clermont60.fr\/site\/index.php\/experimentation-pass\/\">Via le PASS (pour une entr\u00e9e en L2)<\/a><\/li><li class=\"wp-block-pages-list__item\"><a class=\"wp-block-pages-list__item__link\" href=\"https:\/\/www.ifsi-clermont60.fr\/site\/index.php\/parcoursup\/\">Via PARCOURSUP<\/a><\/li><li class=\"wp-block-pages-list__item\"><a class=\"wp-block-pages-list__item__link\" href=\"https:\/\/www.ifsi-clermont60.fr\/site\/index.php\/selection-formation-professionnelle-continue-fpc\/\">Via S\u00e9lection &amp; Formation Professionnelle Continue (FPC)<\/a><\/li><li class=\"wp-block-pages-list__item\"><a class=\"wp-block-pages-list__item__link\" href=\"https:\/\/www.ifsi-clermont60.fr\/site\/index.php\/vie-etudiante\/\">Vie \u00e9tudiante<\/a><\/li><li class=\"wp-block-pages-list__item\"><a class=\"wp-block-pages-list__item__link\" href=\"https:\/\/www.ifsi-clermont60.fr\/site\/index.php\/vivre-dans-loise\/\">Vivre dans l&rsquo;Oise<\/a><\/li><\/ul>","protected":false},"excerpt":{"rendered":"","protected":false},"author":2,"featured_media":0,"parent":0,"menu_order":0,"comment_status":"closed","ping_status":"closed","template":"","meta":{"footnotes":""},"class_list":["post-6200","page","type-page","status-publish","hentry"],"jetpack_sharing_enabled":true,"_links":{"self":[{"href":"https:\/\/www.ifsi-clermont60.fr\/site\/index.php\/wp-json\/wp\/v2\/pages\/6200","targetHints":{"allow":["GET"]}}],"collection":[{"href":"https:\/\/www.ifsi-clermont60.fr\/site\/index.php\/wp-json\/wp\/v2\/pages"}],"about":[{"href":"https:\/\/www.ifsi-clermont60.fr\/site\/index.php\/wp-json\/wp\/v2\/types\/page"}],"author":[{"embeddable":true,"href":"https:\/\/www.ifsi-clermont60.fr\/site\/index.php\/wp-json\/wp\/v2\/users\/2"}],"replies":[{"embeddable":true,"href":"https:\/\/www.ifsi-clermont60.fr\/site\/index.php\/wp-json\/wp\/v2\/comments?post=6200"}],"version-history":[{"count":1,"href":"https:\/\/www.ifsi-clermont60.fr\/site\/index.php\/wp-json\/wp\/v2\/pages\/6200\/revisions"}],"predecessor-version":[{"id":6202,"href":"https:\/\/www.ifsi-clermont60.fr\/site\/index.php\/wp-json\/wp\/v2\/pages\/6200\/revisions\/6202"}],"wp:attachment":[{"href":"https:\/\/www.ifsi-clermont60.fr\/site\/index.php\/wp-json\/wp\/v2\/media?parent=6200"}],"curies":[{"name":"wp","href":"https:\/\/api.w.org\/{rel}","templated":true}]}}