{"id":6022,"date":"2025-10-29T13:21:23","date_gmt":"2025-10-29T12:21:23","guid":{"rendered":"https:\/\/www.ifsi-clermont60.fr\/site\/?page_id=6022"},"modified":"2026-02-25T09:51:51","modified_gmt":"2026-02-25T08:51:51","slug":"formation-continue-2","status":"publish","type":"page","link":"https:\/\/www.ifsi-clermont60.fr\/site\/index.php\/formation-continue-2\/","title":{"rendered":"Formation continue"},"content":{"rendered":"\n<figure class=\"wp-block-embed is-type-wp-embed is-provider-bienvenue-sur-le-site-internet-de-l-039-ifsi-ifas-de-clermont-de-l-039-oise wp-block-embed-bienvenue-sur-le-site-internet-de-l-039-ifsi-ifas-de-clermont-de-l-039-oise\"><div class=\"wp-block-embed__wrapper\">\n<blockquote class=\"wp-embedded-content\" data-secret=\"foIJ5srj94\"><a href=\"https:\/\/www.ifsi-clermont60.fr\/site\/index.php\/formation-continue\/\">La Formation Continue (FC)<\/a><\/blockquote><iframe class=\"wp-embedded-content\" sandbox=\"allow-scripts\" security=\"restricted\" style=\"position: absolute; visibility: hidden;\" title=\"\u00ab\u00a0La Formation Continue (FC)\u00a0\u00bb &#8212; Bienvenue sur le site internet de l&#039;IFSI\/IFAS de Clermont de l&#039;Oise\" src=\"https:\/\/www.ifsi-clermont60.fr\/site\/index.php\/formation-continue\/embed\/#?secret=zC1IYPjsx1#?secret=foIJ5srj94\" data-secret=\"foIJ5srj94\" width=\"500\" height=\"282\" frameborder=\"0\" marginwidth=\"0\" marginheight=\"0\" scrolling=\"no\"><\/iframe>\n<\/div><\/figure>\n\n\n\n<figure class=\"wp-block-embed is-type-wp-embed is-provider-bienvenue-sur-le-site-internet-de-l-039-ifsi-ifas-de-clermont-de-l-039-oise wp-block-embed-bienvenue-sur-le-site-internet-de-l-039-ifsi-ifas-de-clermont-de-l-039-oise\"><div class=\"wp-block-embed__wrapper\">\n<blockquote class=\"wp-embedded-content\" data-secret=\"Y99vOzRwRd\"><a href=\"https:\/\/www.ifsi-clermont60.fr\/site\/index.php\/catalogue\/\">Catalogue<\/a><\/blockquote><iframe class=\"wp-embedded-content\" sandbox=\"allow-scripts\" security=\"restricted\" style=\"position: absolute; visibility: hidden;\" title=\"\u00ab\u00a0Catalogue\u00a0\u00bb &#8212; Bienvenue sur le site internet de l&#039;IFSI\/IFAS de Clermont de l&#039;Oise\" src=\"https:\/\/www.ifsi-clermont60.fr\/site\/index.php\/catalogue\/embed\/#?secret=T38wo2wmqN#?secret=Y99vOzRwRd\" data-secret=\"Y99vOzRwRd\" width=\"500\" height=\"282\" frameborder=\"0\" marginwidth=\"0\" marginheight=\"0\" scrolling=\"no\"><\/iframe>\n<\/div><\/figure>\n\n\n\n<figure class=\"wp-block-embed is-type-wp-embed is-provider-bienvenue-sur-le-site-internet-de-l-039-ifsi-ifas-de-clermont-de-l-039-oise wp-block-embed-bienvenue-sur-le-site-internet-de-l-039-ifsi-ifas-de-clermont-de-l-039-oise\"><div class=\"wp-block-embed__wrapper\">\n<blockquote class=\"wp-embedded-content\" data-secret=\"R5vIaqpW3C\"><a href=\"https:\/\/www.ifsi-clermont60.fr\/site\/index.php\/formation-pssm\/\">Formation PSSM<\/a><\/blockquote><iframe class=\"wp-embedded-content\" sandbox=\"allow-scripts\" security=\"restricted\" style=\"position: absolute; visibility: hidden;\" title=\"\u00ab\u00a0Formation PSSM\u00a0\u00bb &#8212; Bienvenue sur le site internet de l&#039;IFSI\/IFAS de Clermont de l&#039;Oise\" src=\"https:\/\/www.ifsi-clermont60.fr\/site\/index.php\/formation-pssm\/embed\/#?secret=YX6lwXpAWq#?secret=R5vIaqpW3C\" data-secret=\"R5vIaqpW3C\" width=\"500\" height=\"282\" frameborder=\"0\" marginwidth=\"0\" marginheight=\"0\" scrolling=\"no\"><\/iframe>\n<\/div><\/figure>\n\n\n\n<figure class=\"wp-block-embed is-type-wp-embed is-provider-bienvenue-sur-le-site-internet-de-l-039-ifsi-ifas-de-clermont-de-l-039-oise wp-block-embed-bienvenue-sur-le-site-internet-de-l-039-ifsi-ifas-de-clermont-de-l-039-oise\"><div class=\"wp-block-embed__wrapper\">\n<blockquote class=\"wp-embedded-content\" data-secret=\"hRS73V15G9\"><a href=\"https:\/\/www.ifsi-clermont60.fr\/site\/index.php\/actualisation-des-competences-des-aides-soignants-diplomes-avant-la-reingenierie-du-diplome-detat-de-2021\/\">Actualisation des comp\u00e9tences des aides \u2013soignants dipl\u00f4m\u00e9s avant la r\u00e9ing\u00e9nierie du dipl\u00f4me d\u2019\u00e9tat de 2021<\/a><\/blockquote><iframe class=\"wp-embedded-content\" sandbox=\"allow-scripts\" security=\"restricted\" style=\"position: absolute; visibility: hidden;\" title=\"\u00ab\u00a0Actualisation des comp\u00e9tences des aides \u2013soignants dipl\u00f4m\u00e9s avant la r\u00e9ing\u00e9nierie du dipl\u00f4me d\u2019\u00e9tat de 2021\u00a0\u00bb &#8212; Bienvenue sur le site internet de l&#039;IFSI\/IFAS de Clermont de l&#039;Oise\" src=\"https:\/\/www.ifsi-clermont60.fr\/site\/index.php\/actualisation-des-competences-des-aides-soignants-diplomes-avant-la-reingenierie-du-diplome-detat-de-2021\/embed\/#?secret=kkB3V4Vg1R#?secret=hRS73V15G9\" data-secret=\"hRS73V15G9\" width=\"500\" height=\"282\" frameborder=\"0\" marginwidth=\"0\" marginheight=\"0\" scrolling=\"no\"><\/iframe>\n<\/div><\/figure>\n\n\n\n<figure class=\"wp-block-embed is-type-wp-embed is-provider-bienvenue-sur-le-site-internet-de-l-039-ifsi-ifas-de-clermont-de-l-039-oise wp-block-embed-bienvenue-sur-le-site-internet-de-l-039-ifsi-ifas-de-clermont-de-l-039-oise\"><div class=\"wp-block-embed__wrapper\">\n<blockquote class=\"wp-embedded-content\" data-secret=\"IXI8IwsvjU\"><a href=\"https:\/\/www.ifsi-clermont60.fr\/site\/index.php\/conditions-generales-de-vente\/\">Conditions g\u00e9n\u00e9rales de vente<\/a><\/blockquote><iframe class=\"wp-embedded-content\" sandbox=\"allow-scripts\" security=\"restricted\" style=\"position: absolute; visibility: hidden;\" title=\"\u00ab\u00a0Conditions g\u00e9n\u00e9rales de vente\u00a0\u00bb &#8212; Bienvenue sur le site internet de l&#039;IFSI\/IFAS de Clermont de l&#039;Oise\" src=\"https:\/\/www.ifsi-clermont60.fr\/site\/index.php\/conditions-generales-de-vente\/embed\/#?secret=TcGQnlYH86#?secret=IXI8IwsvjU\" data-secret=\"IXI8IwsvjU\" width=\"500\" height=\"282\" frameborder=\"0\" marginwidth=\"0\" marginheight=\"0\" scrolling=\"no\"><\/iframe>\n<\/div><\/figure>\n\n\n\n<p><\/p>\n","protected":false},"excerpt":{"rendered":"","protected":false},"author":2,"featured_media":0,"parent":0,"menu_order":0,"comment_status":"closed","ping_status":"closed","template":"","meta":{"footnotes":""},"class_list":["post-6022","page","type-page","status-publish","hentry"],"jetpack_sharing_enabled":true,"_links":{"self":[{"href":"https:\/\/www.ifsi-clermont60.fr\/site\/index.php\/wp-json\/wp\/v2\/pages\/6022","targetHints":{"allow":["GET"]}}],"collection":[{"href":"https:\/\/www.ifsi-clermont60.fr\/site\/index.php\/wp-json\/wp\/v2\/pages"}],"about":[{"href":"https:\/\/www.ifsi-clermont60.fr\/site\/index.php\/wp-json\/wp\/v2\/types\/page"}],"author":[{"embeddable":true,"href":"https:\/\/www.ifsi-clermont60.fr\/site\/index.php\/wp-json\/wp\/v2\/users\/2"}],"replies":[{"embeddable":true,"href":"https:\/\/www.ifsi-clermont60.fr\/site\/index.php\/wp-json\/wp\/v2\/comments?post=6022"}],"version-history":[{"count":6,"href":"https:\/\/www.ifsi-clermont60.fr\/site\/index.php\/wp-json\/wp\/v2\/pages\/6022\/revisions"}],"predecessor-version":[{"id":6485,"href":"https:\/\/www.ifsi-clermont60.fr\/site\/index.php\/wp-json\/wp\/v2\/pages\/6022\/revisions\/6485"}],"wp:attachment":[{"href":"https:\/\/www.ifsi-clermont60.fr\/site\/index.php\/wp-json\/wp\/v2\/media?parent=6022"}],"curies":[{"name":"wp","href":"https:\/\/api.w.org\/{rel}","templated":true}]}}