{"id":5999,"date":"2025-10-29T12:12:10","date_gmt":"2025-10-29T11:12:10","guid":{"rendered":"https:\/\/www.ifsi-clermont60.fr\/site\/?page_id=5999"},"modified":"2026-02-09T16:33:26","modified_gmt":"2026-02-09T15:33:26","slug":"indicateurs-de-performance","status":"publish","type":"page","link":"https:\/\/www.ifsi-clermont60.fr\/site\/index.php\/indicateurs-de-performance\/","title":{"rendered":"Indicateurs de r\u00e9sultats"},"content":{"rendered":"\n<p><\/p>\n\n\n\n<details class=\"wp-block-details is-layout-flow wp-block-details-is-layout-flow\"><summary><strong>TAUX DE REUSSITE<\/strong> <strong>DIPLOMATION<\/strong> (lire la suite&#8230;)<\/summary>\n<figure class=\"wp-block-table\"><table class=\"has-fixed-layout\"><thead><tr><th class=\"has-text-align-left\" data-align=\"left\">Taux de r\u00e9ussite<\/th><th class=\"has-text-align-center\" data-align=\"center\">Dipl\u00f4me d&rsquo;\u00e9tat infirmier<\/th><th class=\"has-text-align-center\" data-align=\"center\">Dipl\u00f4me d&rsquo;\u00e9tat aide-soignant<\/th><\/tr><\/thead><tbody><tr><td class=\"has-text-align-left\" data-align=\"left\">2025<\/td><td class=\"has-text-align-center\" data-align=\"center\">71.84%<\/td><td class=\"has-text-align-center\" data-align=\"center\">68.85%<\/td><\/tr><tr><td class=\"has-text-align-left\" data-align=\"left\">2024<\/td><td class=\"has-text-align-center\" data-align=\"center\">74.10%<\/td><td class=\"has-text-align-center\" data-align=\"center\">76.47%<\/td><\/tr><tr><td class=\"has-text-align-left\" data-align=\"left\">2023<\/td><td class=\"has-text-align-center\" data-align=\"center\">69.52%<\/td><td class=\"has-text-align-center\" data-align=\"center\">95.55%<\/td><\/tr><\/tbody><\/table><\/figure>\n<\/details>\n\n\n\n<details class=\"wp-block-details\"><summary><strong><strong><mark style=\"background-color:rgba(0, 0, 0, 0)\" class=\"has-inline-color has-black-color is-layout-flow wp-block-details-is-layout-flow\">TAUX D&rsquo;INTERRUPTION<\/mark><\/strong><\/strong> (lire la suite&#8230;)<\/summary>\n<p>Taux d\u2019insertion dans le m\u00e9tier \u2013 nombre de dipl\u00f4mes d\u00e9livr\u00e9s :<\/p>\n\n\n\n<figure class=\"wp-block-table is-style-stripes\"><table class=\"has-black-color has-text-color has-link-color has-fixed-layout\"><thead><tr><th><strong><mark style=\"background-color:rgba(0, 0, 0, 0)\" class=\"has-inline-color has-black-color\">Taux d&rsquo;abandon <\/mark><\/strong>IFSI<\/th><th class=\"has-text-align-center\" data-align=\"center\"><strong><mark style=\"background-color:rgba(0, 0, 0, 0)\" class=\"has-inline-color has-black-color\">2024\/2025<\/mark><\/strong><\/th><th class=\"has-text-align-center\" data-align=\"center\"><\/th><th class=\"has-text-align-center\" data-align=\"center\"><\/th><\/tr><\/thead><tbody><tr><td><strong>Moti<\/strong><\/td><td class=\"has-text-align-center\" data-align=\"center\"><strong>1\u00e8re ann\u00e9e<\/strong><\/td><td class=\"has-text-align-center\" data-align=\"center\"><strong>2\u00e8me ann\u00e9e<\/strong><\/td><td class=\"has-text-align-center\" data-align=\"center\"><strong>3\u00e8me ann\u00e9e<\/strong><\/td><\/tr><tr><td>Personnel<\/td><td class=\"has-text-align-center\" data-align=\"center\">15<\/td><td class=\"has-text-align-center\" data-align=\"center\">3<\/td><td class=\"has-text-align-center\" data-align=\"center\">3<\/td><\/tr><tr><td>R\u00e9orientation<\/td><td class=\"has-text-align-center\" data-align=\"center\">11<\/td><td class=\"has-text-align-center\" data-align=\"center\">4<\/td><td class=\"has-text-align-center\" data-align=\"center\">&#8211;<\/td><\/tr><tr><td>Financier<\/td><td class=\"has-text-align-center\" data-align=\"center\">&#8211;<\/td><td class=\"has-text-align-center\" data-align=\"center\">1<\/td><td class=\"has-text-align-center\" data-align=\"center\">1<\/td><\/tr><tr><td>Mutation<\/td><td class=\"has-text-align-center\" data-align=\"center\">&#8211;<\/td><td class=\"has-text-align-center\" data-align=\"center\">2<\/td><td class=\"has-text-align-center\" data-align=\"center\">&#8211;<\/td><\/tr><tr><td>Exclusion<\/td><td class=\"has-text-align-center\" data-align=\"center\">1 (d\u00e9faut vaccination)<\/td><td class=\"has-text-align-center\" data-align=\"center\">1 (d\u00e9faut vaccination)<\/td><td class=\"has-text-align-center\" data-align=\"center\">&#8211;<\/td><\/tr><\/tbody><\/table><figcaption class=\"wp-element-caption\"><em>Source: rapport d&rsquo;activit\u00e9 IFSI IFAS 2025)<\/em><\/figcaption><\/figure>\n\n\n\n<figure class=\"wp-block-table is-style-stripes\"><table class=\"has-fixed-layout\"><thead><tr><th>Taux d&rsquo;abandon IFAS<\/th><th><\/th><\/tr><\/thead><tbody><tr><td><strong>Motif<\/strong><\/td><td><strong>Promotion 2024-2025<\/strong><\/td><\/tr><tr><td>Personnel<\/td><td>4<\/td><\/tr><tr><td>R\u00e9orientation<\/td><td>2<\/td><\/tr><tr><td>Autre<\/td><td>1<\/td><\/tr><\/tbody><\/table><figcaption class=\"wp-element-caption\"><em>Source: rapport d&rsquo;activit\u00e9 IFSI IFAS 2025)<\/em><\/figcaption><\/figure>\n<\/details>\n\n\n\n<details class=\"wp-block-details is-layout-flow wp-block-details-is-layout-flow\"><summary><strong>TAUX D&rsquo;INSERTION<\/strong> (lire la suite&#8230;)<\/summary>\n<p>Taux d\u2019insertion dans le m\u00e9tier \u2013 nombre de dipl\u00f4mes d\u00e9livr\u00e9s 2025 :<\/p>\n\n\n<div class=\"alignwide wp-block-ctrb-counters\" id='ctrbCounters-1' data-attributes='{&quot;counters&quot;:[{&quot;background&quot;:{&quot;color&quot;:&quot;rgba(7, 9, 227, 1)&quot;},&quot;icon&quot;:{&quot;class&quot;:&quot;fa-solid fa-briefcase&quot;,&quot;fontSize&quot;:50,&quot;color&quot;:&quot;#fff&quot;},&quot;number&quot;:{&quot;start&quot;:0,&quot;end&quot;:100,&quot;prefix&quot;:&quot;&quot;,&quot;suffix&quot;:&quot;% d&#039;embauche&quot;,&quot;color&quot;:&quot;#fff&quot;},&quot;label&quot;:{&quot;text&quot;:&quot;Fili\\u00e8re Infirmi\\u00e8re&quot;,&quot;color&quot;:&quot;#fff&quot;}},{&quot;background&quot;:{&quot;color&quot;:&quot;rgba(62, 17, 106, 1)&quot;},&quot;icon&quot;:{&quot;class&quot;:&quot;fa-solid fa-briefcase&quot;,&quot;fontSize&quot;:50,&quot;color&quot;:&quot;#fff&quot;},&quot;number&quot;:{&quot;start&quot;:0,&quot;end&quot;:100,&quot;prefix&quot;:&quot;&quot;,&quot;suffix&quot;:&quot;% d&#039;embauche&quot;,&quot;color&quot;:&quot;#fff&quot;},&quot;label&quot;:{&quot;text&quot;:&quot;Fili\\u00e8re Aide-soignante&quot;,&quot;color&quot;:&quot;#fff&quot;}}],&quot;columns&quot;:{&quot;desktop&quot;:2,&quot;tablet&quot;:2,&quot;mobile&quot;:1},&quot;columnGap&quot;:&quot;21px&quot;,&quot;rowGap&quot;:&quot;29px&quot;,&quot;padding&quot;:{&quot;vertical&quot;:&quot;10px&quot;,&quot;horizontal&quot;:&quot;&quot;,&quot;side&quot;:2,&quot;top&quot;:&quot;20px&quot;,&quot;right&quot;:&quot;0px&quot;,&quot;bottom&quot;:&quot;20px&quot;,&quot;left&quot;:&quot;0px&quot;},&quot;numberTypo&quot;:{&quot;fontSize&quot;:{&quot;desktop&quot;:18,&quot;tablet&quot;:40,&quot;mobile&quot;:32}},&quot;labelTypo&quot;:{&quot;fontSize&quot;:{&quot;desktop&quot;:22,&quot;tablet&quot;:20,&quot;mobile&quot;:18},&quot;textTransform&quot;:&quot;capitalize&quot;,&quot;fontWeight&quot;:100,&quot;fontVariant&quot;:&quot;100&quot;,&quot;isUploadFont&quot;:true},&quot;align&quot;:&quot;wide&quot;,&quot;theme&quot;:&quot;default&quot;,&quot;duration&quot;:2000,&quot;separator&quot;:{&quot;char&quot;:&quot;&quot;},&quot;background&quot;:{&quot;color&quot;:&quot;#0000&quot;},&quot;textAlign&quot;:&quot;center&quot;,&quot;counterWidth&quot;:&quot;250px&quot;,&quot;counterHeight&quot;:&quot;250px&quot;,&quot;isIcon&quot;:true,&quot;iconSize&quot;:50,&quot;iconPosition&quot;:&quot;top&quot;,&quot;isLabel&quot;:true,&quot;counterPadding&quot;:{&quot;vertical&quot;:&quot;20px&quot;,&quot;horizontal&quot;:&quot;20px&quot;},&quot;counterBorder&quot;:{&quot;radius&quot;:&quot;50%&quot;},&quot;counterShadow&quot;:[]}'><\/div><\/details>\n\n\n\n<details class=\"wp-block-details is-layout-flow wp-block-details-is-layout-flow\"><summary><strong>TAUX DE SATISFACTION<\/strong> (lire la suite&#8230;)<\/summary>\n<div class=\"wp-block-buttons is-layout-flex wp-block-buttons-is-layout-flex\">\n<div class=\"wp-block-button\"><a class=\"wp-block-button__link wp-element-button\" href=\"https:\/\/www.ifsi-clermont60.fr\/site\/index.php\/ce-que-disent-les-etudiants-et-eleves\/\" style=\"border-top-left-radius:0px;border-top-right-radius:0px;border-bottom-left-radius:0px;border-bottom-right-radius:0px\">Cliquez aussi pour consulter la satisfaction des ESI\/EAS<\/a><\/div>\n<\/div>\n<\/details>\n\n\n\n<details class=\"wp-block-details is-layout-flow wp-block-details-is-layout-flow\"><summary><strong>TAUX DE REUSSITE GFSU II<\/strong> (lire la suite&#8230;)<\/summary><div class=\"wp-block-jetpack-rating-star is-style-filled\" style=\"text-align:left\" itemprop=\"reviewRating\" itemscope itemtype=\"http:\/\/schema.org\/Rating\"><p><span aria-hidden=\"true\">\u2b50<\/span><span aria-hidden=\"true\">\u2b50<\/span><span aria-hidden=\"true\">\u2b50<\/span><span aria-hidden=\"true\">\u2b50<\/span><span aria-hidden=\"true\">\u2b50<\/span><\/p><span style=\"display: none;\" itemprop=\"worstRating\" content=\"0.5\"><span>\n<svg xmlns=\"http:\/\/www.w3.org\/2000\/svg\" width=\"24\" height=\"24\" viewBox=\"0 0 24 24\">\n\t<path class=\"\" fill=\"currentColor\" stroke=\"currentColor\" d=\"M12,17.3l6.2,3.7l-1.6-7L22,9.2l-7.2-0.6L12,2L9.2,8.6L2,9.2L7.5,14l-1.6,7L12,17.3z\" \/>\n<\/svg>\n<\/span>\n<span>\n<svg xmlns=\"http:\/\/www.w3.org\/2000\/svg\" width=\"24\" height=\"24\" viewBox=\"0 0 24 24\">\n\t<path class=\"\" fill=\"currentColor\" stroke=\"currentColor\" d=\"M12,17.3l6.2,3.7l-1.6-7L22,9.2l-7.2-0.6L12,2L9.2,8.6L2,9.2L7.5,14l-1.6,7L12,17.3z\" \/>\n<\/svg>\n<\/span><\/span><span style=\"display: none;\" ><span>\n<svg xmlns=\"http:\/\/www.w3.org\/2000\/svg\" width=\"24\" height=\"24\" viewBox=\"0 0 24 24\">\n\t<path class=\"\" fill=\"currentColor\" stroke=\"currentColor\" d=\"M12,17.3l6.2,3.7l-1.6-7L22,9.2l-7.2-0.6L12,2L9.2,8.6L2,9.2L7.5,14l-1.6,7L12,17.3z\" \/>\n<\/svg>\n<\/span>\n<span>\n<svg xmlns=\"http:\/\/www.w3.org\/2000\/svg\" width=\"24\" height=\"24\" viewBox=\"0 0 24 24\">\n\t<path class=\"\" fill=\"currentColor\" stroke=\"currentColor\" d=\"M12,17.3l6.2,3.7l-1.6-7L22,9.2l-7.2-0.6L12,2L9.2,8.6L2,9.2L7.5,14l-1.6,7L12,17.3z\" \/>\n<\/svg>\n<\/span><\/span><span style=\"display: none;\" ><span>\n<svg xmlns=\"http:\/\/www.w3.org\/2000\/svg\" width=\"24\" height=\"24\" viewBox=\"0 0 24 24\">\n\t<path class=\"\" fill=\"currentColor\" stroke=\"currentColor\" d=\"M12,17.3l6.2,3.7l-1.6-7L22,9.2l-7.2-0.6L12,2L9.2,8.6L2,9.2L7.5,14l-1.6,7L12,17.3z\" \/>\n<\/svg>\n<\/span>\n<span>\n<svg xmlns=\"http:\/\/www.w3.org\/2000\/svg\" width=\"24\" height=\"24\" viewBox=\"0 0 24 24\">\n\t<path class=\"\" fill=\"currentColor\" stroke=\"currentColor\" d=\"M12,17.3l6.2,3.7l-1.6-7L22,9.2l-7.2-0.6L12,2L9.2,8.6L2,9.2L7.5,14l-1.6,7L12,17.3z\" \/>\n<\/svg>\n<\/span><\/span><span style=\"display: none;\" ><span>\n<svg xmlns=\"http:\/\/www.w3.org\/2000\/svg\" width=\"24\" height=\"24\" viewBox=\"0 0 24 24\">\n\t<path class=\"\" fill=\"currentColor\" stroke=\"currentColor\" d=\"M12,17.3l6.2,3.7l-1.6-7L22,9.2l-7.2-0.6L12,2L9.2,8.6L2,9.2L7.5,14l-1.6,7L12,17.3z\" \/>\n<\/svg>\n<\/span>\n<span>\n<svg xmlns=\"http:\/\/www.w3.org\/2000\/svg\" width=\"24\" height=\"24\" viewBox=\"0 0 24 24\">\n\t<path class=\"\" fill=\"currentColor\" stroke=\"currentColor\" d=\"M12,17.3l6.2,3.7l-1.6-7L22,9.2l-7.2-0.6L12,2L9.2,8.6L2,9.2L7.5,14l-1.6,7L12,17.3z\" \/>\n<\/svg>\n<\/span><\/span><span style=\"display: none;\" itemprop=\"bestRating\" content=\"5\"><span>\n<svg xmlns=\"http:\/\/www.w3.org\/2000\/svg\" width=\"24\" height=\"24\" viewBox=\"0 0 24 24\">\n\t<path class=\"\" fill=\"currentColor\" stroke=\"currentColor\" d=\"M12,17.3l6.2,3.7l-1.6-7L22,9.2l-7.2-0.6L12,2L9.2,8.6L2,9.2L7.5,14l-1.6,7L12,17.3z\" \/>\n<\/svg>\n<\/span>\n<span>\n<svg xmlns=\"http:\/\/www.w3.org\/2000\/svg\" width=\"24\" height=\"24\" viewBox=\"0 0 24 24\">\n\t<path class=\"\" fill=\"currentColor\" stroke=\"currentColor\" d=\"M12,17.3l6.2,3.7l-1.6-7L22,9.2l-7.2-0.6L12,2L9.2,8.6L2,9.2L7.5,14l-1.6,7L12,17.3z\" \/>\n<\/svg>\n<\/span><\/span><span itemprop=\"ratingValue\" class=\"screen-reader-text\" content=\"5\">Note\u00a0: 5\u00a0sur 5.<\/span><\/div>\n\n<div class=\"wp-block-image\">\n<figure class=\"aligncenter size-full is-resized\"><img fetchpriority=\"high\" decoding=\"async\" width=\"661\" height=\"462\" src=\"https:\/\/www.ifsi-clermont60.fr\/site\/wp-content\/uploads\/2024\/11\/AFGSU-II-image-et-chiffre-2024.jpg\" alt=\"\" class=\"wp-image-4899\" style=\"width:326px;height:auto\" srcset=\"https:\/\/www.ifsi-clermont60.fr\/site\/wp-content\/uploads\/2024\/11\/AFGSU-II-image-et-chiffre-2024.jpg 661w, https:\/\/www.ifsi-clermont60.fr\/site\/wp-content\/uploads\/2024\/11\/AFGSU-II-image-et-chiffre-2024-300x210.jpg 300w\" sizes=\"(max-width: 661px) 100vw, 661px\" \/><\/figure>\n<\/div><\/details>\n\n\n\n<details class=\"wp-block-details is-layout-flow wp-block-details-is-layout-flow\"><summary><strong>Indicateur de r\u00e9sultat pour l&rsquo;apprentissage (national)<\/strong><\/summary>\n<p><\/p>\n<\/details>\n\n\n<div class=\"wp-block-image\">\n<figure class=\"aligncenter size-large is-resized\"><img decoding=\"async\" width=\"1024\" height=\"326\" src=\"https:\/\/www.ifsi-clermont60.fr\/site\/wp-content\/uploads\/2026\/01\/image-1-1024x326.png\" alt=\"\" class=\"wp-image-6345\" style=\"width:729px;height:auto\" srcset=\"https:\/\/www.ifsi-clermont60.fr\/site\/wp-content\/uploads\/2026\/01\/image-1-1024x326.png 1024w, https:\/\/www.ifsi-clermont60.fr\/site\/wp-content\/uploads\/2026\/01\/image-1-300x95.png 300w, https:\/\/www.ifsi-clermont60.fr\/site\/wp-content\/uploads\/2026\/01\/image-1-768x244.png 768w, https:\/\/www.ifsi-clermont60.fr\/site\/wp-content\/uploads\/2026\/01\/image-1.png 1119w\" sizes=\"(max-width: 1024px) 100vw, 1024px\" \/><figcaption class=\"wp-element-caption\">Statistiques pour les ann\u00e9es scolaires 2022-2023 et 2023-2024 cumul\u00e9es &#8211; <a href=\"https:\/\/www.inserjeunes.education.gouv.fr\/diffusion\/etablissement?id_uai=0596817P&amp;sort=taux_poursuite_etudes\">Cliquez ici pour consulter le site<\/a><\/figcaption><\/figure>\n<\/div>\n\n\n<details class=\"wp-block-details is-layout-flow wp-block-details-is-layout-flow\"><summary><strong>Satisfaction des stagiaires France Travail <br><\/strong><\/summary>\n<p><\/p>\n<\/details>\n\n\n\n<div class=\"wp-block-columns is-layout-flex wp-container-core-columns-is-layout-9d6595d7 wp-block-columns-is-layout-flex\">\n<div class=\"wp-block-column is-layout-flow wp-block-column-is-layout-flow\">\n<figure class=\"wp-block-image size-large is-resized\"><img decoding=\"async\" width=\"917\" height=\"1024\" src=\"https:\/\/www.ifsi-clermont60.fr\/site\/wp-content\/uploads\/2026\/01\/anotea-1-1-917x1024.jpg\" alt=\"\" class=\"wp-image-6375\" style=\"aspect-ratio:0.8955304254173398;width:277px;height:auto\" srcset=\"https:\/\/www.ifsi-clermont60.fr\/site\/wp-content\/uploads\/2026\/01\/anotea-1-1-917x1024.jpg 917w, https:\/\/www.ifsi-clermont60.fr\/site\/wp-content\/uploads\/2026\/01\/anotea-1-1-269x300.jpg 269w, https:\/\/www.ifsi-clermont60.fr\/site\/wp-content\/uploads\/2026\/01\/anotea-1-1-768x858.jpg 768w, https:\/\/www.ifsi-clermont60.fr\/site\/wp-content\/uploads\/2026\/01\/anotea-1-1.jpg 1179w\" sizes=\"(max-width: 917px) 100vw, 917px\" \/><figcaption class=\"wp-element-caption\">Site Anotea<\/figcaption><\/figure>\n<\/div>\n\n\n\n<div class=\"wp-block-column is-layout-flow wp-block-column-is-layout-flow\">\n<figure class=\"wp-block-image size-large is-resized\"><img loading=\"lazy\" decoding=\"async\" width=\"639\" height=\"1024\" src=\"https:\/\/www.ifsi-clermont60.fr\/site\/wp-content\/uploads\/2026\/01\/anotea-2-639x1024.jpg\" alt=\"\" class=\"wp-image-6376\" style=\"aspect-ratio:0.6240296442224255;width:196px;height:auto\" srcset=\"https:\/\/www.ifsi-clermont60.fr\/site\/wp-content\/uploads\/2026\/01\/anotea-2-639x1024.jpg 639w, https:\/\/www.ifsi-clermont60.fr\/site\/wp-content\/uploads\/2026\/01\/anotea-2-187x300.jpg 187w, https:\/\/www.ifsi-clermont60.fr\/site\/wp-content\/uploads\/2026\/01\/anotea-2-768x1230.jpg 768w, https:\/\/www.ifsi-clermont60.fr\/site\/wp-content\/uploads\/2026\/01\/anotea-2-959x1536.jpg 959w, https:\/\/www.ifsi-clermont60.fr\/site\/wp-content\/uploads\/2026\/01\/anotea-2.jpg 1179w\" sizes=\"(max-width: 639px) 100vw, 639px\" \/><\/figure>\n<\/div>\n<\/div>\n","protected":false},"excerpt":{"rendered":"","protected":false},"author":2,"featured_media":0,"parent":0,"menu_order":0,"comment_status":"closed","ping_status":"closed","template":"","meta":{"footnotes":""},"class_list":["post-5999","page","type-page","status-publish","hentry"],"jetpack_sharing_enabled":true,"_links":{"self":[{"href":"https:\/\/www.ifsi-clermont60.fr\/site\/index.php\/wp-json\/wp\/v2\/pages\/5999","targetHints":{"allow":["GET"]}}],"collection":[{"href":"https:\/\/www.ifsi-clermont60.fr\/site\/index.php\/wp-json\/wp\/v2\/pages"}],"about":[{"href":"https:\/\/www.ifsi-clermont60.fr\/site\/index.php\/wp-json\/wp\/v2\/types\/page"}],"author":[{"embeddable":true,"href":"https:\/\/www.ifsi-clermont60.fr\/site\/index.php\/wp-json\/wp\/v2\/users\/2"}],"replies":[{"embeddable":true,"href":"https:\/\/www.ifsi-clermont60.fr\/site\/index.php\/wp-json\/wp\/v2\/comments?post=5999"}],"version-history":[{"count":18,"href":"https:\/\/www.ifsi-clermont60.fr\/site\/index.php\/wp-json\/wp\/v2\/pages\/5999\/revisions"}],"predecessor-version":[{"id":6465,"href":"https:\/\/www.ifsi-clermont60.fr\/site\/index.php\/wp-json\/wp\/v2\/pages\/5999\/revisions\/6465"}],"wp:attachment":[{"href":"https:\/\/www.ifsi-clermont60.fr\/site\/index.php\/wp-json\/wp\/v2\/media?parent=5999"}],"curies":[{"name":"wp","href":"https:\/\/api.w.org\/{rel}","templated":true}]}}