{"id":5058,"date":"2025-03-27T14:17:50","date_gmt":"2025-03-27T13:17:50","guid":{"rendered":"https:\/\/www.ifsi-clermont60.fr\/site\/?page_id=5058"},"modified":"2025-03-27T14:38:01","modified_gmt":"2025-03-27T13:38:01","slug":"optimiser-la-prise-en-soins-des-patients-et-ou-residents","status":"publish","type":"page","link":"https:\/\/www.ifsi-clermont60.fr\/site\/index.php\/optimiser-la-prise-en-soins-des-patients-et-ou-residents\/","title":{"rendered":"Optimiser la prise en soins des patients et\/ou r\u00e9sidents"},"content":{"rendered":"\n<p><em>(cliquer sur le nom de la formation d\u00e9sir\u00e9e pour avoir le d\u00e9tail)<\/em><\/p>\n\n\n\n<p><a href=\"https:\/\/www.ifsi-clermont60.fr\/site\/decouvrirsm.jpg\" target=\"_blank\" rel=\"noreferrer noopener\">D\u00e9couvrir la sant\u00e9 mentale et le handicap psychique pour mieux appr\u00e9hender la relation avec l&rsquo;usager<\/a><\/p>\n\n\n\n<p><a href=\"https:\/\/www.ifsi-clermont60.fr\/site\/formationpssm.jpg\" target=\"_blank\" rel=\"noreferrer noopener\">Formation PSSM : Premier secours en Sant\u00e9 Mentale<\/a><\/p>\n\n\n\n<p><\/p>\n\n\n\n<p><a href=\"https:\/\/www.ifsi-clermont60.fr\/site\/reacfgsuniv1.jpg\" target=\"_blank\" rel=\"noreferrer noopener\">R\u00e9actualisation de formation aux gestes de soins d&rsquo;urgence de niveau I<\/a><\/p>\n\n\n\n<p><a href=\"https:\/\/www.ifsi-clermont60.fr\/site\/reacfgsuniv2.jpg\" target=\"_blank\" rel=\"noreferrer noopener\">R\u00e9actualisation de formation aux gestes de soins d&rsquo;urgence de niveau II<\/a><\/p>\n\n\n\n<p><a href=\"https:\/\/www.ifsi-clermont60.fr\/site\/initiationETP.jpg\" target=\"_blank\" rel=\"noreferrer noopener\">Initiation \u00e0 l&rsquo;\u00e9ducation th\u00e9rapeutique du patient<\/a><\/p>\n\n\n\n<p><a href=\"https:\/\/www.ifsi-clermont60.fr\/site\/culturepall.jpg\" target=\"_blank\" rel=\"noreferrer noopener\">La culture palliative<\/a><\/p>\n\n\n\n<p><a href=\"https:\/\/www.ifsi-clermont60.fr\/site\/simuvieillissement.jpg\" target=\"_blank\" rel=\"noreferrer noopener\">Simuler le vieillissement pour mieux comprendre la personne \u00e2g\u00e9e en perte d&rsquo;autonomie<\/a><\/p>\n\n\n\n<p><a href=\"https:\/\/www.ifsi-clermont60.fr\/site\/formmodulaire.jpg\" target=\"_blank\" rel=\"noreferrer noopener\">Formation modulaire pour participer aux soins d&rsquo;hygi\u00e8ne, de confort et de bien-\u00eatre de la personne \u00e2g\u00e9e<\/a><\/p>\n\n\n\n<p><\/p>\n\n\n\n<p><a href=\"https:\/\/www.ifsi-clermont60.fr\/site\/actucompas2021.jpg\" target=\"_blank\" rel=\"noreferrer noopener\">Actualisation des comp\u00e9tences des aides-soignants dipl\u00f4m\u00e9s avant la r\u00e9ing\u00e9nierie di dipl\u00f4me d&rsquo;\u00e9tat de 2021<\/a><\/p>\n\n\n\n<p><\/p>\n\n\n\n<p><a href=\"https:\/\/www.ifsi-clermont60.fr\/site\/mieuxcomprendrepa.jpg\" target=\"_blank\" rel=\"noreferrer noopener\">Mieux comprendre la personne \u00e2g\u00e9e pr\u00e9sentant un handicap psychique et des troubles cognitifs<\/a><\/p>\n","protected":false},"excerpt":{"rendered":"<p>(cliquer sur le nom de la formation d\u00e9sir\u00e9e pour avoir le d\u00e9tail) D\u00e9couvrir la sant\u00e9 mentale et le handicap psychique pour mieux appr\u00e9hender la relation avec l&rsquo;usager Formation PSSM :&hellip;<\/p>\n","protected":false},"author":1,"featured_media":0,"parent":0,"menu_order":0,"comment_status":"closed","ping_status":"closed","template":"","meta":{"footnotes":""},"class_list":["post-5058","page","type-page","status-publish","hentry"],"jetpack_sharing_enabled":true,"_links":{"self":[{"href":"https:\/\/www.ifsi-clermont60.fr\/site\/index.php\/wp-json\/wp\/v2\/pages\/5058","targetHints":{"allow":["GET"]}}],"collection":[{"href":"https:\/\/www.ifsi-clermont60.fr\/site\/index.php\/wp-json\/wp\/v2\/pages"}],"about":[{"href":"https:\/\/www.ifsi-clermont60.fr\/site\/index.php\/wp-json\/wp\/v2\/types\/page"}],"author":[{"embeddable":true,"href":"https:\/\/www.ifsi-clermont60.fr\/site\/index.php\/wp-json\/wp\/v2\/users\/1"}],"replies":[{"embeddable":true,"href":"https:\/\/www.ifsi-clermont60.fr\/site\/index.php\/wp-json\/wp\/v2\/comments?post=5058"}],"version-history":[{"count":13,"href":"https:\/\/www.ifsi-clermont60.fr\/site\/index.php\/wp-json\/wp\/v2\/pages\/5058\/revisions"}],"predecessor-version":[{"id":5074,"href":"https:\/\/www.ifsi-clermont60.fr\/site\/index.php\/wp-json\/wp\/v2\/pages\/5058\/revisions\/5074"}],"wp:attachment":[{"href":"https:\/\/www.ifsi-clermont60.fr\/site\/index.php\/wp-json\/wp\/v2\/media?parent=5058"}],"curies":[{"name":"wp","href":"https:\/\/api.w.org\/{rel}","templated":true}]}}