{"id":4943,"date":"2024-11-20T16:18:10","date_gmt":"2024-11-20T15:18:10","guid":{"rendered":"https:\/\/www.ifsi-clermont60.fr\/site\/?page_id=4943"},"modified":"2026-02-25T10:18:40","modified_gmt":"2026-02-25T09:18:40","slug":"inclusion-pour-tous","status":"publish","type":"page","link":"https:\/\/www.ifsi-clermont60.fr\/site\/index.php\/inclusion-pour-tous\/","title":{"rendered":"Inclusion pour tous \/ DYS&rsquo;positifs"},"content":{"rendered":"<div class=\"wp-block-image\">\n<figure class=\"aligncenter size-full\"><img fetchpriority=\"high\" decoding=\"async\" width=\"564\" height=\"175\" src=\"https:\/\/www.ifsi-clermont60.fr\/site\/wp-content\/uploads\/2025\/02\/image-3.png\" alt=\"\" class=\"wp-image-5013\" srcset=\"https:\/\/www.ifsi-clermont60.fr\/site\/wp-content\/uploads\/2025\/02\/image-3.png 564w, https:\/\/www.ifsi-clermont60.fr\/site\/wp-content\/uploads\/2025\/02\/image-3-300x93.png 300w\" sizes=\"(max-width: 564px) 100vw, 564px\" \/><\/figure>\n<\/div>\n\n\n<p><strong>Compensation du handicap et accompagnement des \u00e9tudiants \/\u00e9l\u00e8ves en situation de handicap<\/strong><\/p>\n\n\n\n<div class=\"wp-block-buttons is-content-justification-center is-layout-flex wp-container-core-buttons-is-layout-16018d1d wp-block-buttons-is-layout-flex\">\n<div class=\"wp-block-button\"><a class=\"wp-block-button__link has-text-align-center wp-element-button\" href=\"https:\/\/www.ifsi-clermont60.fr\/site\/wp-content\/uploads\/2025\/08\/POLITIQUE-INCLUSIVE-2025-26.pdf\" style=\"border-top-left-radius:0px;border-top-right-radius:0px;border-bottom-left-radius:0px;border-bottom-right-radius:0px\" target=\"_blank\" rel=\"noreferrer noopener\">Politique inclusive<\/a><\/div>\n\n\n\n<div class=\"wp-block-button\"><a class=\"wp-block-button__link has-text-align-center wp-element-button\" href=\"https:\/\/www.ifsi-clermont60.fr\/site\/index.php\/guide-pratique-et-reglement-interieur-de-linstitut\/\" style=\"border-top-left-radius:0px;border-top-right-radius:0px;border-bottom-left-radius:0px;border-bottom-right-radius:0px;padding-top:var(--wp--preset--spacing--50);padding-right:var(--wp--preset--spacing--40);padding-bottom:var(--wp--preset--spacing--50);padding-left:var(--wp--preset--spacing--40)\" target=\"_blank\" rel=\"noreferrer noopener\"><strong>Extrait du guide\u00a0r\u00e8glement int\u00e9rieur IFSI\/IFAS<\/strong> (Cliquez ici) &#8211; Chap. II 1.23 Article 21 : Compensation du handicap p.41)<\/a><\/div>\n<\/div>\n\n\n\n<p>La cr\u00e9ation d\u2019un groupe de p\u00e9dagogie inclusive \u00e0 l&rsquo;institut s\u2019inscrit dans la dynamique d\u2019\u00e9volution des modes d\u2019enseignement et d\u2019accompagnement dans les formations param\u00e9dicales, pour faire de l\u2019IFSI\/IFAS un environnement \u00e9ducatif plus juste et accessible \u00e0 tous.<\/p>\n\n\n\n<hr class=\"wp-block-separator has-alpha-channel-opacity\"\/>\n\n\n\n<p class=\"has-text-align-center\"><strong>Ce que nous faisons : \u00ab&nbsp;l\u2019acc\u00e8s du tout \u00e0 tous&nbsp;\u00bb en plus de l\u2019accompagnement individuel d\u2019aide \u00e0 la r\u00e9ussite<\/strong><\/p>\n\n\n\n<p>Cette posture de l\u2019acc\u00e8s du tout \u00e0 tous s\u2019inscrit dans notre dispositif d\u2019aide \u00e0 la r\u00e9ussite. <br>Elle s\u2019appuie sur la non stigmatisation des \u00e9tudiants comme par exemple&nbsp;: <br>&#8211; La r\u00e9alisation de documents, <br>&#8211; Des PowerPoint adapt\u00e9s \u2026 <br>pour tous les \u00e9tudiants\/\u00e9l\u00e8ves qui ont tous acc\u00e8s aux m\u00eames supports<\/p>\n\n\n\n<p>Notre positionnement est de communiquer, soutenir et accompagner plus particuli\u00e8rement les \u00e9tudiants en situation d\u2019handicaps dits invisibles.<\/p>\n\n\n\n<ul class=\"wp-block-list\">\n<li>La communication est primordiale en amont, d\u00e8s l\u2019entr\u00e9e en formation, lors du suivi p\u00e9dagogique, dans les documents transmis (guide \/ r\u00e8glement int\u00e9rieur.) et ce afin de limiter les freins li\u00e9s aux \u00e9tudiants eux-m\u00eames. Une <strong>brochure est transmise avant chaque rentr\u00e9e avec le dossier d&rsquo;inscription (<a href=\"https:\/\/www.ifsi-clermont60.fr\/site\/wp-content\/uploads\/2025\/09\/Presentation-DYS.pdf\">cliquer ici pour consulter la brochure<\/a>)<\/strong><\/li>\n\n\n\n<li>Le rep\u00e9rage par chaque formateur \u00ab&nbsp;vigie&nbsp;\u00bb est important lors du suivi p\u00e9dagogique est facilitant&nbsp;<\/li>\n\n\n\n<li>Les adaptations des \u00e9crits transmis sont essentielles et sont \u00e0 poursuivre voire d\u00e9velopper<\/li>\n\n\n\n<li>Les am\u00e9nagements d\u2019examens sont organis\u00e9s et les \u00e9tudiants en b\u00e9n\u00e9ficiant sont mis dans de bonnes conditions<\/li>\n<\/ul>\n","protected":false},"excerpt":{"rendered":"<p>Compensation du handicap et accompagnement des \u00e9tudiants \/\u00e9l\u00e8ves en situation de handicap La cr\u00e9ation d\u2019un groupe de p\u00e9dagogie inclusive \u00e0 l&rsquo;institut s\u2019inscrit dans la dynamique d\u2019\u00e9volution des modes d\u2019enseignement et&hellip;<\/p>\n","protected":false},"author":2,"featured_media":0,"parent":0,"menu_order":0,"comment_status":"closed","ping_status":"closed","template":"","meta":{"footnotes":""},"class_list":["post-4943","page","type-page","status-publish","hentry"],"jetpack_sharing_enabled":true,"_links":{"self":[{"href":"https:\/\/www.ifsi-clermont60.fr\/site\/index.php\/wp-json\/wp\/v2\/pages\/4943","targetHints":{"allow":["GET"]}}],"collection":[{"href":"https:\/\/www.ifsi-clermont60.fr\/site\/index.php\/wp-json\/wp\/v2\/pages"}],"about":[{"href":"https:\/\/www.ifsi-clermont60.fr\/site\/index.php\/wp-json\/wp\/v2\/types\/page"}],"author":[{"embeddable":true,"href":"https:\/\/www.ifsi-clermont60.fr\/site\/index.php\/wp-json\/wp\/v2\/users\/2"}],"replies":[{"embeddable":true,"href":"https:\/\/www.ifsi-clermont60.fr\/site\/index.php\/wp-json\/wp\/v2\/comments?post=4943"}],"version-history":[{"count":15,"href":"https:\/\/www.ifsi-clermont60.fr\/site\/index.php\/wp-json\/wp\/v2\/pages\/4943\/revisions"}],"predecessor-version":[{"id":6490,"href":"https:\/\/www.ifsi-clermont60.fr\/site\/index.php\/wp-json\/wp\/v2\/pages\/4943\/revisions\/6490"}],"wp:attachment":[{"href":"https:\/\/www.ifsi-clermont60.fr\/site\/index.php\/wp-json\/wp\/v2\/media?parent=4943"}],"curies":[{"name":"wp","href":"https:\/\/api.w.org\/{rel}","templated":true}]}}

<div class="wp-block-image">
<figure class="aligncenter size-full"><img fetchpriority="high" decoding="async" width="564" height="175" src="https://www.ifsi-clermont60.fr/site/wp-content/uploads/2025/02/image-3.png" alt="" class="wp-image-5013" srcset="https://www.ifsi-clermont60.fr/site/wp-content/uploads/2025/02/image-3.png 564w, https://www.ifsi-clermont60.fr/site/wp-content/uploads/2025/02/image-3-300x93.png 300w" sizes="(max-width: 564px) 100vw, 564px" /></figure>
</div>


<p><strong>Compensation du handicap et accompagnement des étudiants /élèves en situation de handicap</strong></p>



<div class="wp-block-buttons is-content-justification-center is-layout-flex wp-container-core-buttons-is-layout-16018d1d wp-block-buttons-is-layout-flex">
<div class="wp-block-button"><a class="wp-block-button__link has-text-align-center wp-element-button" href="https://www.ifsi-clermont60.fr/site/wp-content/uploads/2025/08/POLITIQUE-INCLUSIVE-2025-26.pdf" style="border-top-left-radius:0px;border-top-right-radius:0px;border-bottom-left-radius:0px;border-bottom-right-radius:0px" target="_blank" rel="noreferrer noopener">Politique inclusive</a></div>



<div class="wp-block-button"><a class="wp-block-button__link has-text-align-center wp-element-button" href="https://www.ifsi-clermont60.fr/site/index.php/guide-pratique-et-reglement-interieur-de-linstitut/" style="border-top-left-radius:0px;border-top-right-radius:0px;border-bottom-left-radius:0px;border-bottom-right-radius:0px;padding-top:var(--wp--preset--spacing--50);padding-right:var(--wp--preset--spacing--40);padding-bottom:var(--wp--preset--spacing--50);padding-left:var(--wp--preset--spacing--40)" target="_blank" rel="noreferrer noopener"><strong>Extrait du guide règlement intérieur IFSI/IFAS</strong> (Cliquez ici) &#8211; Chap. II 1.23 Article 21 : Compensation du handicap p.41)</a></div>
</div>



<p>La création d’un groupe de pédagogie inclusive à l&rsquo;institut s’inscrit dans la dynamique d’évolution des modes d’enseignement et d’accompagnement dans les formations paramédicales, pour faire de l’IFSI/IFAS un environnement éducatif plus juste et accessible à tous.</p>



<hr class="wp-block-separator has-alpha-channel-opacity"/>



<p class="has-text-align-center"><strong>Ce que nous faisons : «&nbsp;l’accès du tout à tous&nbsp;» en plus de l’accompagnement individuel d’aide à la réussite</strong></p>



<p>Cette posture de l’accès du tout à tous s’inscrit dans notre dispositif d’aide à la réussite. <br>Elle s’appuie sur la non stigmatisation des étudiants comme par exemple&nbsp;: <br>&#8211; La réalisation de documents, <br>&#8211; Des PowerPoint adaptés … <br>pour tous les étudiants/élèves qui ont tous accès aux mêmes supports</p>



<p>Notre positionnement est de communiquer, soutenir et accompagner plus particulièrement les étudiants en situation d’handicaps dits invisibles.</p>



<ul class="wp-block-list">
<li>La communication est primordiale en amont, dès l’entrée en formation, lors du suivi pédagogique, dans les documents transmis (guide / règlement intérieur.) et ce afin de limiter les freins liés aux étudiants eux-mêmes. Une <strong>brochure est transmise avant chaque rentrée avec le dossier d&rsquo;inscription (<a href="https://www.ifsi-clermont60.fr/site/wp-content/uploads/2025/09/Presentation-DYS.pdf">cliquer ici pour consulter la brochure</a>)</strong></li>



<li>Le repérage par chaque formateur «&nbsp;vigie&nbsp;» est important lors du suivi pédagogique est facilitant&nbsp;</li>



<li>Les adaptations des écrits transmis sont essentielles et sont à poursuivre voire développer</li>



<li>Les aménagements d’examens sont organisés et les étudiants en bénéficiant sont mis dans de bonnes conditions</li>
</ul>

<p>Compensation du handicap et accompagnement des étudiants /élèves en situation de handicap La création d’un groupe de pédagogie inclusive à l&rsquo;institut s’inscrit dans la dynamique d’évolution des modes d’enseignement et&hellip;</p>
