{"id":4545,"date":"2024-02-28T14:42:23","date_gmt":"2024-02-28T13:42:23","guid":{"rendered":"https:\/\/www.ifsi-clermont60.fr\/site\/?page_id=4545"},"modified":"2026-02-09T16:20:56","modified_gmt":"2026-02-09T15:20:56","slug":"experimentation-pass","status":"publish","type":"page","link":"https:\/\/www.ifsi-clermont60.fr\/site\/index.php\/experimentation-pass\/","title":{"rendered":"Via le PASS (pour une entr\u00e9e en L2)"},"content":{"rendered":"\n<p><\/p>\n\n\n\n<p class=\"has-drop-cap\">Depuis 2022,&nbsp;l&rsquo;institut de formation \u00ab\u00a0Lucien Floury\u00a0\u00bb, dans le cadre du Groupement de Coop\u00e9ration Sanitaire IFSI (GCS),&nbsp; poursuit son partenariat avec l\u2019Unit\u00e9 de Formation et de Recherche de m\u00e9decine (UFR) et l\u2019Universit\u00e9 Picardie Jules Verne dans le cadre de l\u2019<strong>exp\u00e9rimentation PASS<\/strong>.<\/p>\n\n\n\n<div style=\"height:67px\" aria-hidden=\"true\" class=\"wp-block-spacer\"><\/div>\n\n\n\n<p><strong>Qu&rsquo;est ce que le PASS?<br><\/strong>Le <strong>PASS<\/strong> (<em>Parcours d\u2019Acc\u00e8s Sp\u00e9cifique Sant\u00e9<\/em>) est une premi\u00e8re ann\u00e9e universitaire s\u00e9lective en sant\u00e9 propos\u00e9e dans certaines facult\u00e9s. Elle:<strong><br><\/strong>&#8211; remplace l\u2019ancienne PACES <em>(Premi\u00e8re Ann\u00e9e Commune aux \u00c9tudes de Sant\u00e9)<\/em><strong><br><\/strong>&#8211; permet d\u2019acc\u00e9der \u00e0 plusieurs fili\u00e8res de sant\u00e9 : m\u00e9decine, pharmacie, ma\u00efeutique (sage-femme), odontologie (dentiste), kin\u00e9sith\u00e9rapie, etc.<\/p>\n\n\n\n<p><strong>Comment entrer \u00e0 l&rsquo;IFSI de Clermont via le PASS?<br><\/strong>Le PASS inclut aussi une <strong>option \u00ab sciences du soin \u00bb <\/strong>qui donne la possibilit\u00e9 d\u2019\u00eatre <strong>reclass\u00e9 en deuxi\u00e8me ann\u00e9e en formation infirmi\u00e8re<\/strong> (en L2 IFSI) si certaines conditions sont remplies:<strong><br><\/strong>&#8211; Avoir valid\u00e9 son ann\u00e9e de PASS avec les 60 cr\u00e9dits ECTS<strong><br><\/strong>&#8211; Avoir choisi l\u2019option \u00ab sciences du soin \u00bb sur Parcoursup<strong><br><\/strong>&#8211; Selon les places disponibles de l&rsquo;IFSI<strong><br><\/strong>Pour tout compl\u00e9ment d&rsquo;information, vous pouvez vous rapprocher de l&rsquo;UPJV (Amiens) ou de l&rsquo;IFSI de Clermont de l&rsquo;Oise (<a href=\"https:\/\/www.ifsi-clermont60.fr\/site\/index.php\/contacts\/\">contact IFSI ici<\/a>)<\/p>\n\n\n\n<p>Le PASS est plut\u00f4t conseill\u00e9 si vous poss\u00e8dez un bon niveau scientifique et h\u00e9sitez entre plusieurs m\u00e9tiers de sant\u00e9.<\/p>\n\n\n\n<figure class=\"wp-block-table\"><table><thead><tr><th class=\"has-text-align-center\" data-align=\"center\">Ann\u00e9e<\/th><th class=\"has-text-align-center\" data-align=\"center\">Nb d&rsquo;\u00e9tudiant PASS<\/th><th>Suivi<\/th><\/tr><\/thead><tbody><tr><td class=\"has-text-align-center\" data-align=\"center\">2023 &#8211; 2024<\/td><td class=\"has-text-align-center\" data-align=\"center\">1<\/td><td>poursuite des \u00e9tudes en m\u00e9decine apr\u00e8s avoir valid\u00e9 sa 2\u00e8me ann\u00e9e<\/td><\/tr><tr><td class=\"has-text-align-center\" data-align=\"center\">2025 &#8211; 2026<\/td><td class=\"has-text-align-center\" data-align=\"center\">3<\/td><td>en cours de formation<\/td><\/tr><\/tbody><\/table><figcaption class=\"wp-element-caption\">Depuis la mise en place de cette exp\u00e9rimentation, suivi de notre accueil des \u00e9tudiants PASS<\/figcaption><\/figure>\n\n\n\n<div class=\"wp-block-buttons is-layout-flex wp-block-buttons-is-layout-flex\">\n<div class=\"wp-block-button has-custom-width wp-block-button__width-100 is-style-fill\"><a class=\"wp-block-button__link has-background wp-element-button\" href=\"https:\/\/www.enseignementsup-recherche.gouv.fr\/fr\/le-parcours-d-acces-specifique-sante-pass-et-la-licence-acces-sante-las-50951\" style=\"border-radius:0px;background:linear-gradient(135deg,rgb(2,3,129) 0%,rgb(40,116,252) 0%)\" target=\"_blank\" rel=\"noreferrer noopener\">Pour plus d&rsquo;infos, cliquez ici<\/a><\/div>\n<\/div>\n","protected":false},"excerpt":{"rendered":"<p>Depuis 2022,&nbsp;l&rsquo;institut de formation \u00ab\u00a0Lucien Floury\u00a0\u00bb, dans le cadre du Groupement de Coop\u00e9ration Sanitaire IFSI (GCS),&nbsp; poursuit son partenariat avec l\u2019Unit\u00e9 de Formation et de Recherche de m\u00e9decine (UFR) et&hellip;<\/p>\n","protected":false},"author":2,"featured_media":0,"parent":0,"menu_order":0,"comment_status":"closed","ping_status":"closed","template":"","meta":{"footnotes":""},"class_list":["post-4545","page","type-page","status-publish","hentry"],"jetpack_sharing_enabled":true,"_links":{"self":[{"href":"https:\/\/www.ifsi-clermont60.fr\/site\/index.php\/wp-json\/wp\/v2\/pages\/4545","targetHints":{"allow":["GET"]}}],"collection":[{"href":"https:\/\/www.ifsi-clermont60.fr\/site\/index.php\/wp-json\/wp\/v2\/pages"}],"about":[{"href":"https:\/\/www.ifsi-clermont60.fr\/site\/index.php\/wp-json\/wp\/v2\/types\/page"}],"author":[{"embeddable":true,"href":"https:\/\/www.ifsi-clermont60.fr\/site\/index.php\/wp-json\/wp\/v2\/users\/2"}],"replies":[{"embeddable":true,"href":"https:\/\/www.ifsi-clermont60.fr\/site\/index.php\/wp-json\/wp\/v2\/comments?post=4545"}],"version-history":[{"count":9,"href":"https:\/\/www.ifsi-clermont60.fr\/site\/index.php\/wp-json\/wp\/v2\/pages\/4545\/revisions"}],"predecessor-version":[{"id":6458,"href":"https:\/\/www.ifsi-clermont60.fr\/site\/index.php\/wp-json\/wp\/v2\/pages\/4545\/revisions\/6458"}],"wp:attachment":[{"href":"https:\/\/www.ifsi-clermont60.fr\/site\/index.php\/wp-json\/wp\/v2\/media?parent=4545"}],"curies":[{"name":"wp","href":"https:\/\/api.w.org\/{rel}","templated":true}]}}