{"id":4242,"date":"2023-12-05T16:24:06","date_gmt":"2023-12-05T15:24:06","guid":{"rendered":"https:\/\/www.ifsi-clermont60.fr\/site\/?page_id=4242"},"modified":"2023-12-06T10:58:14","modified_gmt":"2023-12-06T09:58:14","slug":"vivre-dans-loise","status":"publish","type":"page","link":"https:\/\/www.ifsi-clermont60.fr\/site\/index.php\/vivre-dans-loise\/","title":{"rendered":"Vivre dans l&rsquo;Oise"},"content":{"rendered":"\n<p class=\"has-medium-font-size\"><strong><span style=\"background-color:rgba(0, 0, 0, 0)\" class=\"has-inline-color has-luminous-vivid-orange-color\">D\u00e9couvrir Clermont<\/span><\/strong><\/p>\n\n\n\n<p>L&rsquo;institut de formation \u00ab\u00a0Lucien Floury\u00a0\u00bb est situ\u00e9 dans le CHI dans la ville de Clermont de l&rsquo;Oise, soit \u00e0 moins d&rsquo;une heure de Paris et d&rsquo;Amiens !<\/p>\n\n\n\n<figure class=\"wp-block-embed is-type-wp-embed is-provider-ville-de-clermont-oise-site-officiel wp-block-embed-ville-de-clermont-oise-site-officiel\"><div class=\"wp-block-embed__wrapper\">\n<blockquote class=\"wp-embedded-content\" data-secret=\"rQSkuNij0s\"><a href=\"https:\/\/www.clermont-oise.fr\/ville\/\">La Ville<\/a><\/blockquote><iframe class=\"wp-embedded-content\" sandbox=\"allow-scripts\" security=\"restricted\" style=\"position: absolute; visibility: hidden;\" title=\"\u00ab\u00a0La Ville\u00a0\u00bb &#8212; Ville de Clermont (Oise) - Site Officiel\" src=\"https:\/\/www.clermont-oise.fr\/ville\/embed\/#?secret=FyxpW4Jt88#?secret=rQSkuNij0s\" data-secret=\"rQSkuNij0s\" width=\"500\" height=\"282\" frameborder=\"0\" marginwidth=\"0\" marginheight=\"0\" scrolling=\"no\"><\/iframe>\n<\/div><\/figure>\n\n\n\n<p class=\"has-medium-font-size\"><strong><span style=\"background-color:rgba(0, 0, 0, 0)\" class=\"has-inline-color has-luminous-vivid-orange-color\">L&rsquo;Oise, un d\u00e9partement qui n&rsquo;a rien \u00e0 envier !<\/span><\/strong><\/p>\n\n\n\n<figure class=\"wp-block-embed is-type-video is-provider-youtube wp-block-embed-youtube wp-embed-aspect-16-9 wp-has-aspect-ratio\"><div class=\"wp-block-embed__wrapper\">\n<iframe title=\"J&#039;aime l&#039;Oise !\" width=\"500\" height=\"281\" src=\"https:\/\/www.youtube.com\/embed\/1H6lGFAXCzg?feature=oembed\" frameborder=\"0\" allow=\"accelerometer; autoplay; clipboard-write; encrypted-media; gyroscope; picture-in-picture; web-share\" referrerpolicy=\"strict-origin-when-cross-origin\" allowfullscreen><\/iframe>\n<\/div><\/figure>\n\n\n\n<hr class=\"wp-block-separator has-text-color has-luminous-vivid-orange-color has-alpha-channel-opacity has-luminous-vivid-orange-background-color has-background is-style-wide\"\/>\n\n\n\n<p class=\"has-medium-font-size\"><strong><span style=\"background-color:rgba(0, 0, 0, 0)\" class=\"has-inline-color has-luminous-vivid-orange-color\">L&rsquo;Oise, une collectivit\u00e9 de proximit\u00e9 \u00e0 vos c\u00f4t\u00e9s<\/span><\/strong><\/p>\n\n\n<div class=\"wp-block-image\">\n<figure class=\"aligncenter size-full\"><a href=\"https:\/\/www.oise.fr\/\"><img fetchpriority=\"high\" decoding=\"async\" width=\"361\" height=\"328\" src=\"https:\/\/www.ifsi-clermont60.fr\/site\/wp-content\/uploads\/2023\/12\/image-3.png\" alt=\"\" class=\"wp-image-4268\" srcset=\"https:\/\/www.ifsi-clermont60.fr\/site\/wp-content\/uploads\/2023\/12\/image-3.png 361w, https:\/\/www.ifsi-clermont60.fr\/site\/wp-content\/uploads\/2023\/12\/image-3-300x273.png 300w\" sizes=\"(max-width: 361px) 100vw, 361px\" \/><\/a><\/figure>\n<\/div>","protected":false},"excerpt":{"rendered":"<p>D\u00e9couvrir Clermont L&rsquo;institut de formation \u00ab\u00a0Lucien Floury\u00a0\u00bb est situ\u00e9 dans le CHI dans la ville de Clermont de l&rsquo;Oise, soit \u00e0 moins d&rsquo;une heure de Paris et d&rsquo;Amiens ! L&rsquo;Oise,&hellip;<\/p>\n","protected":false},"author":2,"featured_media":0,"parent":0,"menu_order":0,"comment_status":"closed","ping_status":"closed","template":"","meta":{"footnotes":""},"class_list":["post-4242","page","type-page","status-publish","hentry"],"jetpack_sharing_enabled":true,"_links":{"self":[{"href":"https:\/\/www.ifsi-clermont60.fr\/site\/index.php\/wp-json\/wp\/v2\/pages\/4242","targetHints":{"allow":["GET"]}}],"collection":[{"href":"https:\/\/www.ifsi-clermont60.fr\/site\/index.php\/wp-json\/wp\/v2\/pages"}],"about":[{"href":"https:\/\/www.ifsi-clermont60.fr\/site\/index.php\/wp-json\/wp\/v2\/types\/page"}],"author":[{"embeddable":true,"href":"https:\/\/www.ifsi-clermont60.fr\/site\/index.php\/wp-json\/wp\/v2\/users\/2"}],"replies":[{"embeddable":true,"href":"https:\/\/www.ifsi-clermont60.fr\/site\/index.php\/wp-json\/wp\/v2\/comments?post=4242"}],"version-history":[{"count":12,"href":"https:\/\/www.ifsi-clermont60.fr\/site\/index.php\/wp-json\/wp\/v2\/pages\/4242\/revisions"}],"predecessor-version":[{"id":4267,"href":"https:\/\/www.ifsi-clermont60.fr\/site\/index.php\/wp-json\/wp\/v2\/pages\/4242\/revisions\/4267"}],"wp:attachment":[{"href":"https:\/\/www.ifsi-clermont60.fr\/site\/index.php\/wp-json\/wp\/v2\/media?parent=4242"}],"curies":[{"name":"wp","href":"https:\/\/api.w.org\/{rel}","templated":true}]}}