{"id":4067,"date":"2023-11-29T10:26:14","date_gmt":"2023-11-29T09:26:14","guid":{"rendered":"https:\/\/www.ifsi-clermont60.fr\/site\/?page_id=4067"},"modified":"2026-02-04T16:02:04","modified_gmt":"2026-02-04T15:02:04","slug":"contacts","status":"publish","type":"page","link":"https:\/\/www.ifsi-clermont60.fr\/site\/index.php\/contacts\/","title":{"rendered":"Nous contacter"},"content":{"rendered":"\n<p><\/p>\n\n\n\n<p class=\"has-text-align-center\"><br>L&rsquo;\u00e9quipe administrative apporte le soutien indispensable aux activit\u00e9s de l&rsquo;institut sur le plan financier, administratif et \u00e9galement pour toutes les op\u00e9rations de commande\/facturation.<\/p>\n\n\n\n<p class=\"has-text-align-center\"><br><strong>L&rsquo;\u00e9quipe administrative<\/strong>:<\/p>\n\n\n\n<div class=\"wp-block-columns is-layout-flex wp-container-core-columns-is-layout-9d6595d7 wp-block-columns-is-layout-flex\">\n<div class=\"wp-block-column is-layout-flow wp-block-column-is-layout-flow\">\n<p class=\"has-text-align-center\">Vous accueille, vous oriente et vous renseigne sur toutes vos d\u00e9marches administratives et financi\u00e8res<\/p>\n<\/div>\n\n\n\n<div class=\"wp-block-column is-layout-flow wp-block-column-is-layout-flow\">\n<figure class=\"wp-block-image size-full\"><img fetchpriority=\"high\" decoding=\"async\" width=\"399\" height=\"354\" src=\"https:\/\/www.ifsi-clermont60.fr\/site\/wp-content\/uploads\/2025\/02\/image-2.png\" alt=\"\" class=\"wp-image-5008\" srcset=\"https:\/\/www.ifsi-clermont60.fr\/site\/wp-content\/uploads\/2025\/02\/image-2.png 399w, https:\/\/www.ifsi-clermont60.fr\/site\/wp-content\/uploads\/2025\/02\/image-2-300x266.png 300w\" sizes=\"(max-width: 399px) 100vw, 399px\" \/><\/figure>\n<\/div>\n\n\n\n<div class=\"wp-block-column is-layout-flow wp-block-column-is-layout-flow\">\n<p class=\"has-text-align-center\">Vous renseigne sur les modalit\u00e9s d&rsquo;admission \u00e0 l&rsquo;institut (IFSI IFAS), vos demandes de mutations, etc.<\/p>\n<\/div>\n<\/div>\n\n\n\n<p class=\"has-text-align-center\">Heures d\u2019ouverture:<br><strong>Ouvert du lundi au vendredi de 9h \u00e0 12h et de 13h \u00e0 16h30.<\/strong><br><em>Ferm\u00e9 les Samedis et Dimanches<\/em><\/p>\n\n\n\n<hr class=\"wp-block-separator has-alpha-channel-opacity\"\/>\n\n\n\n<p class=\"has-text-align-center\"><strong>Dates de fermeture de l&rsquo;Institut de Formation:\u00a0<\/strong><br>Du 25 D\u00e9cembre 2026 au 01 Janvier 2027 inclus <\/p>\n\n\n<style id=\"wpforms-css-vars-4059-block-2695a5cc-60cf-463e-bcd7-95d7e84cf8ab\">\n\t\t\t\t#wpforms-4059.wpforms-block-2695a5cc-60cf-463e-bcd7-95d7e84cf8ab {\n\t\t\t\t--wpforms-field-size-input-height: 43px;\n--wpforms-field-size-input-spacing: 15px;\n--wpforms-field-size-font-size: 16px;\n--wpforms-field-size-line-height: 19px;\n--wpforms-field-size-padding-h: 14px;\n--wpforms-field-size-checkbox-size: 16px;\n--wpforms-field-size-sublabel-spacing: 5px;\n--wpforms-field-size-icon-size: 1;\n--wpforms-label-size-font-size: 16px;\n--wpforms-label-size-line-height: 19px;\n--wpforms-label-size-sublabel-font-size: 14px;\n--wpforms-label-size-sublabel-line-height: 17px;\n--wpforms-button-size-font-size: 17px;\n--wpforms-button-size-height: 41px;\n--wpforms-button-size-padding-h: 15px;\n--wpforms-button-size-margin-top: 10px;\n\t\t\t}\n\t\t\t<\/style><div class=\"wpforms-container wpforms-container-full wpforms-block wpforms-block-2695a5cc-60cf-463e-bcd7-95d7e84cf8ab wpforms-render-modern\" id=\"wpforms-4059\"><form id=\"wpforms-form-4059\" class=\"wpforms-validate wpforms-form wpforms-ajax-form\" data-formid=\"4059\" method=\"post\" enctype=\"multipart\/form-data\" action=\"\/site\/index.php\/wp-json\/wp\/v2\/pages\/4067\" data-token=\"cf20c2a9084525021d69337007a7b514\" data-token-time=\"1778090477\"><noscript class=\"wpforms-error-noscript\">Veuillez activer JavaScript dans votre navigateur pour remplir ce formulaire.<\/noscript><div id=\"wpforms-error-noscript\" style=\"display: none;\">Veuillez activer JavaScript dans votre navigateur pour remplir ce formulaire.<\/div><div class=\"wpforms-field-container\"><div id=\"wpforms-4059-field_0-container\" class=\"wpforms-field wpforms-field-name\" data-field-id=\"0\"><fieldset><legend class=\"wpforms-field-label\">Pr\u00e9nom \/ Nom <span class=\"wpforms-required-label\" aria-hidden=\"true\">*<\/span><\/legend><div class=\"wpforms-field-row wpforms-field-medium\"><div class=\"wpforms-field-row-block wpforms-first wpforms-one-half\"><input type=\"text\" id=\"wpforms-4059-field_0\" class=\"wpforms-field-name-first wpforms-field-required\" name=\"wpforms[fields][0][first]\" aria-errormessage=\"wpforms-4059-field_0-error\" required><label for=\"wpforms-4059-field_0\" class=\"wpforms-field-sublabel after\">Pr\u00e9nom<\/label><\/div><div class=\"wpforms-field-row-block wpforms-one-half\"><input type=\"text\" id=\"wpforms-4059-field_0-last\" class=\"wpforms-field-name-last wpforms-field-required\" name=\"wpforms[fields][0][last]\" aria-errormessage=\"wpforms-4059-field_0-last-error\" required><label for=\"wpforms-4059-field_0-last\" class=\"wpforms-field-sublabel after\">Nom<\/label><\/div><\/div><\/fieldset><\/div><div id=\"wpforms-4059-field_1-container\" class=\"wpforms-field wpforms-field-email\" data-field-id=\"1\"><label class=\"wpforms-field-label\" for=\"wpforms-4059-field_1\">E-mail <span class=\"wpforms-required-label\" aria-hidden=\"true\">*<\/span><\/label><input type=\"email\" id=\"wpforms-4059-field_1\" class=\"wpforms-field-medium wpforms-field-required\" name=\"wpforms[fields][1]\" spellcheck=\"false\" aria-errormessage=\"wpforms-4059-field_1-error\" required><\/div><div id=\"wpforms-4059-field_7-container\" class=\"wpforms-field wpforms-field-select wpforms-field-select-style-modern\" data-field-id=\"7\"><label class=\"wpforms-field-label\" for=\"wpforms-4059-field_7\">Motif de votre demande <span class=\"wpforms-required-label\" aria-hidden=\"true\">*<\/span><\/label><select id=\"wpforms-4059-field_7\" class=\"wpforms-field-medium wpforms-field-required choicesjs-select\" data-size-class=\"wpforms-field-row wpforms-field-medium\" data-search-enabled=\"\" name=\"wpforms[fields][7]\" required=\"required\"><option value=\"\" class=\"placeholder\" disabled  selected='selected'>&#8212; S\u00e9lectionner un choix &#8212;<\/option><option value=\"Demande de devis IFSI\"  class=\"choice-1 depth-1\"  >Demande de devis IFSI<\/option><option value=\"Demande de devis IFAS\"  class=\"choice-2 depth-1\"  >Demande de devis IFAS<\/option><option value=\"Demande de stage\"  class=\"choice-8 depth-1\"  >Demande de stage<\/option><option value=\"Candidature intervenant\"  class=\"choice-9 depth-1\"  >Candidature intervenant<\/option><option value=\"Contact r\u00e9f\u00e9rent handicap\"  class=\"choice-5 depth-1\"  >Contact r\u00e9f\u00e9rent handicap<\/option><option value=\"Autre demande\"  class=\"choice-4 depth-1\"  >Autre demande<\/option><option value=\"R\u00e9clamation\"  class=\"choice-7 depth-1\"  >R\u00e9clamation<\/option><\/select><\/div><div id=\"wpforms-4059-field_2-container\" class=\"wpforms-field wpforms-field-textarea\" data-field-id=\"2\"><label class=\"wpforms-field-label\" for=\"wpforms-4059-field_2\">Commentaire ou message<\/label><textarea id=\"wpforms-4059-field_2\" class=\"wpforms-field-medium\" name=\"wpforms[fields][2]\" aria-errormessage=\"wpforms-4059-field_2-error\" ><\/textarea><\/div><\/div><!-- .wpforms-field-container --><div class=\"wpforms-submit-container\" ><input type=\"hidden\" name=\"wpforms[id]\" value=\"4059\"><input type=\"hidden\" name=\"page_title\" value=\"\"><input type=\"hidden\" name=\"page_url\" value=\"https:\/\/www.ifsi-clermont60.fr\/site\/index.php\/wp-json\/wp\/v2\/pages\/4067\"><input type=\"hidden\" name=\"url_referer\" value=\"\"><button type=\"submit\" name=\"wpforms[submit]\" id=\"wpforms-submit-4059\" class=\"wpforms-submit\" data-alt-text=\"Envoi...\" data-submit-text=\"Envoyer ma demande\" aria-live=\"assertive\" value=\"wpforms-submit\">Envoyer ma demande<\/button><img decoding=\"async\" src=\"https:\/\/www.ifsi-clermont60.fr\/site\/wp-content\/plugins\/wpforms-lite\/assets\/images\/submit-spin.svg\" class=\"wpforms-submit-spinner\" style=\"display: none;\" width=\"26\" height=\"26\" alt=\"Chargement en cours\"><\/div><\/form><\/div>  <!-- .wpforms-container -->","protected":false},"excerpt":{"rendered":"<p>L&rsquo;\u00e9quipe administrative apporte le soutien indispensable aux activit\u00e9s de l&rsquo;institut sur le plan financier, administratif et \u00e9galement pour toutes les op\u00e9rations de commande\/facturation. L&rsquo;\u00e9quipe administrative: Vous accueille, vous oriente et&hellip;<\/p>\n","protected":false},"author":2,"featured_media":0,"parent":0,"menu_order":0,"comment_status":"closed","ping_status":"closed","template":"","meta":{"footnotes":""},"class_list":["post-4067","page","type-page","status-publish","hentry"],"jetpack_sharing_enabled":true,"_links":{"self":[{"href":"https:\/\/www.ifsi-clermont60.fr\/site\/index.php\/wp-json\/wp\/v2\/pages\/4067","targetHints":{"allow":["GET"]}}],"collection":[{"href":"https:\/\/www.ifsi-clermont60.fr\/site\/index.php\/wp-json\/wp\/v2\/pages"}],"about":[{"href":"https:\/\/www.ifsi-clermont60.fr\/site\/index.php\/wp-json\/wp\/v2\/types\/page"}],"author":[{"embeddable":true,"href":"https:\/\/www.ifsi-clermont60.fr\/site\/index.php\/wp-json\/wp\/v2\/users\/2"}],"replies":[{"embeddable":true,"href":"https:\/\/www.ifsi-clermont60.fr\/site\/index.php\/wp-json\/wp\/v2\/comments?post=4067"}],"version-history":[{"count":19,"href":"https:\/\/www.ifsi-clermont60.fr\/site\/index.php\/wp-json\/wp\/v2\/pages\/4067\/revisions"}],"predecessor-version":[{"id":6423,"href":"https:\/\/www.ifsi-clermont60.fr\/site\/index.php\/wp-json\/wp\/v2\/pages\/4067\/revisions\/6423"}],"wp:attachment":[{"href":"https:\/\/www.ifsi-clermont60.fr\/site\/index.php\/wp-json\/wp\/v2\/media?parent=4067"}],"curies":[{"name":"wp","href":"https:\/\/api.w.org\/{rel}","templated":true}]}}