{"id":370,"date":"2018-04-05T11:07:15","date_gmt":"2018-04-05T09:07:15","guid":{"rendered":"http:\/\/www.ifsi-clermont60.fr\/site\/?page_id=370"},"modified":"2026-01-13T14:42:38","modified_gmt":"2026-01-13T13:42:38","slug":"centre-de-ressources-pedagogiques","status":"publish","type":"page","link":"https:\/\/www.ifsi-clermont60.fr\/site\/index.php\/centre-de-ressources-pedagogiques\/","title":{"rendered":"Centre de Documentation"},"content":{"rendered":"\n<ul class=\"wp-block-social-links has-normal-icon-size has-visible-labels is-content-justification-center is-layout-flex wp-container-core-social-links-is-layout-16018d1d wp-block-social-links-is-layout-flex\"><li class=\"wp-social-link wp-social-link-instagram  wp-block-social-link\"><a rel=\"noopener nofollow\" target=\"_blank\" href=\"https:\/\/www.instagram.com\/ifsiclermont60\/\" class=\"wp-block-social-link-anchor\"><svg width=\"24\" height=\"24\" viewBox=\"0 0 24 24\" version=\"1.1\" xmlns=\"http:\/\/www.w3.org\/2000\/svg\" aria-hidden=\"true\" focusable=\"false\"><path d=\"M12,4.622c2.403,0,2.688,0.009,3.637,0.052c0.877,0.04,1.354,0.187,1.671,0.31c0.42,0.163,0.72,0.358,1.035,0.673 c0.315,0.315,0.51,0.615,0.673,1.035c0.123,0.317,0.27,0.794,0.31,1.671c0.043,0.949,0.052,1.234,0.052,3.637 s-0.009,2.688-0.052,3.637c-0.04,0.877-0.187,1.354-0.31,1.671c-0.163,0.42-0.358,0.72-0.673,1.035 c-0.315,0.315-0.615,0.51-1.035,0.673c-0.317,0.123-0.794,0.27-1.671,0.31c-0.949,0.043-1.233,0.052-3.637,0.052 s-2.688-0.009-3.637-0.052c-0.877-0.04-1.354-0.187-1.671-0.31c-0.42-0.163-0.72-0.358-1.035-0.673 c-0.315-0.315-0.51-0.615-0.673-1.035c-0.123-0.317-0.27-0.794-0.31-1.671C4.631,14.688,4.622,14.403,4.622,12 s0.009-2.688,0.052-3.637c0.04-0.877,0.187-1.354,0.31-1.671c0.163-0.42,0.358-0.72,0.673-1.035 c0.315-0.315,0.615-0.51,1.035-0.673c0.317-0.123,0.794-0.27,1.671-0.31C9.312,4.631,9.597,4.622,12,4.622 M12,3 C9.556,3,9.249,3.01,8.289,3.054C7.331,3.098,6.677,3.25,6.105,3.472C5.513,3.702,5.011,4.01,4.511,4.511 c-0.5,0.5-0.808,1.002-1.038,1.594C3.25,6.677,3.098,7.331,3.054,8.289C3.01,9.249,3,9.556,3,12c0,2.444,0.01,2.751,0.054,3.711 c0.044,0.958,0.196,1.612,0.418,2.185c0.23,0.592,0.538,1.094,1.038,1.594c0.5,0.5,1.002,0.808,1.594,1.038 c0.572,0.222,1.227,0.375,2.185,0.418C9.249,20.99,9.556,21,12,21s2.751-0.01,3.711-0.054c0.958-0.044,1.612-0.196,2.185-0.418 c0.592-0.23,1.094-0.538,1.594-1.038c0.5-0.5,0.808-1.002,1.038-1.594c0.222-0.572,0.375-1.227,0.418-2.185 C20.99,14.751,21,14.444,21,12s-0.01-2.751-0.054-3.711c-0.044-0.958-0.196-1.612-0.418-2.185c-0.23-0.592-0.538-1.094-1.038-1.594 c-0.5-0.5-1.002-0.808-1.594-1.038c-0.572-0.222-1.227-0.375-2.185-0.418C14.751,3.01,14.444,3,12,3L12,3z M12,7.378 c-2.552,0-4.622,2.069-4.622,4.622S9.448,16.622,12,16.622s4.622-2.069,4.622-4.622S14.552,7.378,12,7.378z M12,15 c-1.657,0-3-1.343-3-3s1.343-3,3-3s3,1.343,3,3S13.657,15,12,15z M16.804,6.116c-0.596,0-1.08,0.484-1.08,1.08 s0.484,1.08,1.08,1.08c0.596,0,1.08-0.484,1.08-1.08S17.401,6.116,16.804,6.116z\"><\/path><\/svg><span class=\"wp-block-social-link-label\">Instagram<\/span><\/a><\/li><\/ul>\n\n\n\n<h2 class=\"wp-block-heading has-text-align-center has-luminous-vivid-orange-color has-text-color has-medium-font-size\"><mark style=\"background-color:rgba(0, 0, 0, 0)\" class=\"has-inline-color has-luminous-vivid-orange-color\"><strong> Le Centre de Ressources P\u00e9dagogiques (CRP) poss\u00e8de un espace de documentatio<\/strong><\/mark><strong>n<\/strong> <strong>g\u00e9r\u00e9 et anim\u00e9 par un(e) documentaliste<\/strong><\/h2>\n\n\n\n<div class=\"wp-block-columns is-layout-flex wp-container-core-columns-is-layout-9d6595d7 wp-block-columns-is-layout-flex\">\n<div class=\"wp-block-column is-layout-flow wp-block-column-is-layout-flow\">\n<figure class=\"wp-block-image size-full\"><img fetchpriority=\"high\" decoding=\"async\" width=\"768\" height=\"226\" src=\"https:\/\/www.ifsi-clermont60.fr\/site\/wp-content\/uploads\/2023\/11\/image-9.png\" alt=\"\" class=\"wp-image-3980\" srcset=\"https:\/\/www.ifsi-clermont60.fr\/site\/wp-content\/uploads\/2023\/11\/image-9.png 768w, https:\/\/www.ifsi-clermont60.fr\/site\/wp-content\/uploads\/2023\/11\/image-9-300x88.png 300w\" sizes=\"(max-width: 768px) 100vw, 768px\" \/><\/figure>\n<\/div>\n<\/div>\n\n\n\n<p class=\"has-text-align-center has-drop-cap\">Partenaire de l\u2019accompagnement p\u00e9dagogique au sein de l\u2019Institut de formation, le <strong>C<\/strong>entre de <strong>R<\/strong>essources <strong>P<\/strong>\u00e9dagogiques rassemble des moyens p\u00e9dagogiques diversifi\u00e9s de documentation, d\u2019information et d\u2019autoformation utilisant des supports simples (livres, revues, etc.) ou sophistiqu\u00e9s (TICE) mais c\u2019est aussi un lieu d\u2019aide m\u00e9thodologique. <mark><br><\/mark>Le CRP int\u00e8gre un espace documentaire, des services li\u00e9s aux nouvelles technologies (salle informatique) et une aide aux utilisateurs.<\/p>\n\n\n\n<div class=\"wp-block-columns is-layout-flex wp-container-core-columns-is-layout-9d6595d7 wp-block-columns-is-layout-flex\">\n<div class=\"wp-block-column is-layout-flow wp-block-column-is-layout-flow\"><div class=\"wp-block-image\">\n<figure class=\"aligncenter size-full is-resized\"><a href=\"https:\/\/www.ifsi-clermont60.fr\/site\/wp-content\/uploads\/2025\/09\/Reglement_interieur_du_CRP_V8_2025-PDF-POUR-SITE-INTERNET.pdf\" target=\"_blank\" rel=\" noreferrer noopener\"><img decoding=\"async\" width=\"194\" height=\"325\" src=\"https:\/\/www.ifsi-clermont60.fr\/site\/wp-content\/uploads\/2025\/02\/image-6.png\" alt=\"\" class=\"wp-image-5020\" style=\"width:96px;height:auto\" srcset=\"https:\/\/www.ifsi-clermont60.fr\/site\/wp-content\/uploads\/2025\/02\/image-6.png 194w, https:\/\/www.ifsi-clermont60.fr\/site\/wp-content\/uploads\/2025\/02\/image-6-179x300.png 179w\" sizes=\"(max-width: 194px) 100vw, 194px\" \/><\/a><\/figure>\n<\/div><\/div>\n\n\n\n<div class=\"wp-block-column is-layout-flow wp-block-column-is-layout-flow\"><div class=\"wp-block-image\">\n<figure class=\"aligncenter size-full is-resized\"><a href=\"https:\/\/www.ifsi-clermont60.fr\/site\/wp-content\/uploads\/2025\/08\/Plaquette_CRP_Septembre_2025.pdf\" target=\"_blank\" rel=\" noreferrer noopener\"><img decoding=\"async\" width=\"185\" height=\"349\" src=\"https:\/\/www.ifsi-clermont60.fr\/site\/wp-content\/uploads\/2025\/02\/image-5.png\" alt=\"\" class=\"wp-image-5019\" style=\"width:95px;height:auto\" srcset=\"https:\/\/www.ifsi-clermont60.fr\/site\/wp-content\/uploads\/2025\/02\/image-5.png 185w, https:\/\/www.ifsi-clermont60.fr\/site\/wp-content\/uploads\/2025\/02\/image-5-159x300.png 159w\" sizes=\"(max-width: 185px) 100vw, 185px\" \/><\/a><\/figure>\n<\/div><\/div>\n\n\n\n<div class=\"wp-block-column is-layout-flow wp-block-column-is-layout-flow\"><div class=\"wp-block-image\">\n<figure class=\"aligncenter size-full is-resized\"><a href=\"https:\/\/ifsi-chi.centredoc.fr\/\" target=\"_blank\" rel=\" noreferrer noopener\"><img loading=\"lazy\" decoding=\"async\" width=\"249\" height=\"383\" src=\"https:\/\/www.ifsi-clermont60.fr\/site\/wp-content\/uploads\/2025\/02\/image-4.png\" alt=\"\" class=\"wp-image-5018\" style=\"width:114px;height:auto\" srcset=\"https:\/\/www.ifsi-clermont60.fr\/site\/wp-content\/uploads\/2025\/02\/image-4.png 249w, https:\/\/www.ifsi-clermont60.fr\/site\/wp-content\/uploads\/2025\/02\/image-4-195x300.png 195w\" sizes=\"(max-width: 249px) 100vw, 249px\" \/><\/a><\/figure>\n<\/div><\/div>\n<\/div>\n\n\n\n<figure class=\"wp-block-table is-style-stripes has-small-font-size\"><table><thead><tr><th><mark style=\"background-color:rgba(0, 0, 0, 0)\" class=\"has-inline-color has-vivid-cyan-blue-color\">Services propos\u00e9s&nbsp;:<\/mark><\/th><\/tr><\/thead><tbody><tr><td><strong>|<\/strong> Le pr\u00eat de documents (apr\u00e8s inscription)<\/td><\/tr><tr><td><strong>|<\/strong> La consultation sur place<\/td><\/tr><tr><td><strong>|<\/strong> L\u2019aide \u00e0 la recherche avec l\u2019appui de la documentaliste<\/td><\/tr><tr><td><strong>|<\/strong> Recherches documentaires et bibliographiques<\/td><\/tr><tr><td><strong>|<\/strong> Un portail documentaire : <a rel=\"noreferrer noopener\" href=\"https:\/\/ifsi-chi.centredoc.fr\/index.php\" target=\"_blank\">PMB <\/a><br>Accessible en ligne, la base de donn\u00e9es documentaire recense l&rsquo;ensemble des documents disponibles au centre de&nbsp;ressources. Vous pouvez effectuer vos recherches documentaires, r\u00e9server des documents, consulter vos pr\u00eats en cours, etc.<\/td><\/tr><tr><td><strong>|<\/strong> Le Pr\u00eat entre Biblioth\u00e8ques (PEB) <\/td><\/tr><tr><td><strong>|<\/strong> Des produits documentaires (bibliographies, newsletters)<\/td><\/tr><tr><td><strong>|<\/strong> Bo\u00eete de retour de documents<\/td><\/tr><\/tbody><\/table><\/figure>\n\n\n\n<h2 class=\"wp-block-heading has-vivid-cyan-blue-color has-text-color has-medium-font-size\"><strong>Le fonds documentaire<\/strong> : <\/h2>\n\n\n\n<figure class=\"wp-block-table is-style-stripes\"><table class=\"has-fixed-layout\"><tbody><tr><td>Les collections sont d\u00e9velopp\u00e9es autour des formations et projets de l&rsquo;IF.<br>\u25ba <strong>14\u00a0000<\/strong> ouvrages, rapports\/litt\u00e9rature grise, bandes-dessin\u00e9es ;<br>\u25ba Une <strong>vingtaine<\/strong> d\u2019abonnements papier : revues professionnelles et scientifiques ; <br><strong>\u25ba 180<\/strong> DVD ; <br>\u25ba E-books (via Biblioth\u00e8que Universitaire &#8211; UPJV) ;<br>\u25ba Mat\u00e9riel p\u00e9dagogique (photolangage).<\/td><\/tr><\/tbody><\/table><\/figure>\n\n\n\n<p class=\"has-vivid-cyan-blue-color has-text-color\"><strong>QUI PEUT VENIR AU CENTRE DE RESSOURCES P\u00c9DAGOGIQUES ?<\/strong><\/p>\n\n\n\n<p class=\"has-text-align-center\" style=\"font-size:16px\">Le Centre de Ressources P\u00e9dagogiques est accessible \u00e0 tous les \u00e9tudiants\/\u00e9l\u00e8ves de l\u2019institut de formation, au personnel du CHI et \u00e0 toute personne ext\u00e9rieure (dans ce cas, seule la consultation sur place est possible).<\/p>\n\n\n\n<p><strong>Dans le cadre du partenariat de l&rsquo;IFSI avec l&rsquo;universit\u00e9 Jules Verne d\u2019Amiens (UPJV), les \u00e9tudiants ont acc\u00e8s \u00e0 la <a href=\"https:\/\/www.bu.u-picardie.fr\/opac\/.do\" target=\"_blank\" rel=\"noreferrer noopener\">Biblioth\u00e8que Universitaire<\/a> (ressources papier ET \u00e9lectronique).<\/strong><\/p>\n\n\n<div class=\"wp-block-image\">\n<figure class=\"aligncenter size-large\"><img loading=\"lazy\" decoding=\"async\" width=\"1024\" height=\"516\" src=\"https:\/\/www.ifsi-clermont60.fr\/site\/wp-content\/uploads\/2022\/10\/Handicap-et-CRP-1024x516.png\" alt=\"\" class=\"wp-image-3166\" srcset=\"https:\/\/www.ifsi-clermont60.fr\/site\/wp-content\/uploads\/2022\/10\/Handicap-et-CRP-1024x516.png 1024w, https:\/\/www.ifsi-clermont60.fr\/site\/wp-content\/uploads\/2022\/10\/Handicap-et-CRP-300x151.png 300w, https:\/\/www.ifsi-clermont60.fr\/site\/wp-content\/uploads\/2022\/10\/Handicap-et-CRP-768x387.png 768w, https:\/\/www.ifsi-clermont60.fr\/site\/wp-content\/uploads\/2022\/10\/Handicap-et-CRP.png 1117w\" sizes=\"(max-width: 1024px) 100vw, 1024px\" \/><figcaption class=\"wp-element-caption\"><strong>Le CRP s&rsquo;adapte aux handicaps invisibles ! <\/strong><\/figcaption><\/figure>\n<\/div>\n\n<div class=\"wp-block-image is-resized\">\n<figure class=\"aligncenter size-full\"><img loading=\"lazy\" decoding=\"async\" width=\"519\" height=\"474\" src=\"https:\/\/www.ifsi-clermont60.fr\/site\/wp-content\/uploads\/2023\/09\/image-1.png\" alt=\"\" class=\"wp-image-3834\" srcset=\"https:\/\/www.ifsi-clermont60.fr\/site\/wp-content\/uploads\/2023\/09\/image-1.png 519w, https:\/\/www.ifsi-clermont60.fr\/site\/wp-content\/uploads\/2023\/09\/image-1-300x274.png 300w\" sizes=\"(max-width: 519px) 100vw, 519px\" \/><\/figure>\n<\/div>\n\n\n<hr class=\"wp-block-separator has-css-opacity\"\/>\n","protected":false},"excerpt":{"rendered":"<p>Le Centre de Ressources P\u00e9dagogiques (CRP) poss\u00e8de un espace de documentation g\u00e9r\u00e9 et anim\u00e9 par un(e) documentaliste Partenaire de l\u2019accompagnement p\u00e9dagogique au sein de l\u2019Institut de formation, le Centre de&hellip;<\/p>\n","protected":false},"author":1,"featured_media":0,"parent":0,"menu_order":0,"comment_status":"closed","ping_status":"closed","template":"","meta":{"footnotes":""},"class_list":["post-370","page","type-page","status-publish","hentry"],"jetpack_sharing_enabled":true,"_links":{"self":[{"href":"https:\/\/www.ifsi-clermont60.fr\/site\/index.php\/wp-json\/wp\/v2\/pages\/370","targetHints":{"allow":["GET"]}}],"collection":[{"href":"https:\/\/www.ifsi-clermont60.fr\/site\/index.php\/wp-json\/wp\/v2\/pages"}],"about":[{"href":"https:\/\/www.ifsi-clermont60.fr\/site\/index.php\/wp-json\/wp\/v2\/types\/page"}],"author":[{"embeddable":true,"href":"https:\/\/www.ifsi-clermont60.fr\/site\/index.php\/wp-json\/wp\/v2\/users\/1"}],"replies":[{"embeddable":true,"href":"https:\/\/www.ifsi-clermont60.fr\/site\/index.php\/wp-json\/wp\/v2\/comments?post=370"}],"version-history":[{"count":129,"href":"https:\/\/www.ifsi-clermont60.fr\/site\/index.php\/wp-json\/wp\/v2\/pages\/370\/revisions"}],"predecessor-version":[{"id":6367,"href":"https:\/\/www.ifsi-clermont60.fr\/site\/index.php\/wp-json\/wp\/v2\/pages\/370\/revisions\/6367"}],"wp:attachment":[{"href":"https:\/\/www.ifsi-clermont60.fr\/site\/index.php\/wp-json\/wp\/v2\/media?parent=370"}],"curies":[{"name":"wp","href":"https:\/\/api.w.org\/{rel}","templated":true}]}}