{"id":3645,"date":"2023-05-19T13:36:31","date_gmt":"2023-05-19T11:36:31","guid":{"rendered":"https:\/\/www.ifsi-clermont60.fr\/site\/?page_id=3645"},"modified":"2023-05-19T14:50:03","modified_gmt":"2023-05-19T12:50:03","slug":"lapprentissage-au-quotidien","status":"publish","type":"page","link":"https:\/\/www.ifsi-clermont60.fr\/site\/index.php\/lapprentissage-au-quotidien\/","title":{"rendered":"L&rsquo;apprentissage au quotidien"},"content":{"rendered":"\n<p class=\"has-medium-font-size\"><mark style=\"background-color:rgba(0, 0, 0, 0)\" class=\"has-inline-color has-luminous-vivid-orange-color\"><strong>Quels sont les droits d&rsquo;un.e alternant.e en tant que salari\u00e9?<\/strong><\/mark><\/p>\n\n\n\n<figure class=\"wp-block-table is-style-stripes\"><table><thead><tr><th>D\u00e8s qu&rsquo;une entreprise recrute un.e alternant.e, il poss\u00e8de le statut de salari\u00e9.e, soit:<\/th><\/tr><\/thead><tbody><tr><td>Une r\u00e9mun\u00e9ration pendant toute la dur\u00e9e du contrat en alternance<\/td><\/tr><tr><td>Des cong\u00e9s pay\u00e9s gr\u00e2ce au statut de salari\u00e9<\/td><\/tr><tr><td>Une adh\u00e9sion \u00e0 une mutuelle d&rsquo;entreprise<\/td><\/tr><tr><td>Une cotisation \u00e0 la caisse d&rsquo;assurance des retraites<\/td><\/tr><tr><td>Un abondement du compte CPF proportionnel au temps pass\u00e9 en entreprise<\/td><\/tr><\/tbody><\/table><\/figure>\n\n\n<div class=\"wp-block-image\">\n<figure class=\"aligncenter size-full is-resized\"><img fetchpriority=\"high\" decoding=\"async\" src=\"https:\/\/www.ifsi-clermont60.fr\/site\/wp-content\/uploads\/2023\/05\/image-1.png\" alt=\"\" class=\"wp-image-3646\" width=\"566\" height=\"90\" srcset=\"https:\/\/www.ifsi-clermont60.fr\/site\/wp-content\/uploads\/2023\/05\/image-1.png 583w, https:\/\/www.ifsi-clermont60.fr\/site\/wp-content\/uploads\/2023\/05\/image-1-300x48.png 300w\" sizes=\"(max-width: 566px) 100vw, 566px\" \/><\/figure>\n<\/div>\n\n\n<div style=\"height:22px\" aria-hidden=\"true\" class=\"wp-block-spacer\"><\/div>\n\n\n\n<p>La dur\u00e9e l\u00e9gale du travail effectif (heures de formation comprises) est fix\u00e9e \u00e0:<\/p>\n\n\n<div class=\"wp-block-image\">\n<figure class=\"aligncenter size-full is-resized\"><img decoding=\"async\" src=\"https:\/\/www.ifsi-clermont60.fr\/site\/wp-content\/uploads\/2023\/05\/image-4.png\" alt=\"\" class=\"wp-image-3656\" width=\"546\" height=\"99\" srcset=\"https:\/\/www.ifsi-clermont60.fr\/site\/wp-content\/uploads\/2023\/05\/image-4.png 634w, https:\/\/www.ifsi-clermont60.fr\/site\/wp-content\/uploads\/2023\/05\/image-4-300x54.png 300w\" sizes=\"(max-width: 546px) 100vw, 546px\" \/><\/figure>\n<\/div>\n\n\n<pre class=\"wp-block-verse\"><strong>Pendant la formation IDE - AS :<\/strong>\n\u25baL'apprenti.e infirmier.e r\u00e9alise le nombre de semaines de formation th\u00e9orique et de stage pr\u00e9vu par le r\u00e9f\u00e9rentiel de formation infirmier\n\u25baL'apprenti.e Aide soignant.e r\u00e9alise le nombre de semaines de formation th\u00e9orique et de stage en lien avec son cursus ant\u00e9rieur dont l'organisation est en cours de r\u00e9flexion.\n\u25baLe reste du temps, l'apprenti.e est chez l'employeur (y compris pour des semaines de stage) et il\/elle est suivi.e par un ma\u00eetre d'apprentissage d\u00e9sign\u00e9 par l'employeur.<\/pre>\n","protected":false},"excerpt":{"rendered":"<p>Quels sont les droits d&rsquo;un.e alternant.e en tant que salari\u00e9? D\u00e8s qu&rsquo;une entreprise recrute un.e alternant.e, il poss\u00e8de le statut de salari\u00e9.e, soit: Une r\u00e9mun\u00e9ration pendant toute la dur\u00e9e du&hellip;<\/p>\n","protected":false},"author":2,"featured_media":0,"parent":0,"menu_order":0,"comment_status":"closed","ping_status":"closed","template":"","meta":{"footnotes":""},"class_list":["post-3645","page","type-page","status-publish","hentry"],"jetpack_sharing_enabled":true,"_links":{"self":[{"href":"https:\/\/www.ifsi-clermont60.fr\/site\/index.php\/wp-json\/wp\/v2\/pages\/3645","targetHints":{"allow":["GET"]}}],"collection":[{"href":"https:\/\/www.ifsi-clermont60.fr\/site\/index.php\/wp-json\/wp\/v2\/pages"}],"about":[{"href":"https:\/\/www.ifsi-clermont60.fr\/site\/index.php\/wp-json\/wp\/v2\/types\/page"}],"author":[{"embeddable":true,"href":"https:\/\/www.ifsi-clermont60.fr\/site\/index.php\/wp-json\/wp\/v2\/users\/2"}],"replies":[{"embeddable":true,"href":"https:\/\/www.ifsi-clermont60.fr\/site\/index.php\/wp-json\/wp\/v2\/comments?post=3645"}],"version-history":[{"count":5,"href":"https:\/\/www.ifsi-clermont60.fr\/site\/index.php\/wp-json\/wp\/v2\/pages\/3645\/revisions"}],"predecessor-version":[{"id":3671,"href":"https:\/\/www.ifsi-clermont60.fr\/site\/index.php\/wp-json\/wp\/v2\/pages\/3645\/revisions\/3671"}],"wp:attachment":[{"href":"https:\/\/www.ifsi-clermont60.fr\/site\/index.php\/wp-json\/wp\/v2\/media?parent=3645"}],"curies":[{"name":"wp","href":"https:\/\/api.w.org\/{rel}","templated":true}]}}

<p class="has-medium-font-size"><mark style="background-color:rgba(0, 0, 0, 0)" class="has-inline-color has-luminous-vivid-orange-color"><strong>Quels sont les droits d&rsquo;un.e alternant.e en tant que salarié?</strong></mark></p>



<figure class="wp-block-table is-style-stripes"><table><thead><tr><th>Dès qu&rsquo;une entreprise recrute un.e alternant.e, il possède le statut de salarié.e, soit:</th></tr></thead><tbody><tr><td>Une rémunération pendant toute la durée du contrat en alternance</td></tr><tr><td>Des congés payés grâce au statut de salarié</td></tr><tr><td>Une adhésion à une mutuelle d&rsquo;entreprise</td></tr><tr><td>Une cotisation à la caisse d&rsquo;assurance des retraites</td></tr><tr><td>Un abondement du compte CPF proportionnel au temps passé en entreprise</td></tr></tbody></table></figure>


<div class="wp-block-image">
<figure class="aligncenter size-full is-resized"><img fetchpriority="high" decoding="async" src="https://www.ifsi-clermont60.fr/site/wp-content/uploads/2023/05/image-1.png" alt="" class="wp-image-3646" width="566" height="90" srcset="https://www.ifsi-clermont60.fr/site/wp-content/uploads/2023/05/image-1.png 583w, https://www.ifsi-clermont60.fr/site/wp-content/uploads/2023/05/image-1-300x48.png 300w" sizes="(max-width: 566px) 100vw, 566px" /></figure>
</div>


<div style="height:22px" aria-hidden="true" class="wp-block-spacer"></div>



<p>La durée légale du travail effectif (heures de formation comprises) est fixée à:</p>


<div class="wp-block-image">
<figure class="aligncenter size-full is-resized"><img decoding="async" src="https://www.ifsi-clermont60.fr/site/wp-content/uploads/2023/05/image-4.png" alt="" class="wp-image-3656" width="546" height="99" srcset="https://www.ifsi-clermont60.fr/site/wp-content/uploads/2023/05/image-4.png 634w, https://www.ifsi-clermont60.fr/site/wp-content/uploads/2023/05/image-4-300x54.png 300w" sizes="(max-width: 546px) 100vw, 546px" /></figure>
</div>


<pre class="wp-block-verse"><strong>Pendant la formation IDE - AS :</strong>
►L'apprenti.e infirmier.e réalise le nombre de semaines de formation théorique et de stage prévu par le référentiel de formation infirmier
►L'apprenti.e Aide soignant.e réalise le nombre de semaines de formation théorique et de stage en lien avec son cursus antérieur dont l'organisation est en cours de réflexion.
►Le reste du temps, l'apprenti.e est chez l'employeur (y compris pour des semaines de stage) et il/elle est suivi.e par un maître d'apprentissage désigné par l'employeur.</pre>

<p>Quels sont les droits d&rsquo;un.e alternant.e en tant que salarié? Dès qu&rsquo;une entreprise recrute un.e alternant.e, il possède le statut de salarié.e, soit: Une rémunération pendant toute la durée du&hellip;</p>
