{"id":35,"date":"2017-02-16T13:59:20","date_gmt":"2017-02-16T12:59:20","guid":{"rendered":"http:\/\/ifsiclervf.cluster020.hosting.ovh.net\/site\/?page_id=35"},"modified":"2025-08-28T16:39:29","modified_gmt":"2025-08-28T14:39:29","slug":"a-propos-de","status":"publish","type":"page","link":"https:\/\/www.ifsi-clermont60.fr\/site\/index.php\/a-propos-de\/","title":{"rendered":"Pr\u00e9sentation"},"content":{"rendered":"\n<hr class=\"wp-block-separator has-css-opacity is-style-wide\"\/>\n\n\n<div class=\"wp-block-image\">\n<figure class=\"aligncenter size-full\"><img fetchpriority=\"high\" decoding=\"async\" width=\"326\" height=\"295\" src=\"https:\/\/www.ifsi-clermont60.fr\/site\/wp-content\/uploads\/2025\/08\/image-7.png\" alt=\"\" class=\"wp-image-5414\" srcset=\"https:\/\/www.ifsi-clermont60.fr\/site\/wp-content\/uploads\/2025\/08\/image-7.png 326w, https:\/\/www.ifsi-clermont60.fr\/site\/wp-content\/uploads\/2025\/08\/image-7-300x271.png 300w\" sizes=\"(max-width: 326px) 100vw, 326px\" \/><figcaption class=\"wp-element-caption\">Les valeurs d\u00e9finies par les \u00e9quipes de l&rsquo;institut et attendues en formation IDE et AS<\/figcaption><\/figure>\n<\/div>\n\n\n<figure class=\"wp-block-image size-large\"><img decoding=\"async\" width=\"1024\" height=\"655\" src=\"https:\/\/www.ifsi-clermont60.fr\/site\/wp-content\/uploads\/2025\/08\/image-4-1024x655.png\" alt=\"\" class=\"wp-image-5510\" srcset=\"https:\/\/www.ifsi-clermont60.fr\/site\/wp-content\/uploads\/2025\/08\/image-4-1024x655.png 1024w, https:\/\/www.ifsi-clermont60.fr\/site\/wp-content\/uploads\/2025\/08\/image-4-300x192.png 300w, https:\/\/www.ifsi-clermont60.fr\/site\/wp-content\/uploads\/2025\/08\/image-4-768x491.png 768w, https:\/\/www.ifsi-clermont60.fr\/site\/wp-content\/uploads\/2025\/08\/image-4.png 1055w\" sizes=\"(max-width: 1024px) 100vw, 1024px\" \/><figcaption class=\"wp-element-caption\">Une \u00e9quipe de professionnels pour vous guider<\/figcaption><\/figure>\n\n\n\n<figure class=\"wp-block-table is-style-stripes\"><table class=\"has-fixed-layout\"><tbody><tr><td class=\"has-text-align-center\" data-align=\"center\"><strong><span class=\"has-inline-color has-black-color\">1 INSTITUT, 2 FORMATIONS &#8230;<\/span><\/strong><br><strong><br><\/strong><span class=\"has-inline-color has-black-color\">\u25ba Pour r\u00e9pondre aux besoins de sant\u00e9 de la population d\u2019aujourd\u2019hui et de demain;<br><span class=\"has-inline-color has-black-color\">\u25ba<\/span> Pour une soci\u00e9t\u00e9 inclusive et solidaire!<\/span><\/td><\/tr><\/tbody><\/table><\/figure>\n\n\n\n<div class=\"wp-block-buttons is-layout-flex wp-block-buttons-is-layout-flex\">\n<div class=\"wp-block-button has-custom-width wp-block-button__width-100\"><a class=\"wp-block-button__link has-white-color has-luminous-vivid-orange-background-color has-text-color has-background wp-element-button\" href=\"https:\/\/www.ifsi-clermont60.fr\/site\/wp-content\/uploads\/2024\/11\/Plaquette-Institut-de-formation-V9.pdf\" target=\"_blank\" rel=\"noreferrer noopener\"> Plaquette de l&rsquo;Institut De Formation <\/a><\/div>\n<\/div>\n\n\n\n<hr class=\"wp-block-separator has-css-opacity\"\/>\n\n\n\n<p class=\"has-text-align-center\"><strong>L\u2019institut \u00ab Lucien Floury \u00bb se tourne vers l\u2019avenir:<\/strong><\/p>\n\n\n<hr \/>\n<p style=\"text-align: center;\"><em>Un institut \u00e0 la campagne, \u00e0 l\u2019\u00e8re du num\u00e9rique p\u00e9dagogique et soucieux de votre bien \u00eatre d\u2019\u00e9tudiants et \u00e9l\u00e8ves.<\/em><\/p>\n<hr \/><center><\/center><\/p>\n\n<div class=\"wp-block-image is-resized\">\n<figure class=\"aligncenter\"><img decoding=\"async\" src=\"https:\/\/static8.depositphotos.com\/1035123\/899\/i\/450\/depositphotos_8992700-stock-photo-internet-smartphone.jpg\" alt=\"Smartphone Internet\" style=\"width:478px;height:auto\"\/><figcaption class=\"wp-element-caption\"><strong>En route pour un institut connect\u00e9 \u00e0 la sant\u00e9 de demain !!<\/strong><\/figcaption><\/figure>\n<\/div>","protected":false},"excerpt":{"rendered":"<p>1 INSTITUT, 2 FORMATIONS &#8230;\u25ba Pour r\u00e9pondre aux besoins de sant\u00e9 de la population d\u2019aujourd\u2019hui et de demain;\u25ba Pour une soci\u00e9t\u00e9 inclusive et solidaire! L\u2019institut \u00ab Lucien Floury \u00bb se&hellip;<\/p>\n","protected":false},"author":1,"featured_media":0,"parent":0,"menu_order":0,"comment_status":"closed","ping_status":"closed","template":"","meta":{"footnotes":""},"class_list":["post-35","page","type-page","status-publish","hentry"],"jetpack_sharing_enabled":true,"_links":{"self":[{"href":"https:\/\/www.ifsi-clermont60.fr\/site\/index.php\/wp-json\/wp\/v2\/pages\/35","targetHints":{"allow":["GET"]}}],"collection":[{"href":"https:\/\/www.ifsi-clermont60.fr\/site\/index.php\/wp-json\/wp\/v2\/pages"}],"about":[{"href":"https:\/\/www.ifsi-clermont60.fr\/site\/index.php\/wp-json\/wp\/v2\/types\/page"}],"author":[{"embeddable":true,"href":"https:\/\/www.ifsi-clermont60.fr\/site\/index.php\/wp-json\/wp\/v2\/users\/1"}],"replies":[{"embeddable":true,"href":"https:\/\/www.ifsi-clermont60.fr\/site\/index.php\/wp-json\/wp\/v2\/comments?post=35"}],"version-history":[{"count":118,"href":"https:\/\/www.ifsi-clermont60.fr\/site\/index.php\/wp-json\/wp\/v2\/pages\/35\/revisions"}],"predecessor-version":[{"id":5511,"href":"https:\/\/www.ifsi-clermont60.fr\/site\/index.php\/wp-json\/wp\/v2\/pages\/35\/revisions\/5511"}],"wp:attachment":[{"href":"https:\/\/www.ifsi-clermont60.fr\/site\/index.php\/wp-json\/wp\/v2\/media?parent=35"}],"curies":[{"name":"wp","href":"https:\/\/api.w.org\/{rel}","templated":true}]}}