{"id":3302,"date":"2022-12-12T11:45:25","date_gmt":"2022-12-12T10:45:25","guid":{"rendered":"https:\/\/www.ifsi-clermont60.fr\/site\/?page_id=3302"},"modified":"2026-02-09T15:25:38","modified_gmt":"2026-02-09T14:25:38","slug":"salle-informatique","status":"publish","type":"page","link":"https:\/\/www.ifsi-clermont60.fr\/site\/index.php\/salle-informatique\/","title":{"rendered":"Espace informatique"},"content":{"rendered":"\n<p class=\"has-luminous-vivid-orange-color has-text-color\" style=\"font-size:25px\"><strong>Espace Informatique<\/strong><\/p>\n\n\n\n<p class=\"has-text-align-center\"><mark style=\"background-color:rgba(0, 0, 0, 0)\" class=\"has-inline-color has-luminous-vivid-orange-color\"><strong>Le Centre de Ressources P\u00e9dagogiques (CRP) poss\u00e8de un espace informatique g\u00e9r\u00e9 par<\/strong><strong> un Digital Leasing Manager. Celui ci est votre r\u00e9f\u00e9rent num\u00e9rique pendant vos \u00e9tudes.<\/strong><\/mark><\/p>\n\n\n<div class=\"wp-block-image\">\n<figure class=\"aligncenter size-full is-resized\"><img decoding=\"async\" src=\"https:\/\/www.ifsi-clermont60.fr\/site\/wp-content\/uploads\/2025\/09\/Salle-informatique-nouvelle-1-1-edited.jpg\" alt=\"\" class=\"wp-image-5524\" style=\"object-fit:cover;width:514px;height:auto\"\/><\/figure>\n<\/div>\n\n\n<p class=\"has-text-align-center has-drop-cap\">Partenaire de l\u2019accompagnement p\u00e9dagogique au sein de l\u2019Institut de formation, le <strong>C<\/strong>entre de <strong>R<\/strong>essources <strong>P<\/strong>\u00e9dagogiques rassemble des moyens p\u00e9dagogiques diversifi\u00e9s (Digital E-Learning) mais c\u2019est aussi un lieu d\u2019aide m\u00e9thodologique. L&rsquo;espace informatique int\u00e8gre des services li\u00e9s aux nouvelles technologies et une aide aux utilisateurs.<\/p>\n\n\n\n<figure class=\"wp-block-table is-style-stripes\"><table><thead><tr><th>Un espace informatique (salle TD 0) \u00e0 disposition des \u00e9l\u00e8ves\/\u00e9tudiants accessible tous les jours de 08h \u00e0 19h15 HORS activit\u00e9s p\u00e9dagogiques  avec:<\/th><\/tr><\/thead><tbody><tr><td>33 places assises \u00e0 disposition pour travailler<\/td><\/tr><tr><td>6 ordinateurs portables pour les \u00e9l\u00e8ves et \u00e9tudiants<\/td><\/tr><\/tbody><\/table><\/figure>\n\n\n\n<p class=\"has-text-align-center\">Du mat\u00e9riel informatique peut \u00eatre mis \u00e0 la disposition des apprenants en fonction de leurs besoins.<\/p>\n\n\n\n<figure class=\"wp-block-table is-style-stripes\"><table><thead><tr><th>Mais aussi du mat\u00e9riel pour les activit\u00e9s p\u00e9dagogiques:<\/th><\/tr><\/thead><tbody><tr><td>8 Cam\u00e9scopes<\/td><\/tr><tr><td>200 Boitiers QUIZZBOX<\/td><\/tr><tr><td>4 Enceintes bluetooth<\/td><\/tr><tr><td>13 Vid\u00e9oprojecteurs<\/td><\/tr><\/tbody><\/table><\/figure>\n\n\n\n<figure class=\"wp-block-table is-style-stripes\"><table><thead><tr><th>Notre informaticien vous forme :<\/th><\/tr><\/thead><tbody><tr><td>Perfectionnement Word \/ Powerpoint<\/td><\/tr><tr><td>Sur l&rsquo;utilisation de ZOOM<\/td><\/tr><tr><td>Sur l&rsquo;utilisation de la plateforme My Kommunote<\/td><\/tr><tr><td>Aux ressources <strong>anti plagiat<\/strong> utilis\u00e9es par l&rsquo;institut<\/td><\/tr><tr><td>Google Drive <em>(Espace collaboratif de travail)<\/em><\/td><\/tr><tr><td>Elffe Theia <em>(Plateforme p\u00e9dagogique cours\/planning\/information, etc.)<\/em><\/td><\/tr><tr><td>FEI <em>(Fiche d&rsquo;Ev\u00e8nements Ind\u00e9sirables)<\/em><\/td><\/tr><tr><td>Dispositif d&rsquo;aide \u00e0 la r\u00e9ussite (plus d&rsquo;information <a href=\"https:\/\/www.ifsi-clermont60.fr\/site\/index.php\/aide-a-la-reussite\/\" target=\"_blank\" rel=\"noreferrer noopener\">ici<\/a>)<\/td><\/tr><tr><td>Utilisation du mat\u00e9riel mis \u00e0 disposition<em> (ex: casque de r\u00e9alit\u00e9 virtuelle)<\/em><\/td><\/tr><\/tbody><\/table><\/figure>\n\n\n\n<p class=\"has-text-align-center has-luminous-vivid-orange-color has-text-color has-link-color wp-elements-d4e3b21bd12bc74f3932ee5ef1b29a1e\"><strong>Le Digital Learning Manager est disponible sur prise de rendez-vous par mail <\/strong><\/p>\n\n\n\n<p><\/p>\n","protected":false},"excerpt":{"rendered":"<p>Espace Informatique Le Centre de Ressources P\u00e9dagogiques (CRP) poss\u00e8de un espace informatique g\u00e9r\u00e9 par un Digital Leasing Manager. Celui ci est votre r\u00e9f\u00e9rent num\u00e9rique pendant vos \u00e9tudes. Partenaire de l\u2019accompagnement&hellip;<\/p>\n","protected":false},"author":2,"featured_media":0,"parent":0,"menu_order":0,"comment_status":"closed","ping_status":"closed","template":"","meta":{"footnotes":""},"class_list":["post-3302","page","type-page","status-publish","hentry"],"jetpack_sharing_enabled":true,"_links":{"self":[{"href":"https:\/\/www.ifsi-clermont60.fr\/site\/index.php\/wp-json\/wp\/v2\/pages\/3302","targetHints":{"allow":["GET"]}}],"collection":[{"href":"https:\/\/www.ifsi-clermont60.fr\/site\/index.php\/wp-json\/wp\/v2\/pages"}],"about":[{"href":"https:\/\/www.ifsi-clermont60.fr\/site\/index.php\/wp-json\/wp\/v2\/types\/page"}],"author":[{"embeddable":true,"href":"https:\/\/www.ifsi-clermont60.fr\/site\/index.php\/wp-json\/wp\/v2\/users\/2"}],"replies":[{"embeddable":true,"href":"https:\/\/www.ifsi-clermont60.fr\/site\/index.php\/wp-json\/wp\/v2\/comments?post=3302"}],"version-history":[{"count":29,"href":"https:\/\/www.ifsi-clermont60.fr\/site\/index.php\/wp-json\/wp\/v2\/pages\/3302\/revisions"}],"predecessor-version":[{"id":6439,"href":"https:\/\/www.ifsi-clermont60.fr\/site\/index.php\/wp-json\/wp\/v2\/pages\/3302\/revisions\/6439"}],"wp:attachment":[{"href":"https:\/\/www.ifsi-clermont60.fr\/site\/index.php\/wp-json\/wp\/v2\/media?parent=3302"}],"curies":[{"name":"wp","href":"https:\/\/api.w.org\/{rel}","templated":true}]}}