{"id":232,"date":"2017-11-15T15:14:43","date_gmt":"2017-11-15T14:14:43","guid":{"rendered":"http:\/\/www.ifsi-clermont60.fr\/site\/?page_id=232"},"modified":"2019-10-22T08:54:07","modified_gmt":"2019-10-22T06:54:07","slug":"octobre-rose","status":"publish","type":"page","link":"https:\/\/www.ifsi-clermont60.fr\/site\/index.php\/octobre-rose\/","title":{"rendered":"Action &#8211; Octobre rose &#8211; 2017"},"content":{"rendered":"<p>Point d\u2019information au self du CHI de Fitz James : les 10\/10 et 31\/10 (entre 11h45 et 13h15)<\/p>\n<p><a href=\"https:\/\/www.ifsi-clermont60.fr\/site\/wp-content\/uploads\/2017\/11\/DSC02470.jpg\"><img fetchpriority=\"high\" decoding=\"async\" class=\"alignnone wp-image-234 size-large\" src=\"https:\/\/www.ifsi-clermont60.fr\/site\/wp-content\/uploads\/2017\/11\/DSC02470-768x1024.jpg\" alt=\"\" width=\"525\" height=\"700\"><\/a><a href=\"https:\/\/www.ifsi-clermont60.fr\/site\/wp-content\/uploads\/2017\/11\/20171031_121749.jpg\"><img decoding=\"async\" class=\"alignnone wp-image-233 size-large\" style=\"font-size: 1rem;\" src=\"https:\/\/www.ifsi-clermont60.fr\/site\/wp-content\/uploads\/2017\/11\/20171031_121749-1024x663.jpg\" alt=\"\" width=\"525\" height=\"340\" srcset=\"https:\/\/www.ifsi-clermont60.fr\/site\/wp-content\/uploads\/2017\/11\/20171031_121749-1024x663.jpg 1024w, https:\/\/www.ifsi-clermont60.fr\/site\/wp-content\/uploads\/2017\/11\/20171031_121749-300x194.jpg 300w, https:\/\/www.ifsi-clermont60.fr\/site\/wp-content\/uploads\/2017\/11\/20171031_121749-768x497.jpg 768w\" sizes=\"(max-width: 525px) 100vw, 525px\" \/><\/a><\/p>\n<p>Point d\u2019information \u00e0 l\u2019h\u00f4pital g\u00e9n\u00e9ral de Clermont : les 17\/10 et 24\/10&nbsp;(entre 11h45 et 13h15)<\/p>\n<p><a href=\"https:\/\/www.ifsi-clermont60.fr\/site\/wp-content\/uploads\/2017\/11\/Groupe-1_17-10-17.jpg\"><img decoding=\"async\" class=\"alignnone wp-image-235 size-large\" src=\"https:\/\/www.ifsi-clermont60.fr\/site\/wp-content\/uploads\/2017\/11\/Groupe-1_17-10-17-1024x768.jpg\" alt=\"\" width=\"525\" height=\"394\" srcset=\"https:\/\/www.ifsi-clermont60.fr\/site\/wp-content\/uploads\/2017\/11\/Groupe-1_17-10-17-1024x768.jpg 1024w, https:\/\/www.ifsi-clermont60.fr\/site\/wp-content\/uploads\/2017\/11\/Groupe-1_17-10-17-300x225.jpg 300w, https:\/\/www.ifsi-clermont60.fr\/site\/wp-content\/uploads\/2017\/11\/Groupe-1_17-10-17-768x576.jpg 768w, https:\/\/www.ifsi-clermont60.fr\/site\/wp-content\/uploads\/2017\/11\/Groupe-1_17-10-17.jpg 1280w\" sizes=\"(max-width: 525px) 100vw, 525px\" \/><\/a> <a href=\"https:\/\/www.ifsi-clermont60.fr\/site\/wp-content\/uploads\/2017\/11\/Groupe-2_24-10-17.jpg\"><img loading=\"lazy\" decoding=\"async\" class=\"alignnone wp-image-236 size-large\" src=\"https:\/\/www.ifsi-clermont60.fr\/site\/wp-content\/uploads\/2017\/11\/Groupe-2_24-10-17-1024x698.jpg\" alt=\"\" width=\"525\" height=\"358\" srcset=\"https:\/\/www.ifsi-clermont60.fr\/site\/wp-content\/uploads\/2017\/11\/Groupe-2_24-10-17-1024x698.jpg 1024w, https:\/\/www.ifsi-clermont60.fr\/site\/wp-content\/uploads\/2017\/11\/Groupe-2_24-10-17-300x205.jpg 300w, https:\/\/www.ifsi-clermont60.fr\/site\/wp-content\/uploads\/2017\/11\/Groupe-2_24-10-17-768x524.jpg 768w, https:\/\/www.ifsi-clermont60.fr\/site\/wp-content\/uploads\/2017\/11\/Groupe-2_24-10-17.jpg 1554w\" sizes=\"(max-width: 525px) 100vw, 525px\" \/><\/a><\/p>\n","protected":false},"excerpt":{"rendered":"<p>Point d\u2019information au self du CHI de Fitz James : les 10\/10 et 31\/10 (entre 11h45 et 13h15) Point d\u2019information \u00e0 l\u2019h\u00f4pital g\u00e9n\u00e9ral de Clermont : les 17\/10 et 24\/10&nbsp;(entre&hellip;<\/p>\n","protected":false},"author":1,"featured_media":0,"parent":0,"menu_order":0,"comment_status":"closed","ping_status":"closed","template":"","meta":{"footnotes":""},"class_list":["post-232","page","type-page","status-publish","hentry"],"jetpack_sharing_enabled":true,"_links":{"self":[{"href":"https:\/\/www.ifsi-clermont60.fr\/site\/index.php\/wp-json\/wp\/v2\/pages\/232","targetHints":{"allow":["GET"]}}],"collection":[{"href":"https:\/\/www.ifsi-clermont60.fr\/site\/index.php\/wp-json\/wp\/v2\/pages"}],"about":[{"href":"https:\/\/www.ifsi-clermont60.fr\/site\/index.php\/wp-json\/wp\/v2\/types\/page"}],"author":[{"embeddable":true,"href":"https:\/\/www.ifsi-clermont60.fr\/site\/index.php\/wp-json\/wp\/v2\/users\/1"}],"replies":[{"embeddable":true,"href":"https:\/\/www.ifsi-clermont60.fr\/site\/index.php\/wp-json\/wp\/v2\/comments?post=232"}],"version-history":[{"count":8,"href":"https:\/\/www.ifsi-clermont60.fr\/site\/index.php\/wp-json\/wp\/v2\/pages\/232\/revisions"}],"predecessor-version":[{"id":803,"href":"https:\/\/www.ifsi-clermont60.fr\/site\/index.php\/wp-json\/wp\/v2\/pages\/232\/revisions\/803"}],"wp:attachment":[{"href":"https:\/\/www.ifsi-clermont60.fr\/site\/index.php\/wp-json\/wp\/v2\/media?parent=232"}],"curies":[{"name":"wp","href":"https:\/\/api.w.org\/{rel}","templated":true}]}}