{"id":2100,"date":"2022-02-14T14:47:41","date_gmt":"2022-02-14T13:47:41","guid":{"rendered":"https:\/\/www.ifsi-clermont60.fr\/site\/?page_id=2100"},"modified":"2025-08-19T12:42:16","modified_gmt":"2025-08-19T10:42:16","slug":"le-metier-aide-soignante","status":"publish","type":"page","link":"https:\/\/www.ifsi-clermont60.fr\/site\/index.php\/le-metier-aide-soignante\/","title":{"rendered":"Le m\u00e9tier Aide-Soignant(e)"},"content":{"rendered":"\n<p><strong>1<\/strong>\u00a0UN EXERCICE PROFESSIONNEL REGLEMENT\u00c9 ET DIVERSIFI\u00c9<br><strong>2\u00a0<\/strong>PORTRAITS D\u2019AIDE-SOIGNANTS ET DE LEURS PARCOURS<strong><br>3<\/strong>\u00a0LES DOMAINES D&rsquo;ACTIVIT\u00c9S DE L&rsquo;AIDE-SOIGNANT DEPUIS 2021<br><strong>4<\/strong>\u00a0UN M\u00c9TIER EN \u00c9VOLUTION<\/p>\n\n\n\n<p class=\"has-text-align-center\"><em>Consulter le r\u00e9pertoire national des certifications professionnelles AS (RNCP n\u00b035830) <a href=\"https:\/\/www.francecompetences.fr\/recherche\/rncp\/35830\/\">en cliquant ici<\/a><\/em><\/p>\n\n\n\n<h2 class=\"wp-block-heading has-text-align-center has-luminous-vivid-orange-color has-text-color\" id=\"un-exercice-professionnel-reglemente-et-diversifie\" style=\"font-size:27px\"><strong>1. Un exercice professionnel r\u00e9glement\u00e9 et diversifi\u00e9<\/strong><\/h2>\n\n\n\n<div class=\"wp-block-columns is-layout-flex wp-container-core-columns-is-layout-9d6595d7 wp-block-columns-is-layout-flex\">\n<div class=\"wp-block-column is-layout-flow wp-block-column-is-layout-flow\">\n<figure class=\"wp-block-embed is-type-video is-provider-youtube wp-block-embed-youtube wp-embed-aspect-16-9 wp-has-aspect-ratio\"><div class=\"wp-block-embed__wrapper\">\n<iframe title=\"Pour devenir aide-soignant, les atouts de l&#039;alternance ce sont...\" width=\"500\" height=\"281\" src=\"https:\/\/www.youtube.com\/embed\/aDPgrqRjpNM?start=12&#038;feature=oembed\" frameborder=\"0\" allow=\"accelerometer; autoplay; clipboard-write; encrypted-media; gyroscope; picture-in-picture; web-share\" referrerpolicy=\"strict-origin-when-cross-origin\" allowfullscreen><\/iframe>\n<\/div><\/figure>\n<\/div>\n\n\n\n<div class=\"wp-block-column is-layout-flow wp-block-column-is-layout-flow\">\n<figure class=\"wp-block-embed is-type-video is-provider-youtube wp-block-embed-youtube wp-embed-aspect-16-9 wp-has-aspect-ratio\"><div class=\"wp-block-embed__wrapper\">\n<iframe title=\"La formation d&#039;aide-soignant en alternance, c\u00f4t\u00e9 cours, c&#039;est...\" width=\"500\" height=\"281\" src=\"https:\/\/www.youtube.com\/embed\/6Qd2hFRcbM0?start=8&#038;feature=oembed\" frameborder=\"0\" allow=\"accelerometer; autoplay; clipboard-write; encrypted-media; gyroscope; picture-in-picture; web-share\" referrerpolicy=\"strict-origin-when-cross-origin\" allowfullscreen><\/iframe>\n<\/div><\/figure>\n<\/div>\n\n\n\n<div class=\"wp-block-column is-layout-flow wp-block-column-is-layout-flow\">\n<figure class=\"wp-block-embed is-type-video is-provider-youtube wp-block-embed-youtube wp-embed-aspect-16-9 wp-has-aspect-ratio\"><div class=\"wp-block-embed__wrapper\">\n<iframe title=\"La formation d&#039;aide-soignant en alternance, c\u00f4t\u00e9 vie personnelle et ambition professionnelle.\" width=\"500\" height=\"281\" src=\"https:\/\/www.youtube.com\/embed\/m8xQyPZBLVE?feature=oembed\" frameborder=\"0\" allow=\"accelerometer; autoplay; clipboard-write; encrypted-media; gyroscope; picture-in-picture; web-share\" referrerpolicy=\"strict-origin-when-cross-origin\" allowfullscreen><\/iframe>\n<\/div><\/figure>\n<\/div>\n\n\n\n<div class=\"wp-block-column is-layout-flow wp-block-column-is-layout-flow\">\n<figure class=\"wp-block-embed is-type-video is-provider-youtube wp-block-embed-youtube wp-embed-aspect-16-9 wp-has-aspect-ratio\"><div class=\"wp-block-embed__wrapper\">\n<iframe title=\"La formation d&#039;aide-soignant en alternance, c\u00f4t\u00e9 stage et employeurs, c&#039;est...\" width=\"500\" height=\"281\" src=\"https:\/\/www.youtube.com\/embed\/yiCmbHG9OfA?feature=oembed\" frameborder=\"0\" allow=\"accelerometer; autoplay; clipboard-write; encrypted-media; gyroscope; picture-in-picture; web-share\" referrerpolicy=\"strict-origin-when-cross-origin\" allowfullscreen><\/iframe>\n<\/div><\/figure>\n<\/div>\n<\/div>\n\n\n\n<p>L&rsquo;aide-soignant exerce sous la responsabilit\u00e9 de l&rsquo;infirmier dipl\u00f4m\u00e9 d&rsquo;Etat dans le cadre de l&rsquo;article R. 4311-4 du code de la sant\u00e9 publique.<\/p>\n\n\n\n<p><strong>Ses activit\u00e9s<\/strong> se situent dans le cadre du r\u00f4le qui rel\u00e8ve de l&rsquo;initiative de l&rsquo;infirmier dipl\u00f4m\u00e9 d&rsquo;Etat, d\u00e9fini par les articles R. 4311-3 et R. 4311-5 du code de la sant\u00e9 publique, relatifs aux actes professionnels et \u00e0 l&rsquo;exercice de la profession d&rsquo;infirmier.<\/p>\n\n\n\n<p>L&rsquo;aide-soignant accompagne et r\u00e9alise des soins essentiels de la vie quotidienne, adapt\u00e9s \u00e0 l&rsquo;\u00e9volution de l&rsquo;\u00e9tat clinique et visant \u00e0 identifier les situations \u00e0 risque.<\/p>\n\n\n\n<p>Son r\u00f4le s&rsquo;inscrit dans une <strong>approche globale de la personne<\/strong> et prend en compte la dimension relationnelle des soins ainsi que la communication avec les autres professionnels, les apprenants et les aidants.<\/p>\n\n\n\n<p>L&rsquo;aide-soignant travaille <strong>au sein d&rsquo;une \u00e9quipe pluridisciplinaire<\/strong> intervenant dans les services de soins ou r\u00e9seaux de soins des structures sanitaires, m\u00e9dico-sociales ou sociales notamment dans le cadre d&rsquo;hospitalisation ou d&rsquo;h\u00e9bergement continus ou discontinus en structure ou \u00e0 domicile.<\/p>\n\n\n\n<hr class=\"wp-block-separator aligncenter has-css-opacity\"\/>\n\n\n\n<p class=\"has-text-align-center\"><strong>2. PORTRAITS D\u2019AIDE-SOIGNANTS ET DE LEURS PARCOURS<\/strong><\/p>\n\n\n\n<div class=\"wp-block-columns is-layout-flex wp-container-core-columns-is-layout-9d6595d7 wp-block-columns-is-layout-flex\">\n<div class=\"wp-block-column is-layout-flow wp-block-column-is-layout-flow\">\n<figure class=\"wp-block-embed is-type-video is-provider-youtube wp-block-embed-youtube wp-embed-aspect-16-9 wp-has-aspect-ratio\"><div class=\"wp-block-embed__wrapper\">\n<iframe title=\"Julie Aide-Soignante aux urgences\" width=\"500\" height=\"281\" src=\"https:\/\/www.youtube.com\/embed\/3zS2yCEHzsE?feature=oembed\" frameborder=\"0\" allow=\"accelerometer; autoplay; clipboard-write; encrypted-media; gyroscope; picture-in-picture; web-share\" referrerpolicy=\"strict-origin-when-cross-origin\" allowfullscreen><\/iframe>\n<\/div><figcaption class=\"wp-element-caption\"><strong>Julie Fran\u00e7ois : Aide-soignante aux Urgences<\/strong> <br>Parcours : BEP carri\u00e8res sanitaires et sociales puis formation aide-soignante IFAS<br>Mots cl\u00e9s&nbsp;:<br>\u00ab Faire face \u00e0 l\u2019urgence ensemble. \u00bb<br>\u00ab Changer, apprendre, s\u2019adapter dans un environnement technologique \u00bb<\/figcaption><\/figure>\n<\/div>\n\n\n\n<div class=\"wp-block-column is-layout-flow wp-block-column-is-layout-flow\">\n<figure class=\"wp-block-embed is-type-video is-provider-youtube wp-block-embed-youtube wp-embed-aspect-16-9 wp-has-aspect-ratio\"><div class=\"wp-block-embed__wrapper\">\n<iframe title=\"Jean Pierre : Aide-Soignant en r\u00e9\u00e9ducation\" width=\"500\" height=\"281\" src=\"https:\/\/www.youtube.com\/embed\/NS7RxbNB6ds?feature=oembed\" frameborder=\"0\" allow=\"accelerometer; autoplay; clipboard-write; encrypted-media; gyroscope; picture-in-picture; web-share\" referrerpolicy=\"strict-origin-when-cross-origin\" allowfullscreen><\/iframe>\n<\/div><figcaption class=\"wp-element-caption\"><strong>Jean Pierre Mischler : Aide-soignant en r\u00e9\u00e9ducation, soins palliatifs<\/strong> &nbsp;<br>Parcours : Reconversion professionnelle des m\u00e9tiers de l\u2019industrie puis formation aide-soignante IFAS<br>Mots cl\u00e9s&nbsp;:<br>\u00ab Soigner c\u2019est observer, comprendre, accompagner, percevoir la richesse de la relation humaine \u00bb<\/figcaption><\/figure>\n<\/div>\n\n\n\n<div class=\"wp-block-column is-layout-flow wp-block-column-is-layout-flow\">\n<figure class=\"wp-block-embed is-type-video is-provider-youtube wp-block-embed-youtube wp-embed-aspect-16-9 wp-has-aspect-ratio\"><div class=\"wp-block-embed__wrapper\">\n<iframe title=\"S\u00e9verine : Aide soignante en r\u00e9\u00e9ducation, soins palliatifs, m\u00e9diation animale\" width=\"500\" height=\"281\" src=\"https:\/\/www.youtube.com\/embed\/wwcZDFungWY?feature=oembed\" frameborder=\"0\" allow=\"accelerometer; autoplay; clipboard-write; encrypted-media; gyroscope; picture-in-picture; web-share\" referrerpolicy=\"strict-origin-when-cross-origin\" allowfullscreen><\/iframe>\n<\/div><figcaption class=\"wp-element-caption\"><strong>S\u00e9verine Henon : Aide-soignante en r\u00e9\u00e9ducation, soins palliatifs, m\u00e9diation animale<\/strong> &nbsp;<br>Parcours : BEP carri\u00e8res sanitaires et sociales puis formation aide-soignante IFAS.<br>Mots cl\u00e9s&nbsp;:<br>\u00ab \u00catre Aide-soignant c\u2019est se former, se d\u00e9velopper, s\u2019ouvrir sur des nouvelles pratiques professionnelles afin d\u2019apporter du bien-\u00eatre \u00e0 l\u2019autre et s\u2019\u00e9panouir \u00bb<\/figcaption><\/figure>\n<\/div>\n<\/div>\n\n\n\n<hr class=\"wp-block-separator has-css-opacity\"\/>\n\n\n\n<p class=\"has-luminous-vivid-orange-color has-text-color has-medium-font-size\"><strong>3. Les domaines d&rsquo;activit\u00e9s de l\u2019aide-soignant depuis 2021<\/strong><\/p>\n\n\n\n<figure class=\"wp-block-table is-style-regular\"><table><tbody><tr><td class=\"has-text-align-center\" data-align=\"center\"><strong>Le domaine d&rsquo;activit\u00e9s 1 (DA1) :<br><\/strong>Accompagnement et soins de la personne dans les activit\u00e9s de sa vie quotidienne et de sa vie sociale en rep\u00e9rant les fragilit\u00e9s<\/td><\/tr><tr><td class=\"has-text-align-center\" data-align=\"center\"><strong>Le domaine d&rsquo;activit\u00e9s 2 (DA2) :<br><\/strong>Appr\u00e9ciation de l&rsquo;\u00e9tat clinique de la personne et mise en \u0153uvre de soins adapt\u00e9s en collaboration avec l&rsquo;infirmier en int\u00e9grant la qualit\u00e9 et la pr\u00e9vention des risques<\/td><\/tr><tr><td class=\"has-text-align-center\" data-align=\"center\"><strong>Le domaine d&rsquo;activit\u00e9s 3 (DA3) :<br><\/strong>Information et accompagnement des personnes et de leur entourage, des professionnels et des apprenants<\/td><\/tr><tr><td class=\"has-text-align-center\" data-align=\"center\"><strong>Le domaine d&rsquo;activit\u00e9s 4 (DA4) :<br><\/strong>Entretien de l&rsquo;environnement imm\u00e9diat de la personne et des mat\u00e9riels li\u00e9s aux activit\u00e9s de soins, au lieu et aux situations d&rsquo;intervention<\/td><\/tr><tr><td class=\"has-text-align-center\" data-align=\"center\"><strong>Le domaine d&rsquo;activit\u00e9s 5 (DA5) :<br><\/strong>Transmission, quels que soient l&rsquo;outil et les modalit\u00e9s de communication, des observations n r\u00e9f\u00e9rentiel d\u2019activit\u00e9s<\/td><\/tr><\/tbody><\/table><\/figure>\n\n\n\n<hr class=\"wp-block-separator has-css-opacity\"\/>\n\n\n\n<p class=\"has-luminous-vivid-orange-color has-text-color has-medium-font-size\"><strong>4. Un m\u00e9tier en \u00e9volution<\/strong><\/p>\n\n\n\n<p>Le vieillissement de la population ainsi que la r\u00e9organisation des collaborations soignantes au sein du syst\u00e8me de sant\u00e9 fran\u00e7ais offrent au m\u00e9tier d\u2019aide-soignant de grandes opportunit\u00e9s professionnelles dans les ann\u00e9es \u00e0 venir.<\/p>\n\n\n\n<p>Le m\u00e9tier d\u2019aide-soignant se r\u00e9v\u00e8le tr\u00e8s porteur en terme d\u2019emploi.<\/p>\n\n\n\n<p>Le m\u00e9tier d\u2019aide-soignant offre des possibilit\u00e9s de d\u00e9veloppement et d\u2019\u00e9volution de carri\u00e8re.<\/p>\n\n\n\n<p>Des sp\u00e9cialisations existent et offrent une reconnaissance de comp\u00e9tences compl\u00e9mentaires.<\/p>\n\n\n\n<ul class=\"wp-block-list\">\n<li>Assistant de soins en g\u00e9rontologie<\/li>\n\n\n\n<li>Agent de chambre fun\u00e9raire<\/li>\n\n\n\n<li>\u2026<\/li>\n<\/ul>\n\n\n\n<p>Il peut \u00e9galement conduire par une r\u00e9orientation professionnelle vers le m\u00e9tier d\u2019infirmier.<\/p>\n\n\n\n<figure class=\"wp-block-table is-style-stripes\"><table class=\"has-fixed-layout\"><tbody><tr><td><strong>Futur professionnel ? Quelles sont les aptitudes \u00e0 d\u00e9velopper ?<\/strong><br><br>Les activit\u00e9s et soins d\u00e9livr\u00e9s par l\u2019aide-soignant n\u00e9cessite des comp\u00e9tences techniques et relationnelles :<br><br>\u25ba Une attention particuli\u00e8re \u00e0 l\u2019autre : patient et entourage,<br>\u25ba Une capacit\u00e9 \u00e0 travailler avec l\u2019ensemble des professionnels du champ sanitaire et social.<br>\u25ba Une concentration soutenue sur des amplitudes horaires importantes (8, 10 ou 12 heures),<br>\u25ba Une curiosit\u00e9 pour acqu\u00e9rir des connaissances tout au long de sa vie professionnelle.<\/td><\/tr><\/tbody><\/table><\/figure>\n\n\n\n<hr class=\"wp-block-separator has-css-opacity\"\/>\n\n\n<div class=\"wp-block-image\">\n<figure class=\"aligncenter size-full\"><a href=\"https:\/\/tous-des-as.fr\/\" target=\"_blank\" rel=\"noreferrer noopener\"><img fetchpriority=\"high\" decoding=\"async\" width=\"432\" height=\"178\" src=\"https:\/\/www.ifsi-clermont60.fr\/site\/wp-content\/uploads\/2024\/02\/image-10.png\" alt=\"\" class=\"wp-image-4445\" srcset=\"https:\/\/www.ifsi-clermont60.fr\/site\/wp-content\/uploads\/2024\/02\/image-10.png 432w, https:\/\/www.ifsi-clermont60.fr\/site\/wp-content\/uploads\/2024\/02\/image-10-300x124.png 300w\" sizes=\"(max-width: 432px) 100vw, 432px\" \/><\/a><figcaption class=\"wp-element-caption\">Trouvez plus d&rsquo;infos en cliquant sur l&rsquo;image<\/figcaption><\/figure>\n<\/div>\n\n<div class=\"wp-block-image\">\n<figure data-wp-context=\"{&quot;imageId&quot;:&quot;69fdc6068e7db&quot;}\" data-wp-interactive=\"core\/image\" data-wp-key=\"69fdc6068e7db\" class=\"aligncenter size-full is-resized wp-lightbox-container\"><img decoding=\"async\" width=\"521\" height=\"570\" data-wp-class--hide=\"state.isContentHidden\" data-wp-class--show=\"state.isContentVisible\" data-wp-init=\"callbacks.setButtonStyles\" data-wp-on--click=\"actions.showLightbox\" data-wp-on--load=\"callbacks.setButtonStyles\" data-wp-on-window--resize=\"callbacks.setButtonStyles\" src=\"https:\/\/www.ifsi-clermont60.fr\/site\/wp-content\/uploads\/2022\/02\/Capture-4.jpg\" alt=\"\" class=\"wp-image-2104\" style=\"width:360px;height:auto\" srcset=\"https:\/\/www.ifsi-clermont60.fr\/site\/wp-content\/uploads\/2022\/02\/Capture-4.jpg 521w, https:\/\/www.ifsi-clermont60.fr\/site\/wp-content\/uploads\/2022\/02\/Capture-4-274x300.jpg 274w\" sizes=\"(max-width: 521px) 100vw, 521px\" \/><button\n\t\t\tclass=\"lightbox-trigger\"\n\t\t\ttype=\"button\"\n\t\t\taria-haspopup=\"dialog\"\n\t\t\taria-label=\"Agrandir\"\n\t\t\tdata-wp-init=\"callbacks.initTriggerButton\"\n\t\t\tdata-wp-on--click=\"actions.showLightbox\"\n\t\t\tdata-wp-style--right=\"state.imageButtonRight\"\n\t\t\tdata-wp-style--top=\"state.imageButtonTop\"\n\t\t>\n\t\t\t<svg xmlns=\"http:\/\/www.w3.org\/2000\/svg\" width=\"12\" height=\"12\" fill=\"none\" viewBox=\"0 0 12 12\">\n\t\t\t\t<path fill=\"#fff\" d=\"M2 0a2 2 0 0 0-2 2v2h1.5V2a.5.5 0 0 1 .5-.5h2V0H2Zm2 10.5H2a.5.5 0 0 1-.5-.5V8H0v2a2 2 0 0 0 2 2h2v-1.5ZM8 12v-1.5h2a.5.5 0 0 0 .5-.5V8H12v2a2 2 0 0 1-2 2H8Zm2-12a2 2 0 0 1 2 2v2h-1.5V2a.5.5 0 0 0-.5-.5H8V0h2Z\" \/>\n\t\t\t<\/svg>\n\t\t<\/button><\/figure>\n<\/div>","protected":false},"excerpt":{"rendered":"<p>1\u00a0UN EXERCICE PROFESSIONNEL REGLEMENT\u00c9 ET DIVERSIFI\u00c92\u00a0PORTRAITS D\u2019AIDE-SOIGNANTS ET DE LEURS PARCOURS3\u00a0LES DOMAINES D&rsquo;ACTIVIT\u00c9S DE L&rsquo;AIDE-SOIGNANT DEPUIS 20214\u00a0UN M\u00c9TIER EN \u00c9VOLUTION Consulter le r\u00e9pertoire national des certifications professionnelles AS (RNCP n\u00b035830)&hellip;<\/p>\n","protected":false},"author":2,"featured_media":0,"parent":0,"menu_order":0,"comment_status":"closed","ping_status":"closed","template":"","meta":{"footnotes":""},"class_list":["post-2100","page","type-page","status-publish","hentry"],"jetpack_sharing_enabled":true,"_links":{"self":[{"href":"https:\/\/www.ifsi-clermont60.fr\/site\/index.php\/wp-json\/wp\/v2\/pages\/2100","targetHints":{"allow":["GET"]}}],"collection":[{"href":"https:\/\/www.ifsi-clermont60.fr\/site\/index.php\/wp-json\/wp\/v2\/pages"}],"about":[{"href":"https:\/\/www.ifsi-clermont60.fr\/site\/index.php\/wp-json\/wp\/v2\/types\/page"}],"author":[{"embeddable":true,"href":"https:\/\/www.ifsi-clermont60.fr\/site\/index.php\/wp-json\/wp\/v2\/users\/2"}],"replies":[{"embeddable":true,"href":"https:\/\/www.ifsi-clermont60.fr\/site\/index.php\/wp-json\/wp\/v2\/comments?post=2100"}],"version-history":[{"count":14,"href":"https:\/\/www.ifsi-clermont60.fr\/site\/index.php\/wp-json\/wp\/v2\/pages\/2100\/revisions"}],"predecessor-version":[{"id":5457,"href":"https:\/\/www.ifsi-clermont60.fr\/site\/index.php\/wp-json\/wp\/v2\/pages\/2100\/revisions\/5457"}],"wp:attachment":[{"href":"https:\/\/www.ifsi-clermont60.fr\/site\/index.php\/wp-json\/wp\/v2\/media?parent=2100"}],"curies":[{"name":"wp","href":"https:\/\/api.w.org\/{rel}","templated":true}]}}