{"id":2061,"date":"2022-02-11T15:38:05","date_gmt":"2022-02-11T14:38:05","guid":{"rendered":"https:\/\/www.ifsi-clermont60.fr\/site\/?page_id=2061"},"modified":"2025-10-31T13:33:14","modified_gmt":"2025-10-31T12:33:14","slug":"partenaires-des-ifsi","status":"publish","type":"page","link":"https:\/\/www.ifsi-clermont60.fr\/site\/index.php\/partenaires-des-ifsi\/","title":{"rendered":"Partenaires des Instituts"},"content":{"rendered":"\n<h1 class=\"wp-block-heading has-text-align-center has-black-color has-text-color\" id=\"les-partenaires-des-ifsi\" style=\"font-size:26px\"><strong>Les partenaires des instituts<\/strong><\/h1>\n\n\n<div class=\"wp-block-image is-resized\">\n<figure class=\"aligncenter\"><img decoding=\"async\" src=\"https:\/\/media.istockphoto.com\/photos\/partnership-of-business-concept-group-of-businessperson-customer-picture-id1204743098?k=20&amp;m=1204743098&amp;s=612x612&amp;w=0&amp;h=dIMozj_tkJdX035zs1FVKN4bslgNGU54dDAMJ3wB3JI=\" alt=\"partenariat de concept d\u2019entreprise. groupe d\u2019homme d\u2019affaires. soutien \u00e0 la client\u00e8le. travail d'\u00e9quipe. - partenaire photos et images de collection\" style=\"width:255px;height:auto\"\/><\/figure>\n<\/div>\n\n\n<figure class=\"wp-block-table\"><table><tbody><tr><td class=\"has-text-align-center\" data-align=\"center\"><strong>UNIVERSITE<\/strong><\/td><td class=\"has-text-align-center\" data-align=\"center\"><strong>PROFESSIONNELS<\/strong><\/td><\/tr><tr><td class=\"has-text-align-center\" data-align=\"center\">L&rsquo;universit\u00e9 par l&rsquo;interm\u00e9diaire de sa composante m\u00e9decine ou sant\u00e9<\/td><td class=\"has-text-align-center\" data-align=\"center\">Les \u00e9tablissements m\u00e9dico-sociaux et de sant\u00e9 , les professionnels lib\u00e9raux et l&rsquo;ensemble des soignants accueillant les \u00e9tudiants et \u00e9l\u00e8ves en stage<\/td><\/tr><\/tbody><\/table><\/figure>\n\n\n\n<figure class=\"wp-block-table is-style-stripes\"><table><thead><tr><th class=\"has-text-align-center\" data-align=\"center\">\u25bc <strong>Des conventions formalisent les partenariats entre l&rsquo;institut et<\/strong> \u25bc<\/th><\/tr><\/thead><tbody><tr><td class=\"has-text-align-center\" data-align=\"center\">Le Conseil R\u00e9gional<\/td><\/tr><tr><td class=\"has-text-align-center\" data-align=\"center\">L&rsquo;Universit\u00e9<\/td><\/tr><tr><td class=\"has-text-align-center\" data-align=\"center\">Le Groupement de Coop\u00e9ration Sanitaire (GCS)<\/td><\/tr><tr><td class=\"has-text-align-center\" data-align=\"center\">Les structures d&rsquo;accueil des \u00e9tudiants\/\u00e9l\u00e8ves en stage<\/td><\/tr><tr><td class=\"has-text-align-center\" data-align=\"center\">Etc.<\/td><\/tr><\/tbody><\/table><\/figure>\n","protected":false},"excerpt":{"rendered":"<p>Les partenaires des instituts UNIVERSITE PROFESSIONNELS L&rsquo;universit\u00e9 par l&rsquo;interm\u00e9diaire de sa composante m\u00e9decine ou sant\u00e9 Les \u00e9tablissements m\u00e9dico-sociaux et de sant\u00e9 , les professionnels lib\u00e9raux et l&rsquo;ensemble des soignants accueillant&hellip;<\/p>\n","protected":false},"author":2,"featured_media":0,"parent":0,"menu_order":0,"comment_status":"closed","ping_status":"closed","template":"","meta":{"footnotes":""},"class_list":["post-2061","page","type-page","status-publish","hentry"],"jetpack_sharing_enabled":true,"_links":{"self":[{"href":"https:\/\/www.ifsi-clermont60.fr\/site\/index.php\/wp-json\/wp\/v2\/pages\/2061","targetHints":{"allow":["GET"]}}],"collection":[{"href":"https:\/\/www.ifsi-clermont60.fr\/site\/index.php\/wp-json\/wp\/v2\/pages"}],"about":[{"href":"https:\/\/www.ifsi-clermont60.fr\/site\/index.php\/wp-json\/wp\/v2\/types\/page"}],"author":[{"embeddable":true,"href":"https:\/\/www.ifsi-clermont60.fr\/site\/index.php\/wp-json\/wp\/v2\/users\/2"}],"replies":[{"embeddable":true,"href":"https:\/\/www.ifsi-clermont60.fr\/site\/index.php\/wp-json\/wp\/v2\/comments?post=2061"}],"version-history":[{"count":6,"href":"https:\/\/www.ifsi-clermont60.fr\/site\/index.php\/wp-json\/wp\/v2\/pages\/2061\/revisions"}],"predecessor-version":[{"id":6111,"href":"https:\/\/www.ifsi-clermont60.fr\/site\/index.php\/wp-json\/wp\/v2\/pages\/2061\/revisions\/6111"}],"wp:attachment":[{"href":"https:\/\/www.ifsi-clermont60.fr\/site\/index.php\/wp-json\/wp\/v2\/media?parent=2061"}],"curies":[{"name":"wp","href":"https:\/\/api.w.org\/{rel}","templated":true}]}}