{"id":159,"date":"2017-08-28T09:57:38","date_gmt":"2017-08-28T07:57:38","guid":{"rendered":"http:\/\/ifsiclervf.cluster020.hosting.ovh.net\/site\/?page_id=159"},"modified":"2024-02-28T11:52:52","modified_gmt":"2024-02-28T10:52:52","slug":"recherche-innovation-et-developpement-du-numerique-pedagogique","status":"publish","type":"page","link":"https:\/\/www.ifsi-clermont60.fr\/site\/index.php\/recherche-innovation-et-developpement-du-numerique-pedagogique\/","title":{"rendered":"D\u00e9veloppement du num\u00e9rique p\u00e9dagogique \u00ab\u00a0TICE\u00a0\u00bb"},"content":{"rendered":"\n<p>Nous appuyant sur les comp\u00e9tences de notre Digital Learning Manager de l\u2019institut charg\u00e9 du d\u00e9veloppement num\u00e9rique, nous sommes en plein d\u00e9veloppement de l\u2019utilisation des TICE au service de vos apprentissages .<\/p>\n\n\n\n<p><strong><em>Qu\u2019est-ce que les TICE ?<\/em><\/strong><\/p>\n\n\n\n<p>Elles recouvrent les outils et produits num\u00e9riques pouvant \u00eatre utilis\u00e9s dans le cadre de l\u2019\u00e9ducation et de l\u2019enseignement.<\/p>\n\n\n<div class=\"wp-block-image\">\n<figure class=\"aligncenter size-large\"><img fetchpriority=\"high\" decoding=\"async\" width=\"1024\" height=\"566\" src=\"https:\/\/www.ifsi-clermont60.fr\/site\/wp-content\/uploads\/2024\/02\/image-4-1024x566.png\" alt=\"\" class=\"wp-image-4383\" srcset=\"https:\/\/www.ifsi-clermont60.fr\/site\/wp-content\/uploads\/2024\/02\/image-4-1024x566.png 1024w, https:\/\/www.ifsi-clermont60.fr\/site\/wp-content\/uploads\/2024\/02\/image-4-300x166.png 300w, https:\/\/www.ifsi-clermont60.fr\/site\/wp-content\/uploads\/2024\/02\/image-4-768x424.png 768w, https:\/\/www.ifsi-clermont60.fr\/site\/wp-content\/uploads\/2024\/02\/image-4.png 1140w\" sizes=\"(max-width: 1024px) 100vw, 1024px\" \/><figcaption class=\"wp-element-caption\">(TICE = Technologie de l\u2019Information et de la Communication pour l\u2019Enseignement).<\/figcaption><\/figure>\n<\/div>\n\n\n<p>Il s\u2019agit de mettre en avant les technologies modernes pour les inclure dans la formation. On peut aussi parler de l\u2019utilisation en contexte p\u00e9dagogique des outils num\u00e9riques au service des strat\u00e9gies d\u2019apprentissage\u2026<\/p>\n\n\n\n<p>Ces technologies imposent maintenant de nouvelles pratiques p\u00e9dagogiques, mais elles doivent toujours \u00eatre pens\u00e9es comme outils au service d\u2019un projet p\u00e9dagogique, d\u2019une s\u00e9quence de cours et surtout ne pas s\u2019y substituer. C\u2019est pourquoi, \u00e0 l&rsquo;institut de Clermont de l\u2019Oise, notre entr\u00e9e est toujours la comp\u00e9tence attendue chez l\u2019apprenant, dans un second temps uniquement nous int\u00e9grons les TICE seulement si elles apportent une plus-value \u00e0 l\u2019enseignement.<\/p>\n\n\n\n<figure class=\"wp-block-table is-style-stripes\"><table class=\"has-fixed-layout\"><tbody><tr><td class=\"has-text-align-center\" data-align=\"center\"><strong>Une Plate-forme d\u2019apprentissage<\/strong><br>en ligne qui regroupe les cours, informations et formulaires utiles \u00e0 destination des ESI\/EAS, ainsi que des activit\u00e9s interactives permettant aux ESI\/EAS de s\u2019organiser, de respecter leurs rythmes de travail et de leur offrir une autonomie dans les apprentissages.<\/td><td class=\"has-text-align-center\" data-align=\"center\"><strong>Une plate-forme p\u00e9dagogique<\/strong> \u00ab\u00a0<strong>Mykomunote\u00a0\u00bb<\/strong>,<br>qui permet \u00e0 chaque ESI\/EAS de suivre son planning de cours et les \u00e9l\u00e9ments de son dossier<\/td><\/tr><tr><td class=\"has-text-align-center\" data-align=\"center\"><strong>Le WiFi <\/strong>dans tous les b\u00e2timents de l\u2019institut de formation<\/td><td class=\"has-text-align-center\" data-align=\"center\"><strong>Des logiciels bureautiques <\/strong>qui pr\u00e9parent les ESI\/EAS \u00e0 leur futur exercice professionnel.<\/td><\/tr><tr><td class=\"has-text-align-center\" data-align=\"center\"><strong>Une salle informatique <\/strong>\u00e0 disposition des \u00e9tudiants.<\/td><td class=\"has-text-align-center\" data-align=\"center\"><strong>Un compte Instagram <\/strong>qui permet de suivre l&rsquo;actualit\u00e9 du Centre de Ressources P\u00e9dagogiques (CRP) de l&rsquo;institut<\/td><\/tr><\/tbody><\/table><figcaption class=\"wp-element-caption\">Quelques exemples d\u2019outils et de supports dont dispose l\u2019institut de Clermont de l\u2019Oise <\/figcaption><\/figure>\n\n\n\n<p>Nous autorisons \u00e9galement l\u2019usage responsable des r\u00e9seaux et des services num\u00e9riques, \u00e0 destination d\u2019une veille professionnelle par exemple.<\/p>\n\n\n\n<p>Le panorama des TICE est donc tr\u00e8s \u00e9tendu et \u00e9volue chaque jour : nouvelles applications, nouveaux supports\u2026 nous sommes en permanence en veille sur ces nouvelles opportunit\u00e9s pour votre apprentissage.<\/p>\n\n\n\n<p><strong>Ainsi Nous allons progressivement d\u00e9velopper nos propres outils p\u00e9dagogiques en ligne<\/strong><\/p>\n\n\n\n<div class=\"wp-block-columns is-layout-flex wp-container-core-columns-is-layout-9d6595d7 wp-block-columns-is-layout-flex\">\n<div class=\"wp-block-column is-layout-flow wp-block-column-is-layout-flow\"><div class=\"wp-block-image\">\n<figure class=\"aligncenter size-full\"><a href=\"https:\/\/chi-clermont.epsilon-informatique.net\/MyKomunote\/\" target=\"_blank\" rel=\"noreferrer noopener\"><img decoding=\"async\" width=\"256\" height=\"38\" src=\"https:\/\/www.ifsi-clermont60.fr\/site\/wp-content\/uploads\/2024\/02\/image-2.png\" alt=\"\" class=\"wp-image-4374\"\/><\/a><\/figure>\n<\/div><\/div>\n\n\n\n<div class=\"wp-block-column is-layout-flow wp-block-column-is-layout-flow\">\n<ul class=\"wp-block-social-links aligncenter has-visible-labels has-icon-color has-icon-background-color is-style-pill-shape is-content-justification-center is-layout-flex wp-container-core-social-links-is-layout-16018d1d wp-block-social-links-is-layout-flex\"><li style=\"color:#ffffff;background-color:#9b51e0;\" class=\"wp-social-link wp-social-link-instagram has-white-color has-vivid-purple-background-color wp-block-social-link\"><a href=\"https:\/\/www.instagram.com\/ifsiclermont60\/\" class=\"wp-block-social-link-anchor\"><svg width=\"24\" height=\"24\" viewBox=\"0 0 24 24\" version=\"1.1\" xmlns=\"http:\/\/www.w3.org\/2000\/svg\" aria-hidden=\"true\" focusable=\"false\"><path d=\"M12,4.622c2.403,0,2.688,0.009,3.637,0.052c0.877,0.04,1.354,0.187,1.671,0.31c0.42,0.163,0.72,0.358,1.035,0.673 c0.315,0.315,0.51,0.615,0.673,1.035c0.123,0.317,0.27,0.794,0.31,1.671c0.043,0.949,0.052,1.234,0.052,3.637 s-0.009,2.688-0.052,3.637c-0.04,0.877-0.187,1.354-0.31,1.671c-0.163,0.42-0.358,0.72-0.673,1.035 c-0.315,0.315-0.615,0.51-1.035,0.673c-0.317,0.123-0.794,0.27-1.671,0.31c-0.949,0.043-1.233,0.052-3.637,0.052 s-2.688-0.009-3.637-0.052c-0.877-0.04-1.354-0.187-1.671-0.31c-0.42-0.163-0.72-0.358-1.035-0.673 c-0.315-0.315-0.51-0.615-0.673-1.035c-0.123-0.317-0.27-0.794-0.31-1.671C4.631,14.688,4.622,14.403,4.622,12 s0.009-2.688,0.052-3.637c0.04-0.877,0.187-1.354,0.31-1.671c0.163-0.42,0.358-0.72,0.673-1.035 c0.315-0.315,0.615-0.51,1.035-0.673c0.317-0.123,0.794-0.27,1.671-0.31C9.312,4.631,9.597,4.622,12,4.622 M12,3 C9.556,3,9.249,3.01,8.289,3.054C7.331,3.098,6.677,3.25,6.105,3.472C5.513,3.702,5.011,4.01,4.511,4.511 c-0.5,0.5-0.808,1.002-1.038,1.594C3.25,6.677,3.098,7.331,3.054,8.289C3.01,9.249,3,9.556,3,12c0,2.444,0.01,2.751,0.054,3.711 c0.044,0.958,0.196,1.612,0.418,2.185c0.23,0.592,0.538,1.094,1.038,1.594c0.5,0.5,1.002,0.808,1.594,1.038 c0.572,0.222,1.227,0.375,2.185,0.418C9.249,20.99,9.556,21,12,21s2.751-0.01,3.711-0.054c0.958-0.044,1.612-0.196,2.185-0.418 c0.592-0.23,1.094-0.538,1.594-1.038c0.5-0.5,0.808-1.002,1.038-1.594c0.222-0.572,0.375-1.227,0.418-2.185 C20.99,14.751,21,14.444,21,12s-0.01-2.751-0.054-3.711c-0.044-0.958-0.196-1.612-0.418-2.185c-0.23-0.592-0.538-1.094-1.038-1.594 c-0.5-0.5-1.002-0.808-1.594-1.038c-0.572-0.222-1.227-0.375-2.185-0.418C14.751,3.01,14.444,3,12,3L12,3z M12,7.378 c-2.552,0-4.622,2.069-4.622,4.622S9.448,16.622,12,16.622s4.622-2.069,4.622-4.622S14.552,7.378,12,7.378z M12,15 c-1.657,0-3-1.343-3-3s1.343-3,3-3s3,1.343,3,3S13.657,15,12,15z M16.804,6.116c-0.596,0-1.08,0.484-1.08,1.08 s0.484,1.08,1.08,1.08c0.596,0,1.08-0.484,1.08-1.08S17.401,6.116,16.804,6.116z\"><\/path><\/svg><span class=\"wp-block-social-link-label\">CRP de l&#039;institut<\/span><\/a><\/li><\/ul>\n<\/div>\n<\/div>\n","protected":false},"excerpt":{"rendered":"<p>Nous appuyant sur les comp\u00e9tences de notre Digital Learning Manager de l\u2019institut charg\u00e9 du d\u00e9veloppement num\u00e9rique, nous sommes en plein d\u00e9veloppement de l\u2019utilisation des TICE au service de vos apprentissages&hellip;<\/p>\n","protected":false},"author":1,"featured_media":0,"parent":0,"menu_order":0,"comment_status":"closed","ping_status":"closed","template":"","meta":{"footnotes":""},"class_list":["post-159","page","type-page","status-publish","hentry"],"jetpack_sharing_enabled":true,"_links":{"self":[{"href":"https:\/\/www.ifsi-clermont60.fr\/site\/index.php\/wp-json\/wp\/v2\/pages\/159","targetHints":{"allow":["GET"]}}],"collection":[{"href":"https:\/\/www.ifsi-clermont60.fr\/site\/index.php\/wp-json\/wp\/v2\/pages"}],"about":[{"href":"https:\/\/www.ifsi-clermont60.fr\/site\/index.php\/wp-json\/wp\/v2\/types\/page"}],"author":[{"embeddable":true,"href":"https:\/\/www.ifsi-clermont60.fr\/site\/index.php\/wp-json\/wp\/v2\/users\/1"}],"replies":[{"embeddable":true,"href":"https:\/\/www.ifsi-clermont60.fr\/site\/index.php\/wp-json\/wp\/v2\/comments?post=159"}],"version-history":[{"count":28,"href":"https:\/\/www.ifsi-clermont60.fr\/site\/index.php\/wp-json\/wp\/v2\/pages\/159\/revisions"}],"predecessor-version":[{"id":4521,"href":"https:\/\/www.ifsi-clermont60.fr\/site\/index.php\/wp-json\/wp\/v2\/pages\/159\/revisions\/4521"}],"wp:attachment":[{"href":"https:\/\/www.ifsi-clermont60.fr\/site\/index.php\/wp-json\/wp\/v2\/media?parent=159"}],"curies":[{"name":"wp","href":"https:\/\/api.w.org\/{rel}","templated":true}]}}

Développement du numérique pédagogique « TICE »

<p>Nous appuyant sur les compétences de notre Digital Learning Manager de l’institut chargé du développement numérique, nous sommes en plein développement de l’utilisation des TICE au service de vos apprentissages .</p>



<p><strong><em>Qu’est-ce que les TICE ?</em></strong></p>



<p>Elles recouvrent les outils et produits numériques pouvant être utilisés dans le cadre de l’éducation et de l’enseignement.</p>


<div class="wp-block-image">
<figure class="aligncenter size-large"><img fetchpriority="high" decoding="async" width="1024" height="566" src="https://www.ifsi-clermont60.fr/site/wp-content/uploads/2024/02/image-4-1024x566.png" alt="" class="wp-image-4383" srcset="https://www.ifsi-clermont60.fr/site/wp-content/uploads/2024/02/image-4-1024x566.png 1024w, https://www.ifsi-clermont60.fr/site/wp-content/uploads/2024/02/image-4-300x166.png 300w, https://www.ifsi-clermont60.fr/site/wp-content/uploads/2024/02/image-4-768x424.png 768w, https://www.ifsi-clermont60.fr/site/wp-content/uploads/2024/02/image-4.png 1140w" sizes="(max-width: 1024px) 100vw, 1024px" /><figcaption class="wp-element-caption">(TICE = Technologie de l’Information et de la Communication pour l’Enseignement).</figcaption></figure>
</div>


<p>Il s’agit de mettre en avant les technologies modernes pour les inclure dans la formation. On peut aussi parler de l’utilisation en contexte pédagogique des outils numériques au service des stratégies d’apprentissage…</p>



<p>Ces technologies imposent maintenant de nouvelles pratiques pédagogiques, mais elles doivent toujours être pensées comme outils au service d’un projet pédagogique, d’une séquence de cours et surtout ne pas s’y substituer. C’est pourquoi, à l&rsquo;institut de Clermont de l’Oise, notre entrée est toujours la compétence attendue chez l’apprenant, dans un second temps uniquement nous intégrons les TICE seulement si elles apportent une plus-value à l’enseignement.</p>



<figure class="wp-block-table is-style-stripes"><table class="has-fixed-layout"><tbody><tr><td class="has-text-align-center" data-align="center"><strong>Une Plate-forme d’apprentissage</strong><br>en ligne qui regroupe les cours, informations et formulaires utiles à destination des ESI/EAS, ainsi que des activités interactives permettant aux ESI/EAS de s’organiser, de respecter leurs rythmes de travail et de leur offrir une autonomie dans les apprentissages.</td><td class="has-text-align-center" data-align="center"><strong>Une plate-forme pédagogique</strong> « <strong>Mykomunote »</strong>,<br>qui permet à chaque ESI/EAS de suivre son planning de cours et les éléments de son dossier</td></tr><tr><td class="has-text-align-center" data-align="center"><strong>Le WiFi </strong>dans tous les bâtiments de l’institut de formation</td><td class="has-text-align-center" data-align="center"><strong>Des logiciels bureautiques </strong>qui préparent les ESI/EAS à leur futur exercice professionnel.</td></tr><tr><td class="has-text-align-center" data-align="center"><strong>Une salle informatique </strong>à disposition des étudiants.</td><td class="has-text-align-center" data-align="center"><strong>Un compte Instagram </strong>qui permet de suivre l&rsquo;actualité du Centre de Ressources Pédagogiques (CRP) de l&rsquo;institut</td></tr></tbody></table><figcaption class="wp-element-caption">Quelques exemples d’outils et de supports dont dispose l’institut de Clermont de l’Oise </figcaption></figure>



<p>Nous autorisons également l’usage responsable des réseaux et des services numériques, à destination d’une veille professionnelle par exemple.</p>



<p>Le panorama des TICE est donc très étendu et évolue chaque jour : nouvelles applications, nouveaux supports… nous sommes en permanence en veille sur ces nouvelles opportunités pour votre apprentissage.</p>



<p><strong>Ainsi Nous allons progressivement développer nos propres outils pédagogiques en ligne</strong></p>



<div class="wp-block-columns is-layout-flex wp-container-core-columns-is-layout-9d6595d7 wp-block-columns-is-layout-flex">
<div class="wp-block-column is-layout-flow wp-block-column-is-layout-flow"><div class="wp-block-image">
<figure class="aligncenter size-full"><a href="https://chi-clermont.epsilon-informatique.net/MyKomunote/" target="_blank" rel="noreferrer noopener"><img decoding="async" width="256" height="38" src="https://www.ifsi-clermont60.fr/site/wp-content/uploads/2024/02/image-2.png" alt="" class="wp-image-4374"/></a></figure>
</div></div>



<div class="wp-block-column is-layout-flow wp-block-column-is-layout-flow">
<ul class="wp-block-social-links aligncenter has-visible-labels has-icon-color has-icon-background-color is-style-pill-shape is-content-justification-center is-layout-flex wp-container-core-social-links-is-layout-16018d1d wp-block-social-links-is-layout-flex"><li style="color:#ffffff;background-color:#9b51e0;" class="wp-social-link wp-social-link-instagram has-white-color has-vivid-purple-background-color wp-block-social-link"><a href="https://www.instagram.com/ifsiclermont60/" class="wp-block-social-link-anchor"><svg width="24" height="24" viewBox="0 0 24 24" version="1.1" xmlns="http://www.w3.org/2000/svg" aria-hidden="true" focusable="false"><path d="M12,4.622c2.403,0,2.688,0.009,3.637,0.052c0.877,0.04,1.354,0.187,1.671,0.31c0.42,0.163,0.72,0.358,1.035,0.673 c0.315,0.315,0.51,0.615,0.673,1.035c0.123,0.317,0.27,0.794,0.31,1.671c0.043,0.949,0.052,1.234,0.052,3.637 s-0.009,2.688-0.052,3.637c-0.04,0.877-0.187,1.354-0.31,1.671c-0.163,0.42-0.358,0.72-0.673,1.035 c-0.315,0.315-0.615,0.51-1.035,0.673c-0.317,0.123-0.794,0.27-1.671,0.31c-0.949,0.043-1.233,0.052-3.637,0.052 s-2.688-0.009-3.637-0.052c-0.877-0.04-1.354-0.187-1.671-0.31c-0.42-0.163-0.72-0.358-1.035-0.673 c-0.315-0.315-0.51-0.615-0.673-1.035c-0.123-0.317-0.27-0.794-0.31-1.671C4.631,14.688,4.622,14.403,4.622,12 s0.009-2.688,0.052-3.637c0.04-0.877,0.187-1.354,0.31-1.671c0.163-0.42,0.358-0.72,0.673-1.035 c0.315-0.315,0.615-0.51,1.035-0.673c0.317-0.123,0.794-0.27,1.671-0.31C9.312,4.631,9.597,4.622,12,4.622 M12,3 C9.556,3,9.249,3.01,8.289,3.054C7.331,3.098,6.677,3.25,6.105,3.472C5.513,3.702,5.011,4.01,4.511,4.511 c-0.5,0.5-0.808,1.002-1.038,1.594C3.25,6.677,3.098,7.331,3.054,8.289C3.01,9.249,3,9.556,3,12c0,2.444,0.01,2.751,0.054,3.711 c0.044,0.958,0.196,1.612,0.418,2.185c0.23,0.592,0.538,1.094,1.038,1.594c0.5,0.5,1.002,0.808,1.594,1.038 c0.572,0.222,1.227,0.375,2.185,0.418C9.249,20.99,9.556,21,12,21s2.751-0.01,3.711-0.054c0.958-0.044,1.612-0.196,2.185-0.418 c0.592-0.23,1.094-0.538,1.594-1.038c0.5-0.5,0.808-1.002,1.038-1.594c0.222-0.572,0.375-1.227,0.418-2.185 C20.99,14.751,21,14.444,21,12s-0.01-2.751-0.054-3.711c-0.044-0.958-0.196-1.612-0.418-2.185c-0.23-0.592-0.538-1.094-1.038-1.594 c-0.5-0.5-1.002-0.808-1.594-1.038c-0.572-0.222-1.227-0.375-2.185-0.418C14.751,3.01,14.444,3,12,3L12,3z M12,7.378 c-2.552,0-4.622,2.069-4.622,4.622S9.448,16.622,12,16.622s4.622-2.069,4.622-4.622S14.552,7.378,12,7.378z M12,15 c-1.657,0-3-1.343-3-3s1.343-3,3-3s3,1.343,3,3S13.657,15,12,15z M16.804,6.116c-0.596,0-1.08,0.484-1.08,1.08 s0.484,1.08,1.08,1.08c0.596,0,1.08-0.484,1.08-1.08S17.401,6.116,16.804,6.116z"></path></svg><span class="wp-block-social-link-label">CRP de l&#039;institut</span></a></li></ul>
</div>
</div>

<p>Nous appuyant sur les compétences de notre Digital Learning Manager de l’institut chargé du développement numérique, nous sommes en plein développement de l’utilisation des TICE au service de vos apprentissages&hellip;</p>
