{"id":129,"date":"2017-08-23T15:01:00","date_gmt":"2017-08-23T13:01:00","guid":{"rendered":"http:\/\/ifsiclervf.cluster020.hosting.ovh.net\/site\/?page_id=129"},"modified":"2026-01-13T14:00:56","modified_gmt":"2026-01-13T13:00:56","slug":"mieux-nous-connaitre","status":"publish","type":"page","link":"https:\/\/www.ifsi-clermont60.fr\/site\/index.php\/mieux-nous-connaitre\/","title":{"rendered":"Mieux nous connaitre"},"content":{"rendered":"\n<blockquote class=\"wp-block-quote is-layout-flow wp-block-quote-is-layout-flow\">\n<p>\u00ab\u00a0\u00catre form\u00e9s par vos pairs infirmiers, une force pour vos apprentissages professionnels\u00a0\u00bb.<\/p>\n<\/blockquote>\n\n\n\n<div class=\"wp-block-group\"><div class=\"wp-block-group__inner-container is-layout-flow wp-block-group-is-layout-flow\">\n<div class=\"wp-block-group\"><div class=\"wp-block-group__inner-container is-layout-flow wp-block-group-is-layout-flow\">\n<p class=\"has-drop-cap\">Tous les formateurs sont des professionnels infirmiers avec des formations qualifiantes et aux comp\u00e9tences vari\u00e9es gr\u00e2ce \u00e0 leur(s)  : <\/p>\n<\/div><\/div>\n\n\n\n<ul class=\"wp-block-list\">\n<li>Exp\u00e9rience professionnelle IDE en sant\u00e9 mentale, en m\u00e9decine, en chirurgie, en lieux de vie, en g\u00e9riatrie, etc.<\/li>\n\n\n\n<li>Formations compl\u00e9mentaires (attestation universitaire de formateur en simulation, dipl\u00f4mes universitaires (DU), et\/ou Master) <\/li>\n<\/ul>\n\n\n\n<blockquote class=\"wp-block-quote is-layout-flow wp-block-quote-is-layout-flow\">\n<p class=\"has-text-align-center\">15 formateurs \/20 sont form\u00e9s \u00e0 la simulation en sant\u00e9<\/p>\n\n\n\n<p class=\"has-text-align-center\">1 infirmi\u00e8re clinicienne \/ 1 infirmi\u00e8re anesth\u00e9siste IADE \/ 1 infirmi\u00e8re en formation PRAP \/ 1 infirmi\u00e8re stomath\u00e9rapeute \/ 4 Formateurs aux Gestes Soins d&rsquo;Urgence (FGSU) et Premiers Secours en Sant\u00e9 Mentale (PSSM)<\/p>\n\n\n\n<p>2 Formateurs en Renforcement raisonnement clinique \/ chemin clinique et transmission en psychiatrie<\/p>\n\n\n\n<p>6 personnes de l&rsquo;\u00e9quipe p\u00e9dagogique sont form\u00e9es gr\u00e2ce \u00e0 un MOOC pour les troubles Dys et 2 pour le MOOC Psychologie pour les enseignants<\/p>\n<\/blockquote>\n<\/div><\/div>\n\n\n\n<div class=\"wp-block-columns is-layout-flex wp-container-core-columns-is-layout-9d6595d7 wp-block-columns-is-layout-flex\">\n<div class=\"wp-block-column is-layout-flow wp-block-column-is-layout-flow\">\n<figure class=\"wp-block-table is-style-stripes\"><table class=\"has-fixed-layout\"><tbody><tr><td class=\"has-text-align-center\" data-align=\"center\"><strong>DU de l&rsquo;\u00e9quipe p\u00e9dagogique<\/strong><br><br>1 Hygi\u00e8ne<br> 1 \u00c9thique et sant\u00e9 <br> 1 Plaies et cicatrisation<br>1 Anthropologie clinique et culturelle                                     <br>1 Concevoir la Formation digitale<br>1 Alliance th\u00e9rapeutique \/ \u00e9ducation th\u00e9rapeutique<br>1 Recherche en sciences infirmi\u00e8res et param\u00e9dicale                       <br>1 G\u00e9rontologie sociale<br>1 Th\u00e9rapie non m\u00e9dicamenteuse <br>1 Soins palliatifs<br>1 Sant\u00e9 int\u00e9grative et pratiques psychocorporelles<br> 1 Troubles du langage et apprentissage<br>1 Techniques de neurophysiologie clinique et sensorielle<br>1 Soins d&rsquo;urgence<br>1 Simulation en sant\u00e9<\/td><\/tr><\/tbody><\/table><\/figure>\n<\/div>\n\n\n\n<div class=\"wp-block-column is-layout-flow wp-block-column-is-layout-flow\">\n<figure class=\"wp-block-table is-style-stripes\"><table class=\"has-fixed-layout\"><tbody><tr><td class=\"has-text-align-center\" data-align=\"center\"><strong>Master <\/strong>1<br><br>     1 sant\u00e9 publique parcours \u00e9ducation th\u00e9rapeutique et \u00e9ducation en sant\u00e9<br>1 sciences humaines<br><br><br><strong>Master 2<\/strong><br><br>1 Gestion des organisations sanitaires et sociales<br> 1 \u00ab Former \u00e0 l\u2019intervention au tutorat et \u00e0 l\u2019accompagnement professionnel \u00bb <br>1 intervention sanitaire et sociale<br>2 ing\u00e9nierie de la p\u00e9dagogie formation adulte<br>1 ing\u00e9nierie de la e formation<br>1 organisation et conduite de changement<\/td><\/tr><\/tbody><\/table><\/figure>\n<\/div>\n<\/div>\n\n\n\n<div class=\"wp-block-buttons alignwide is-content-justification-center is-layout-flex wp-container-core-buttons-is-layout-16018d1d wp-block-buttons-is-layout-flex\">\n<div class=\"wp-block-button\"><a class=\"wp-block-button__link wp-element-button\" href=\"https:\/\/www.ifsi-clermont60.fr\/site\/wp-content\/uploads\/2026\/01\/Plaquette-Institut-de-formation-A4-V9.pdf\" style=\"border-top-left-radius:0px;border-top-right-radius:0px;border-bottom-left-radius:0px;border-bottom-right-radius:0px\" target=\"_blank\" rel=\"noreferrer noopener\">Plaquette IFSI IFAS<\/a><\/div>\n\n\n\n<div class=\"wp-block-button\"><a class=\"wp-block-button__link wp-element-button\" href=\"https:\/\/www.ifsi-clermont60.fr\/site\/wp-content\/uploads\/2026\/01\/Plaquette-Apprentissage-A4-V3.pdf\" style=\"border-top-left-radius:0px;border-top-right-radius:0px;border-bottom-left-radius:0px;border-bottom-right-radius:0px\" target=\"_blank\" rel=\"noreferrer noopener\">Plaquette apprentissage<\/a><\/div>\n<\/div>\n","protected":false},"excerpt":{"rendered":"<p>\u00ab\u00a0\u00catre form\u00e9s par vos pairs infirmiers, une force pour vos apprentissages professionnels\u00a0\u00bb. Tous les formateurs sont des professionnels infirmiers avec des formations qualifiantes et aux comp\u00e9tences vari\u00e9es gr\u00e2ce \u00e0 leur(s)&hellip;<\/p>\n","protected":false},"author":1,"featured_media":0,"parent":0,"menu_order":0,"comment_status":"closed","ping_status":"closed","template":"","meta":{"footnotes":""},"class_list":["post-129","page","type-page","status-publish","hentry"],"jetpack_sharing_enabled":true,"_links":{"self":[{"href":"https:\/\/www.ifsi-clermont60.fr\/site\/index.php\/wp-json\/wp\/v2\/pages\/129","targetHints":{"allow":["GET"]}}],"collection":[{"href":"https:\/\/www.ifsi-clermont60.fr\/site\/index.php\/wp-json\/wp\/v2\/pages"}],"about":[{"href":"https:\/\/www.ifsi-clermont60.fr\/site\/index.php\/wp-json\/wp\/v2\/types\/page"}],"author":[{"embeddable":true,"href":"https:\/\/www.ifsi-clermont60.fr\/site\/index.php\/wp-json\/wp\/v2\/users\/1"}],"replies":[{"embeddable":true,"href":"https:\/\/www.ifsi-clermont60.fr\/site\/index.php\/wp-json\/wp\/v2\/comments?post=129"}],"version-history":[{"count":59,"href":"https:\/\/www.ifsi-clermont60.fr\/site\/index.php\/wp-json\/wp\/v2\/pages\/129\/revisions"}],"predecessor-version":[{"id":6360,"href":"https:\/\/www.ifsi-clermont60.fr\/site\/index.php\/wp-json\/wp\/v2\/pages\/129\/revisions\/6360"}],"wp:attachment":[{"href":"https:\/\/www.ifsi-clermont60.fr\/site\/index.php\/wp-json\/wp\/v2\/media?parent=129"}],"curies":[{"name":"wp","href":"https:\/\/api.w.org\/{rel}","templated":true}]}}

<blockquote class="wp-block-quote is-layout-flow wp-block-quote-is-layout-flow">
<p>« Être formés par vos pairs infirmiers, une force pour vos apprentissages professionnels ».</p>
</blockquote>



<div class="wp-block-group"><div class="wp-block-group__inner-container is-layout-flow wp-block-group-is-layout-flow">
<div class="wp-block-group"><div class="wp-block-group__inner-container is-layout-flow wp-block-group-is-layout-flow">
<p class="has-drop-cap">Tous les formateurs sont des professionnels infirmiers avec des formations qualifiantes et aux compétences variées grâce à leur(s)  : </p>
</div></div>



<ul class="wp-block-list">
<li>Expérience professionnelle IDE en santé mentale, en médecine, en chirurgie, en lieux de vie, en gériatrie, etc.</li>



<li>Formations complémentaires (attestation universitaire de formateur en simulation, diplômes universitaires (DU), et/ou Master) </li>
</ul>



<blockquote class="wp-block-quote is-layout-flow wp-block-quote-is-layout-flow">
<p class="has-text-align-center">15 formateurs /20 sont formés à la simulation en santé</p>



<p class="has-text-align-center">1 infirmière clinicienne / 1 infirmière anesthésiste IADE / 1 infirmière en formation PRAP / 1 infirmière stomathérapeute / 4 Formateurs aux Gestes Soins d&rsquo;Urgence (FGSU) et Premiers Secours en Santé Mentale (PSSM)</p>



<p>2 Formateurs en Renforcement raisonnement clinique / chemin clinique et transmission en psychiatrie</p>



<p>6 personnes de l&rsquo;équipe pédagogique sont formées grâce à un MOOC pour les troubles Dys et 2 pour le MOOC Psychologie pour les enseignants</p>
</blockquote>
</div></div>



<div class="wp-block-columns is-layout-flex wp-container-core-columns-is-layout-9d6595d7 wp-block-columns-is-layout-flex">
<div class="wp-block-column is-layout-flow wp-block-column-is-layout-flow">
<figure class="wp-block-table is-style-stripes"><table class="has-fixed-layout"><tbody><tr><td class="has-text-align-center" data-align="center"><strong>DU de l&rsquo;équipe pédagogique</strong><br><br>1 Hygiène<br> 1 Éthique et santé <br> 1 Plaies et cicatrisation<br>1 Anthropologie clinique et culturelle                                     <br>1 Concevoir la Formation digitale<br>1 Alliance thérapeutique / éducation thérapeutique<br>1 Recherche en sciences infirmières et paramédicale                       <br>1 Gérontologie sociale<br>1 Thérapie non médicamenteuse <br>1 Soins palliatifs<br>1 Santé intégrative et pratiques psychocorporelles<br> 1 Troubles du langage et apprentissage<br>1 Techniques de neurophysiologie clinique et sensorielle<br>1 Soins d&rsquo;urgence<br>1 Simulation en santé</td></tr></tbody></table></figure>
</div>



<div class="wp-block-column is-layout-flow wp-block-column-is-layout-flow">
<figure class="wp-block-table is-style-stripes"><table class="has-fixed-layout"><tbody><tr><td class="has-text-align-center" data-align="center"><strong>Master </strong>1<br><br>     1 santé publique parcours éducation thérapeutique et éducation en santé<br>1 sciences humaines<br><br><br><strong>Master 2</strong><br><br>1 Gestion des organisations sanitaires et sociales<br> 1 « Former à l’intervention au tutorat et à l’accompagnement professionnel » <br>1 intervention sanitaire et sociale<br>2 ingénierie de la pédagogie formation adulte<br>1 ingénierie de la e formation<br>1 organisation et conduite de changement</td></tr></tbody></table></figure>
</div>
</div>



<div class="wp-block-buttons alignwide is-content-justification-center is-layout-flex wp-container-core-buttons-is-layout-16018d1d wp-block-buttons-is-layout-flex">
<div class="wp-block-button"><a class="wp-block-button__link wp-element-button" href="https://www.ifsi-clermont60.fr/site/wp-content/uploads/2026/01/Plaquette-Institut-de-formation-A4-V9.pdf" style="border-top-left-radius:0px;border-top-right-radius:0px;border-bottom-left-radius:0px;border-bottom-right-radius:0px" target="_blank" rel="noreferrer noopener">Plaquette IFSI IFAS</a></div>



<div class="wp-block-button"><a class="wp-block-button__link wp-element-button" href="https://www.ifsi-clermont60.fr/site/wp-content/uploads/2026/01/Plaquette-Apprentissage-A4-V3.pdf" style="border-top-left-radius:0px;border-top-right-radius:0px;border-bottom-left-radius:0px;border-bottom-right-radius:0px" target="_blank" rel="noreferrer noopener">Plaquette apprentissage</a></div>
</div>

<p>« Être formés par vos pairs infirmiers, une force pour vos apprentissages professionnels ». Tous les formateurs sont des professionnels infirmiers avec des formations qualifiantes et aux compétences variées grâce à leur(s)&hellip;</p>
